{"id":1187,"date":"2025-04-18T02:59:02","date_gmt":"2025-04-18T00:59:02","guid":{"rendered":"https:\/\/www.regionalis.shop\/doris-fuchs\/product\/ohrhaenger-pferd-mit-rodochrosit-kugel\/"},"modified":"2025-04-18T02:59:02","modified_gmt":"2025-04-18T00:59:02","slug":"ohrhaenger-pferd-mit-rodochrosit-kugel","status":"publish","type":"product","link":"https:\/\/www.regionalis.shop\/doris-fuchs\/shop\/ohrhaenger-pferd-mit-rodochrosit-kugel\/","title":{"rendered":"Ohrh\u00e4nger Pferd mit Rodochrosit-Kugel"},"content":{"rendered":"<p>Edelstein-Ohrh\u00e4nger mit Rodochrosit-Kugel und Pferde-Symbol.<\/p>\n<p>Mit Edelstahl-Haken, f\u00fcr Allergiker geeignet.<\/p>\n<p>L\u00e4nge Anh\u00e4nger 25mm, Gr\u00f6\u00dfe Pferd 25mm<\/p>\n","protected":false},"excerpt":{"rendered":"<p>Edelstein-Ohrh\u00e4nger mit Rodochrosit-Kugel und Pferde-Symbol. Mit Edelstahl-Haken, f\u00fcr Allergiker geeignet. L\u00e4nge Anh\u00e4nger 25mm, Gr\u00f6\u00dfe Pferd 25mm<\/p>\n","protected":false},"featured_media":1188,"template":"","meta":{"_acf_changed":false},"product_brand":[],"product_cat":[163,70],"product_tag":[],"class_list":{"0":"post-1187","1":"product","2":"type-product","3":"status-publish","4":"has-post-thumbnail","6":"product_cat-ohrringe","7":"product_cat-schmuck","9":"first","10":"instock","11":"purchasable","12":"product-type-simple"},"acf":[],"_links":{"self":[{"href":"https:\/\/www.regionalis.shop\/doris-fuchs\/wp-json\/wp\/v2\/product\/1187","targetHints":{"allow":["GET"]}}],"collection":[{"href":"https:\/\/www.regionalis.shop\/doris-fuchs\/wp-json\/wp\/v2\/product"}],"about":[{"href":"https:\/\/www.regionalis.shop\/doris-fuchs\/wp-json\/wp\/v2\/types\/product"}],"wp:featuredmedia":[{"embeddable":true,"href":"https:\/\/www.regionalis.shop\/doris-fuchs\/wp-json\/wp\/v2\/media\/1188"}],"wp:attachment":[{"href":"https:\/\/www.regionalis.shop\/doris-fuchs\/wp-json\/wp\/v2\/media?parent=1187"}],"wp:term":[{"taxonomy":"product_brand","embeddable":true,"href":"https:\/\/www.regionalis.shop\/doris-fuchs\/wp-json\/wp\/v2\/product_brand?post=1187"},{"taxonomy":"product_cat","embeddable":true,"href":"https:\/\/www.regionalis.shop\/doris-fuchs\/wp-json\/wp\/v2\/product_cat?post=1187"},{"taxonomy":"product_tag","embeddable":true,"href":"https:\/\/www.regionalis.shop\/doris-fuchs\/wp-json\/wp\/v2\/product_tag?post=1187"}],"curies":[{"name":"wp","href":"https:\/\/api.w.org\/{rel}","templated":true}]}}