{"id":1282,"date":"2025-04-18T02:33:31","date_gmt":"2025-04-18T00:33:31","guid":{"rendered":"https:\/\/www.regionalis.shop\/doris-fuchs\/product\/glaswuerfelkette-irisierend\/"},"modified":"2025-04-18T02:33:31","modified_gmt":"2025-04-18T00:33:31","slug":"glaswuerfelkette-irisierend","status":"publish","type":"product","link":"https:\/\/www.regionalis.shop\/doris-fuchs\/shop\/glaswuerfelkette-irisierend\/","title":{"rendered":"Glasw\u00fcrfelkette irisierend"},"content":{"rendered":"<p>Glasw\u00fcrfelkette <\/p>\n<p>Diese elegante Halskette wurde aus schimmernden, irisirenden Glasw\u00fcrfeln (Kantenl\u00e4nge etwa 8mm) und Stra\u00dfrondellen gef\u00e4delt und hat einen goldfarbenen Magnetverschluss. L\u00e4nge 48cm.<\/p>\n","protected":false},"excerpt":{"rendered":"<p>Glasw\u00fcrfelkette Diese elegante Halskette wurde aus schimmernden, irisirenden Glasw\u00fcrfeln (Kantenl\u00e4nge etwa 8mm) und Stra\u00dfrondellen gef\u00e4delt und hat einen goldfarbenen Magnetverschluss. L\u00e4nge 48cm.<\/p>\n","protected":false},"featured_media":1283,"template":"","meta":{"_acf_changed":false},"product_brand":[],"product_cat":[141,70],"product_tag":[],"class_list":{"0":"post-1282","1":"product","2":"type-product","3":"status-publish","4":"has-post-thumbnail","6":"product_cat-halsketten","7":"product_cat-schmuck","9":"first","10":"instock","11":"purchasable","12":"product-type-simple"},"acf":[],"_links":{"self":[{"href":"https:\/\/www.regionalis.shop\/doris-fuchs\/wp-json\/wp\/v2\/product\/1282","targetHints":{"allow":["GET"]}}],"collection":[{"href":"https:\/\/www.regionalis.shop\/doris-fuchs\/wp-json\/wp\/v2\/product"}],"about":[{"href":"https:\/\/www.regionalis.shop\/doris-fuchs\/wp-json\/wp\/v2\/types\/product"}],"wp:featuredmedia":[{"embeddable":true,"href":"https:\/\/www.regionalis.shop\/doris-fuchs\/wp-json\/wp\/v2\/media\/1283"}],"wp:attachment":[{"href":"https:\/\/www.regionalis.shop\/doris-fuchs\/wp-json\/wp\/v2\/media?parent=1282"}],"wp:term":[{"taxonomy":"product_brand","embeddable":true,"href":"https:\/\/www.regionalis.shop\/doris-fuchs\/wp-json\/wp\/v2\/product_brand?post=1282"},{"taxonomy":"product_cat","embeddable":true,"href":"https:\/\/www.regionalis.shop\/doris-fuchs\/wp-json\/wp\/v2\/product_cat?post=1282"},{"taxonomy":"product_tag","embeddable":true,"href":"https:\/\/www.regionalis.shop\/doris-fuchs\/wp-json\/wp\/v2\/product_tag?post=1282"}],"curies":[{"name":"wp","href":"https:\/\/api.w.org\/{rel}","templated":true}]}}