{"id":1421,"date":"2025-04-18T02:29:04","date_gmt":"2025-04-18T00:29:04","guid":{"rendered":"https:\/\/www.regionalis.shop\/doris-fuchs\/product\/kugelschreiber-mit-glasperlen-schneeflocke\/"},"modified":"2025-04-18T02:29:04","modified_gmt":"2025-04-18T00:29:04","slug":"kugelschreiber-mit-glasperlen-schneeflocke","status":"publish","type":"product","link":"https:\/\/www.regionalis.shop\/doris-fuchs\/shop\/kugelschreiber-mit-glasperlen-schneeflocke\/","title":{"rendered":"Kugelschreiber mit Glasperlen &#8222;Schneeflocke&#8220;"},"content":{"rendered":"<p>Dieser h\u00f6chst stilvolle Kugelschreiber wurde mit insgesamt 1170 hochwertigen Delica Glasperlen ummantelt. Jede dieser Glasperlen wurde doppelt mit der Hand gen\u00e4ht.<\/p>\n<p>Der Kugelschreiber wird in einer ansprechenden Geschenkschachtel und mit zwei Ersatzminen (je eine in schwarz und blau) ausgeliefert. Die Originalmine ist durch einen Pfropfen gesch\u00fctzt und erst nach dem Abreiben einsatzbereit.<\/p>\n<p>Er ist mit einer leichtg\u00e4ngigen Drehmechanik ausgestattet, liegt sehr gut in der Hand und schafft h\u00f6chsten Schreibkomfort. Ein edles St\u00fcck, um die pers\u00f6nliche Handschrift wieder zu leben, weit weg von Tastatur und Monitor.<\/p>\n<p>Dieser Kugelschreiber ist ein mit Liebe gefertigtes, hochwertiges Unikat &#8211; ein besonderes Geschenk f\u00fcr einen besonderen Menschen. Wer diesen Kugelschreiber erh\u00e4lt, wird begeistert sein. Dieses Schreibger\u00e4t wird bewundernde Blicke auf sich ziehen.<\/p>\n","protected":false},"excerpt":{"rendered":"<p>Dieser h\u00f6chst stilvolle Kugelschreiber wurde mit insgesamt 1170 hochwertigen Delica Glasperlen ummantelt. Jede dieser Glasperlen wurde doppelt mit der Hand gen\u00e4ht. Der Kugelschreiber wird in einer ansprechenden Geschenkschachtel und mit zwei Ersatzminen (je eine in schwarz und blau) ausgeliefert. Die Originalmine ist durch einen Pfropfen gesch\u00fctzt und erst nach dem Abreiben einsatzbereit. Er ist mit &hellip; <a href=\"https:\/\/www.regionalis.shop\/doris-fuchs\/shop\/kugelschreiber-mit-glasperlen-schneeflocke\/\">Continued<\/a><\/p>\n","protected":false},"featured_media":1422,"template":"","meta":{"_acf_changed":false},"product_brand":[],"product_cat":[62,72],"product_tag":[],"class_list":{"0":"post-1421","1":"product","2":"type-product","3":"status-publish","4":"has-post-thumbnail","6":"product_cat-papeterie-schreibwaren","7":"product_cat-schreibwaren","9":"first","10":"instock","11":"purchasable","12":"product-type-simple"},"acf":[],"_links":{"self":[{"href":"https:\/\/www.regionalis.shop\/doris-fuchs\/wp-json\/wp\/v2\/product\/1421","targetHints":{"allow":["GET"]}}],"collection":[{"href":"https:\/\/www.regionalis.shop\/doris-fuchs\/wp-json\/wp\/v2\/product"}],"about":[{"href":"https:\/\/www.regionalis.shop\/doris-fuchs\/wp-json\/wp\/v2\/types\/product"}],"wp:featuredmedia":[{"embeddable":true,"href":"https:\/\/www.regionalis.shop\/doris-fuchs\/wp-json\/wp\/v2\/media\/1422"}],"wp:attachment":[{"href":"https:\/\/www.regionalis.shop\/doris-fuchs\/wp-json\/wp\/v2\/media?parent=1421"}],"wp:term":[{"taxonomy":"product_brand","embeddable":true,"href":"https:\/\/www.regionalis.shop\/doris-fuchs\/wp-json\/wp\/v2\/product_brand?post=1421"},{"taxonomy":"product_cat","embeddable":true,"href":"https:\/\/www.regionalis.shop\/doris-fuchs\/wp-json\/wp\/v2\/product_cat?post=1421"},{"taxonomy":"product_tag","embeddable":true,"href":"https:\/\/www.regionalis.shop\/doris-fuchs\/wp-json\/wp\/v2\/product_tag?post=1421"}],"curies":[{"name":"wp","href":"https:\/\/api.w.org\/{rel}","templated":true}]}}