{"id":1086,"date":"2025-04-18T08:42:34","date_gmt":"2025-04-18T06:42:34","guid":{"rendered":"https:\/\/www.regionalis.shop\/draupnyr\/product\/premium-raeucherwerk-advanced-edition-i-neunerlei-welten-i-sommersonnwend-edition\/"},"modified":"2025-04-18T08:42:34","modified_gmt":"2025-04-18T06:42:34","slug":"premium-raeucherwerk-advanced-edition-i-neunerlei-welten-i-sommersonnwend-edition","status":"publish","type":"product","link":"https:\/\/www.regionalis.shop\/draupnyr\/shop\/premium-raeucherwerk-advanced-edition-i-neunerlei-welten-i-sommersonnwend-edition\/","title":{"rendered":"Premium R\u00e4ucherwerk Advanced Edition I Neunerlei Welten I Sommersonnwend Edition"},"content":{"rendered":"<p>Erg\u00e4nzend zu unserer klassischen Premium-R\u00e4uchermischung &#8222;Neun Welten&#8220; bieten wir die limitierte Sommersonnenwende-Edition an. Um die Kraft unserer ausgleichenden und reinigenden Kr\u00e4utermischung zu verst\u00e4rken, wurde diese Edition zur Sommersonnenwende am 21. Juni 2021 in \u00d6sterreich hergestellt und aufgeladen.<\/p>\n<p>Empfohlen f\u00fcr besonders starke Wirkungen.<br \/>\nDas Produkt enth\u00e4lt 1 Rolle mit 10 St\u00fcck Holzkohle.<br \/>\nDie Kr\u00e4uter sind von sehr hoher Qualit\u00e4t, nachhaltig produziert und stammen aus Mitteleuropa.<\/p>\n<p>Der Premium Weihrauch &#8222;Neunerlei Welten&#8220; ist ein traditioneller Weihrauch, der eine neutralisierende Wirkung auf Stimmung und Geist hat. Daher wurde er oft verwendet, um schlechte Energien zu vertreiben. Die &#8222;Advanced Edition&#8220; ist f\u00fcr all jene gedacht, die besonders tief gehen wollen und die intensive Erfahrungen suchen. Hier ist die geballte Energie der Kr\u00e4uter verbunden mit astrologischen und kosmologischen Energiefeldern. Maximum Charging.<\/p>\n<p>Die neun Kr\u00e4uter stehen f\u00fcr die neun Welten der germanischen Mythologie. <\/p>\n<p>Reicht f\u00fcr etwa 100 R\u00e4ucherungen bei Verwendung in mittelgro\u00dfen R\u00e4umen. Nach dem R\u00e4uchern gut l\u00fcften.<\/p>\n<p>Zus\u00e4tzlich wurde Fichtenharz &#8211; auch Waldweihrauch genannt &#8211; hinzugef\u00fcgt, um eine erdende Wirkung zu erzielen. Das Produkt enth\u00e4lt 1 Rolle mit 10 St\u00fcck Holzkohle.<\/p>\n<p>Die Kr\u00e4uter sind von sehr hoher Qualit\u00e4t, nachhaltig produziert und stammen aus Mitteleuropa.<\/p>\n<p>Bitte beachten Sie, dass das Produkt nicht f\u00fcr den innerlichen Verzehr bestimmt ist.<\/p>\n","protected":false},"excerpt":{"rendered":"<p>Erg\u00e4nzend zu unserer klassischen Premium-R\u00e4uchermischung &#8222;Neun Welten&#8220; bieten wir die limitierte Sommersonnenwende-Edition an. Um die Kraft unserer ausgleichenden und reinigenden Kr\u00e4utermischung zu verst\u00e4rken, wurde diese Edition zur Sommersonnenwende am 21. Juni 2021 in \u00d6sterreich hergestellt und aufgeladen. Empfohlen f\u00fcr besonders starke Wirkungen. Das Produkt enth\u00e4lt 1 Rolle mit 10 St\u00fcck Holzkohle. Die Kr\u00e4uter sind von &hellip; <a href=\"https:\/\/www.regionalis.shop\/draupnyr\/shop\/premium-raeucherwerk-advanced-edition-i-neunerlei-welten-i-sommersonnwend-edition\/\">Continued<\/a><\/p>\n","protected":false},"featured_media":1087,"template":"","meta":{"_acf_changed":false},"product_brand":[],"product_cat":[41,64],"product_tag":[],"class_list":{"0":"post-1086","1":"product","2":"type-product","3":"status-publish","4":"has-post-thumbnail","6":"product_cat-freizeit-lifestyle","7":"product_cat-raeucherwerk","9":"first","10":"instock","11":"purchasable","12":"product-type-simple"},"acf":[],"_links":{"self":[{"href":"https:\/\/www.regionalis.shop\/draupnyr\/wp-json\/wp\/v2\/product\/1086","targetHints":{"allow":["GET"]}}],"collection":[{"href":"https:\/\/www.regionalis.shop\/draupnyr\/wp-json\/wp\/v2\/product"}],"about":[{"href":"https:\/\/www.regionalis.shop\/draupnyr\/wp-json\/wp\/v2\/types\/product"}],"wp:featuredmedia":[{"embeddable":true,"href":"https:\/\/www.regionalis.shop\/draupnyr\/wp-json\/wp\/v2\/media\/1087"}],"wp:attachment":[{"href":"https:\/\/www.regionalis.shop\/draupnyr\/wp-json\/wp\/v2\/media?parent=1086"}],"wp:term":[{"taxonomy":"product_brand","embeddable":true,"href":"https:\/\/www.regionalis.shop\/draupnyr\/wp-json\/wp\/v2\/product_brand?post=1086"},{"taxonomy":"product_cat","embeddable":true,"href":"https:\/\/www.regionalis.shop\/draupnyr\/wp-json\/wp\/v2\/product_cat?post=1086"},{"taxonomy":"product_tag","embeddable":true,"href":"https:\/\/www.regionalis.shop\/draupnyr\/wp-json\/wp\/v2\/product_tag?post=1086"}],"curies":[{"name":"wp","href":"https:\/\/api.w.org\/{rel}","templated":true}]}}