{"id":1051,"date":"2025-04-18T09:27:15","date_gmt":"2025-04-18T07:27:15","guid":{"rendered":"https:\/\/www.regionalis.shop\/druck-und-deko\/product\/filz-shopper-fuer-katzen-liebhaber\/"},"modified":"2025-04-18T09:27:15","modified_gmt":"2025-04-18T07:27:15","slug":"filz-shopper-fuer-katzen-liebhaber","status":"publish","type":"product","link":"https:\/\/www.regionalis.shop\/druck-und-deko\/shop\/filz-shopper-fuer-katzen-liebhaber\/","title":{"rendered":"Filz Shopper f\u00fcr Katzen Liebhaber"},"content":{"rendered":"<p>Shopper aus stabilen Filz<br \/>\nHandgen\u00e4ht<br \/>\nMit Flexfolie bedruckt<\/p>\n<p>Als Geschenk f\u00fcr Katzen Liebhaber oder f\u00fcr sich selbst.<\/p>\n<p>Wahlweise mit oder ohne Druckverschluss<\/p>\n","protected":false},"excerpt":{"rendered":"<p>Shopper aus stabilen Filz Handgen\u00e4ht Mit Flexfolie bedruckt Als Geschenk f\u00fcr Katzen Liebhaber oder f\u00fcr sich selbst. Wahlweise mit oder ohne Druckverschluss<\/p>\n","protected":false},"featured_media":1052,"template":"","meta":{"_acf_changed":false},"product_brand":[],"product_cat":[142,95],"product_tag":[],"class_list":{"0":"post-1051","1":"product","2":"type-product","3":"status-publish","4":"has-post-thumbnail","6":"product_cat-handtaschen","7":"product_cat-taschen","9":"first","10":"instock","11":"purchasable","12":"product-type-simple"},"acf":[],"_links":{"self":[{"href":"https:\/\/www.regionalis.shop\/druck-und-deko\/wp-json\/wp\/v2\/product\/1051","targetHints":{"allow":["GET"]}}],"collection":[{"href":"https:\/\/www.regionalis.shop\/druck-und-deko\/wp-json\/wp\/v2\/product"}],"about":[{"href":"https:\/\/www.regionalis.shop\/druck-und-deko\/wp-json\/wp\/v2\/types\/product"}],"wp:featuredmedia":[{"embeddable":true,"href":"https:\/\/www.regionalis.shop\/druck-und-deko\/wp-json\/wp\/v2\/media\/1052"}],"wp:attachment":[{"href":"https:\/\/www.regionalis.shop\/druck-und-deko\/wp-json\/wp\/v2\/media?parent=1051"}],"wp:term":[{"taxonomy":"product_brand","embeddable":true,"href":"https:\/\/www.regionalis.shop\/druck-und-deko\/wp-json\/wp\/v2\/product_brand?post=1051"},{"taxonomy":"product_cat","embeddable":true,"href":"https:\/\/www.regionalis.shop\/druck-und-deko\/wp-json\/wp\/v2\/product_cat?post=1051"},{"taxonomy":"product_tag","embeddable":true,"href":"https:\/\/www.regionalis.shop\/druck-und-deko\/wp-json\/wp\/v2\/product_tag?post=1051"}],"curies":[{"name":"wp","href":"https:\/\/api.w.org\/{rel}","templated":true}]}}