{"id":1042,"date":"2025-10-23T16:14:07","date_gmt":"2025-10-23T14:14:07","guid":{"rendered":"https:\/\/www.regionalis.shop\/einfach-evie\/?page_id=1042"},"modified":"2025-12-08T12:40:41","modified_gmt":"2025-12-08T11:40:41","slug":"impressum","status":"publish","type":"page","link":"https:\/\/www.regionalis.shop\/einfach-evie\/impressum\/","title":{"rendered":"Impressum"},"content":{"rendered":"\n<p>Informationspflicht laut \u00a75 E-Commerce Gesetz, \u00a714 Unternehmensgesetzbuch, \u00a763 Gewerbeordnung und Offenlegungspflicht laut \u00a725 Mediengesetz.<\/p>\n\n\n\n<p>Eva Neustifter<br>Fichtenstra\u00dfe 7<br>4063 H\u00f6rsching<br>\u00d6sterreich<\/p>\n\n\n\n<p><strong>Unternehmensgegenstand:<\/strong>&nbsp;Kleidermacher, eingeschr\u00e4nkt auf die Herstellung von Baby- und Kinderbekleidung<br><strong>GISA:<\/strong>&nbsp;33706672<\/p>\n\n\n\n<p><strong>Tel.:<\/strong>\u00a00670 603 2870<br><strong>E-Mail:<\/strong>\u00a0<a href=\"mailto:einfach.evie@gmail.com\">einfach.evie@gmail.com<\/a><\/p>\n\n\n\n<p><strong>Mitglied bei:<\/strong>&nbsp;Landesinnung O\u00d6 der Mode und Bekleidungstechnik<br><strong>Berufsrecht:<\/strong>&nbsp;Gewerbeordnung: www.ris.bka.gv.at<\/p>\n\n\n\n<p><strong>Aufsichtsbeh\u00f6rde\/Gewerbebeh\u00f6rde:<\/strong>&nbsp;Bezirkshauptmannschaft Linz-Land<br><strong>Verleihungsstaat:<\/strong>&nbsp;\u00d6sterreich<\/p>\n\n\n\n<p>Umsatzsteuerbefreiter Kleinunternehmer gem\u00e4\u00df \u00a76 (1) 27 UStG<\/p>\n\n\n\n<p><\/p>\n","protected":false},"excerpt":{"rendered":"<p>Informationspflicht laut \u00a75 E-Commerce Gesetz, \u00a714 Unternehmensgesetzbuch, \u00a763 Gewerbeordnung und Offenlegungspflicht laut \u00a725 Mediengesetz. Eva NeustifterFichtenstra\u00dfe 74063 H\u00f6rsching\u00d6sterreich Unternehmensgegenstand:&nbsp;Kleidermacher, eingeschr\u00e4nkt auf die Herstellung von Baby- und KinderbekleidungGISA:&nbsp;33706672 Tel.:\u00a00670 603 2870E-Mail:\u00a0einfach.evie@gmail.com Mitglied bei:&nbsp;Landesinnung O\u00d6 der Mode und BekleidungstechnikBerufsrecht:&nbsp;Gewerbeordnung: www.ris.bka.gv.at Aufsichtsbeh\u00f6rde\/Gewerbebeh\u00f6rde:&nbsp;Bezirkshauptmannschaft Linz-LandVerleihungsstaat:&nbsp;\u00d6sterreich Umsatzsteuerbefreiter Kleinunternehmer gem\u00e4\u00df \u00a76 (1) 27 UStG<\/p>\n","protected":false},"author":1,"featured_media":0,"parent":0,"menu_order":0,"comment_status":"closed","ping_status":"closed","template":"","meta":{"_acf_changed":false,"footnotes":""},"class_list":["post-1042","page","type-page","status-publish","hentry"],"acf":[],"_links":{"self":[{"href":"https:\/\/www.regionalis.shop\/einfach-evie\/wp-json\/wp\/v2\/pages\/1042","targetHints":{"allow":["GET"]}}],"collection":[{"href":"https:\/\/www.regionalis.shop\/einfach-evie\/wp-json\/wp\/v2\/pages"}],"about":[{"href":"https:\/\/www.regionalis.shop\/einfach-evie\/wp-json\/wp\/v2\/types\/page"}],"author":[{"embeddable":true,"href":"https:\/\/www.regionalis.shop\/einfach-evie\/wp-json\/wp\/v2\/users\/1"}],"replies":[{"embeddable":true,"href":"https:\/\/www.regionalis.shop\/einfach-evie\/wp-json\/wp\/v2\/comments?post=1042"}],"version-history":[{"count":4,"href":"https:\/\/www.regionalis.shop\/einfach-evie\/wp-json\/wp\/v2\/pages\/1042\/revisions"}],"predecessor-version":[{"id":1120,"href":"https:\/\/www.regionalis.shop\/einfach-evie\/wp-json\/wp\/v2\/pages\/1042\/revisions\/1120"}],"wp:attachment":[{"href":"https:\/\/www.regionalis.shop\/einfach-evie\/wp-json\/wp\/v2\/media?parent=1042"}],"curies":[{"name":"wp","href":"https:\/\/api.w.org\/{rel}","templated":true}]}}