{"id":1090,"date":"2025-04-18T02:04:04","date_gmt":"2025-04-18T00:04:04","guid":{"rendered":"https:\/\/www.regionalis.shop\/elfenstuebchen\/product\/kraeutersackerl\/"},"modified":"2025-04-18T02:04:04","modified_gmt":"2025-04-18T00:04:04","slug":"kraeutersackerl","status":"publish","type":"product","link":"https:\/\/www.regionalis.shop\/elfenstuebchen\/shop\/kraeutersackerl\/","title":{"rendered":"Kr\u00e4utersackerl"},"content":{"rendered":"<p>Gr\u00f6\u00dfe ca: 7 x 13 cm<br \/>\nDiese Stoffsackerl sind mit verschiedenen duftenden Kr\u00e4utern wie Kamille, Minze, Johanniskraut, Lavendel, Sandelholz und Fichtennadeln gef\u00fcllt.<br \/>\nSie eignen sich als Dekoration oder aber auch z. B. in den W\u00e4scheschrank oder Schuhschrank legen und sie haben immer einen guten Duft.<br \/>\nEventuell nach l\u00e4ngerer Zeit ein bi\u00dfchen knuddeln und schon ist der gute Duft wieder intensiv.<\/p>\n","protected":false},"excerpt":{"rendered":"<p>Gr\u00f6\u00dfe ca: 7 x 13 cm Diese Stoffsackerl sind mit verschiedenen duftenden Kr\u00e4utern wie Kamille, Minze, Johanniskraut, Lavendel, Sandelholz und Fichtennadeln gef\u00fcllt. Sie eignen sich als Dekoration oder aber auch z. B. in den W\u00e4scheschrank oder Schuhschrank legen und sie haben immer einen guten Duft. Eventuell nach l\u00e4ngerer Zeit ein bi\u00dfchen knuddeln und schon ist &hellip; <a href=\"https:\/\/www.regionalis.shop\/elfenstuebchen\/shop\/kraeutersackerl\/\">Continued<\/a><\/p>\n","protected":false},"featured_media":1091,"template":"","meta":{"_acf_changed":false},"product_brand":[],"product_cat":[174,103],"product_tag":[],"class_list":{"0":"post-1090","1":"product","2":"type-product","3":"status-publish","4":"has-post-thumbnail","6":"product_cat-wohndekoration","7":"product_cat-wohnen-deko","9":"first","10":"instock","11":"purchasable","12":"product-type-simple"},"acf":[],"_links":{"self":[{"href":"https:\/\/www.regionalis.shop\/elfenstuebchen\/wp-json\/wp\/v2\/product\/1090","targetHints":{"allow":["GET"]}}],"collection":[{"href":"https:\/\/www.regionalis.shop\/elfenstuebchen\/wp-json\/wp\/v2\/product"}],"about":[{"href":"https:\/\/www.regionalis.shop\/elfenstuebchen\/wp-json\/wp\/v2\/types\/product"}],"wp:featuredmedia":[{"embeddable":true,"href":"https:\/\/www.regionalis.shop\/elfenstuebchen\/wp-json\/wp\/v2\/media\/1091"}],"wp:attachment":[{"href":"https:\/\/www.regionalis.shop\/elfenstuebchen\/wp-json\/wp\/v2\/media?parent=1090"}],"wp:term":[{"taxonomy":"product_brand","embeddable":true,"href":"https:\/\/www.regionalis.shop\/elfenstuebchen\/wp-json\/wp\/v2\/product_brand?post=1090"},{"taxonomy":"product_cat","embeddable":true,"href":"https:\/\/www.regionalis.shop\/elfenstuebchen\/wp-json\/wp\/v2\/product_cat?post=1090"},{"taxonomy":"product_tag","embeddable":true,"href":"https:\/\/www.regionalis.shop\/elfenstuebchen\/wp-json\/wp\/v2\/product_tag?post=1090"}],"curies":[{"name":"wp","href":"https:\/\/api.w.org\/{rel}","templated":true}]}}