{"id":1106,"date":"2025-04-18T01:40:10","date_gmt":"2025-04-17T23:40:10","guid":{"rendered":"https:\/\/www.regionalis.shop\/elfenstuebchen\/product\/hirsekompresse\/"},"modified":"2025-04-18T01:40:10","modified_gmt":"2025-04-17T23:40:10","slug":"hirsekompresse","status":"publish","type":"product","link":"https:\/\/www.regionalis.shop\/elfenstuebchen\/shop\/hirsekompresse\/","title":{"rendered":"Hirsekompresse"},"content":{"rendered":"<p>Gr\u00f6\u00dfe: 18 cm x 12 cm<br \/>\nDiese kleine Kompresse ist mit Hirseschalen gef\u00fcllt und kann wie eine W\u00e4rmflasche verwendet werden. Ist nicht so schwer wie Kirschkerne.<br \/>\nIm Backrohr bei 100 \u00b0C ca. 10-15 Min. erw\u00e4rmen und auf die schmerzende Stelle auflegen.<br \/>\nIst auch gleichzeitig ein kleines Kuschelpolsterl f\u00fcr die Kleinen, welches ich mit einem Herz aus Baumwollpl\u00fcsch verfeinert habe.<br \/>\nBezug: 100 % Baumwolle<br \/>\nInlett:  100 % Baumwolle<br \/>\nF\u00fcllung: biol. Hirseschalen<br \/>\nBezug hat einen Hotelverschluss und ist bei 30 \u00b0C waschbar.<\/p>\n","protected":false},"excerpt":{"rendered":"<p>Gr\u00f6\u00dfe: 18 cm x 12 cm Diese kleine Kompresse ist mit Hirseschalen gef\u00fcllt und kann wie eine W\u00e4rmflasche verwendet werden. Ist nicht so schwer wie Kirschkerne. Im Backrohr bei 100 \u00b0C ca. 10-15 Min. erw\u00e4rmen und auf die schmerzende Stelle auflegen. Ist auch gleichzeitig ein kleines Kuschelpolsterl f\u00fcr die Kleinen, welches ich mit einem Herz &hellip; <a href=\"https:\/\/www.regionalis.shop\/elfenstuebchen\/shop\/hirsekompresse\/\">Continued<\/a><\/p>\n","protected":false},"featured_media":1107,"template":"","meta":{"_acf_changed":false},"product_brand":[],"product_cat":[107,38],"product_tag":[],"class_list":{"0":"post-1106","1":"product","2":"type-product","3":"status-publish","4":"has-post-thumbnail","6":"product_cat-accessoires-baby-kinder","7":"product_cat-baby-kinder","9":"first","10":"instock","11":"purchasable","12":"product-type-simple"},"acf":[],"_links":{"self":[{"href":"https:\/\/www.regionalis.shop\/elfenstuebchen\/wp-json\/wp\/v2\/product\/1106","targetHints":{"allow":["GET"]}}],"collection":[{"href":"https:\/\/www.regionalis.shop\/elfenstuebchen\/wp-json\/wp\/v2\/product"}],"about":[{"href":"https:\/\/www.regionalis.shop\/elfenstuebchen\/wp-json\/wp\/v2\/types\/product"}],"wp:featuredmedia":[{"embeddable":true,"href":"https:\/\/www.regionalis.shop\/elfenstuebchen\/wp-json\/wp\/v2\/media\/1107"}],"wp:attachment":[{"href":"https:\/\/www.regionalis.shop\/elfenstuebchen\/wp-json\/wp\/v2\/media?parent=1106"}],"wp:term":[{"taxonomy":"product_brand","embeddable":true,"href":"https:\/\/www.regionalis.shop\/elfenstuebchen\/wp-json\/wp\/v2\/product_brand?post=1106"},{"taxonomy":"product_cat","embeddable":true,"href":"https:\/\/www.regionalis.shop\/elfenstuebchen\/wp-json\/wp\/v2\/product_cat?post=1106"},{"taxonomy":"product_tag","embeddable":true,"href":"https:\/\/www.regionalis.shop\/elfenstuebchen\/wp-json\/wp\/v2\/product_tag?post=1106"}],"curies":[{"name":"wp","href":"https:\/\/api.w.org\/{rel}","templated":true}]}}