{"id":1117,"date":"2025-04-18T01:40:10","date_gmt":"2025-04-17T23:40:10","guid":{"rendered":"https:\/\/www.regionalis.shop\/elfenstuebchen\/product\/waermflaschenbezug-gross\/"},"modified":"2025-04-18T01:40:10","modified_gmt":"2025-04-17T23:40:10","slug":"waermflaschenbezug-gross","status":"publish","type":"product","link":"https:\/\/www.regionalis.shop\/elfenstuebchen\/shop\/waermflaschenbezug-gross\/","title":{"rendered":"W\u00e4rmflaschenbezug gro\u00df"},"content":{"rendered":"<p>Gr\u00f6\u00dfe: 32 cm x 19,5 cm<br \/>\nDieser Bezug soll die W\u00e4rmflasche einzigartig und kuscheliger machen.<br \/>\nEr ist aus 95 % Biobaumwolle und 5 % Elasthan gefertigt. Als Dekoration habe ich noch 1 Herz aus Baumwollpl\u00fcsch aufgen\u00e4ht.<br \/>\nEinfach die W\u00e4rmflasche hineinstecken und schon kann diese bef\u00fcllt werden.<\/p>\n","protected":false},"excerpt":{"rendered":"<p>Gr\u00f6\u00dfe: 32 cm x 19,5 cm Dieser Bezug soll die W\u00e4rmflasche einzigartig und kuscheliger machen. Er ist aus 95 % Biobaumwolle und 5 % Elasthan gefertigt. Als Dekoration habe ich noch 1 Herz aus Baumwollpl\u00fcsch aufgen\u00e4ht. Einfach die W\u00e4rmflasche hineinstecken und schon kann diese bef\u00fcllt werden.<\/p>\n","protected":false},"featured_media":1118,"template":"","meta":{"_acf_changed":false},"product_brand":[],"product_cat":[37,82],"product_tag":[],"class_list":{"0":"post-1117","1":"product","2":"type-product","3":"status-publish","4":"has-post-thumbnail","6":"product_cat-accessoires","7":"product_cat-sonstiges-accessoires","9":"first","10":"instock","11":"purchasable","12":"product-type-simple"},"acf":[],"_links":{"self":[{"href":"https:\/\/www.regionalis.shop\/elfenstuebchen\/wp-json\/wp\/v2\/product\/1117","targetHints":{"allow":["GET"]}}],"collection":[{"href":"https:\/\/www.regionalis.shop\/elfenstuebchen\/wp-json\/wp\/v2\/product"}],"about":[{"href":"https:\/\/www.regionalis.shop\/elfenstuebchen\/wp-json\/wp\/v2\/types\/product"}],"wp:featuredmedia":[{"embeddable":true,"href":"https:\/\/www.regionalis.shop\/elfenstuebchen\/wp-json\/wp\/v2\/media\/1118"}],"wp:attachment":[{"href":"https:\/\/www.regionalis.shop\/elfenstuebchen\/wp-json\/wp\/v2\/media?parent=1117"}],"wp:term":[{"taxonomy":"product_brand","embeddable":true,"href":"https:\/\/www.regionalis.shop\/elfenstuebchen\/wp-json\/wp\/v2\/product_brand?post=1117"},{"taxonomy":"product_cat","embeddable":true,"href":"https:\/\/www.regionalis.shop\/elfenstuebchen\/wp-json\/wp\/v2\/product_cat?post=1117"},{"taxonomy":"product_tag","embeddable":true,"href":"https:\/\/www.regionalis.shop\/elfenstuebchen\/wp-json\/wp\/v2\/product_tag?post=1117"}],"curies":[{"name":"wp","href":"https:\/\/api.w.org\/{rel}","templated":true}]}}