{"id":1124,"date":"2025-04-18T01:40:10","date_gmt":"2025-04-17T23:40:10","guid":{"rendered":"https:\/\/www.regionalis.shop\/elfenstuebchen\/product\/kraeuterkissen\/"},"modified":"2025-04-18T01:40:10","modified_gmt":"2025-04-17T23:40:10","slug":"kraeuterkissen","status":"publish","type":"product","link":"https:\/\/www.regionalis.shop\/elfenstuebchen\/shop\/kraeuterkissen\/","title":{"rendered":"Kr\u00e4uterkissen"},"content":{"rendered":"<p>Gr\u00f6\u00dfe: 30 cm x 22 cm<br \/>\nDieses Kissen ist mit hochwertigen Kr\u00e4utern wie Joahnniskraut, Kamille,<br \/>\nZitronenmelisse, Schafgarbe Thymian, Lavendel und Heublumen gef\u00fcllt, diese k\u00f6nnen beruhigend und krampfl\u00f6send wirken.<br \/>\nDinkelspelz rundet das Ganze noch ab.<br \/>\nIm Backrohr kann es auch bei 100 \u00b0C erw\u00e4rmt und auf schmerzende Stellen aufgelegt werden.<br \/>\nBezug: 100 % Baumwolle<br \/>\nInlett:  100 % Baumwolle<br \/>\nF\u00fcllung: verschiedene Kr\u00e4uter<br \/>\nDer Bezug hat einen Klettverschluss und ist bei 30 \u00b0 C waschbar.<\/p>\n","protected":false},"excerpt":{"rendered":"<p>Gr\u00f6\u00dfe: 30 cm x 22 cm Dieses Kissen ist mit hochwertigen Kr\u00e4utern wie Joahnniskraut, Kamille, Zitronenmelisse, Schafgarbe Thymian, Lavendel und Heublumen gef\u00fcllt, diese k\u00f6nnen beruhigend und krampfl\u00f6send wirken. Dinkelspelz rundet das Ganze noch ab. Im Backrohr kann es auch bei 100 \u00b0C erw\u00e4rmt und auf schmerzende Stellen aufgelegt werden. Bezug: 100 % Baumwolle Inlett: 100 &hellip; <a href=\"https:\/\/www.regionalis.shop\/elfenstuebchen\/shop\/kraeuterkissen\/\">Continued<\/a><\/p>\n","protected":false},"featured_media":1125,"template":"","meta":{"_acf_changed":false},"product_brand":[],"product_cat":[103,104],"product_tag":[],"class_list":{"0":"post-1124","1":"product","2":"type-product","3":"status-publish","4":"has-post-thumbnail","6":"product_cat-wohnen-deko","7":"product_cat-wohntextilien","9":"first","10":"instock","11":"purchasable","12":"product-type-simple"},"acf":[],"_links":{"self":[{"href":"https:\/\/www.regionalis.shop\/elfenstuebchen\/wp-json\/wp\/v2\/product\/1124","targetHints":{"allow":["GET"]}}],"collection":[{"href":"https:\/\/www.regionalis.shop\/elfenstuebchen\/wp-json\/wp\/v2\/product"}],"about":[{"href":"https:\/\/www.regionalis.shop\/elfenstuebchen\/wp-json\/wp\/v2\/types\/product"}],"wp:featuredmedia":[{"embeddable":true,"href":"https:\/\/www.regionalis.shop\/elfenstuebchen\/wp-json\/wp\/v2\/media\/1125"}],"wp:attachment":[{"href":"https:\/\/www.regionalis.shop\/elfenstuebchen\/wp-json\/wp\/v2\/media?parent=1124"}],"wp:term":[{"taxonomy":"product_brand","embeddable":true,"href":"https:\/\/www.regionalis.shop\/elfenstuebchen\/wp-json\/wp\/v2\/product_brand?post=1124"},{"taxonomy":"product_cat","embeddable":true,"href":"https:\/\/www.regionalis.shop\/elfenstuebchen\/wp-json\/wp\/v2\/product_cat?post=1124"},{"taxonomy":"product_tag","embeddable":true,"href":"https:\/\/www.regionalis.shop\/elfenstuebchen\/wp-json\/wp\/v2\/product_tag?post=1124"}],"curies":[{"name":"wp","href":"https:\/\/api.w.org\/{rel}","templated":true}]}}