{"id":1137,"date":"2025-04-18T01:39:10","date_gmt":"2025-04-17T23:39:10","guid":{"rendered":"https:\/\/www.regionalis.shop\/elfenstuebchen\/product\/zirbenkissen-6\/"},"modified":"2025-04-18T01:39:10","modified_gmt":"2025-04-17T23:39:10","slug":"zirbenkissen-6","status":"publish","type":"product","link":"https:\/\/www.regionalis.shop\/elfenstuebchen\/shop\/zirbenkissen-6\/","title":{"rendered":"Zirbenkissen"},"content":{"rendered":"<p>Gr\u00f6\u00dfe: 28 x 34 cm<br \/>\nDieses Kissen ist mit Zirbensp\u00e4nen gef\u00fcllt. Du kannst es als Kopfkissen verwenden oder auch neben dich legen. Zirben wirken sich positiv auf den Organismus aus da sie ja bekanntlich die Herzfrequenz senken.<br \/>\nDer Bezug wurde mit der Blume des Lebens bedruckt, dieses Engergiesymbol steht f\u00fcr K\u00f6rper, Seele und Geist.<br \/>\nKissen leicht aufsch\u00fctteln und \u00f6fters in die Sonne legen.<br \/>\nBezug:  100 % Baumwolle<br \/>\nInlett:    100 % Baumwolle<br \/>\nF\u00fcllung: Zirbensp\u00e4ne<br \/>\nDer Bezug hat einen Hotelverschlu\u00df und ist bei 30 \u00b0C waschbar.<br \/>\nViel Freude mit dem Kissen!<\/p>\n","protected":false},"excerpt":{"rendered":"<p>Gr\u00f6\u00dfe: 28 x 34 cm Dieses Kissen ist mit Zirbensp\u00e4nen gef\u00fcllt. Du kannst es als Kopfkissen verwenden oder auch neben dich legen. Zirben wirken sich positiv auf den Organismus aus da sie ja bekanntlich die Herzfrequenz senken. Der Bezug wurde mit der Blume des Lebens bedruckt, dieses Engergiesymbol steht f\u00fcr K\u00f6rper, Seele und Geist. Kissen &hellip; <a href=\"https:\/\/www.regionalis.shop\/elfenstuebchen\/shop\/zirbenkissen-6\/\">Continued<\/a><\/p>\n","protected":false},"featured_media":1138,"template":"","meta":{"_acf_changed":false},"product_brand":[],"product_cat":[103,104],"product_tag":[],"class_list":{"0":"post-1137","1":"product","2":"type-product","3":"status-publish","4":"has-post-thumbnail","6":"product_cat-wohnen-deko","7":"product_cat-wohntextilien","9":"first","10":"instock","11":"purchasable","12":"product-type-simple"},"acf":[],"_links":{"self":[{"href":"https:\/\/www.regionalis.shop\/elfenstuebchen\/wp-json\/wp\/v2\/product\/1137","targetHints":{"allow":["GET"]}}],"collection":[{"href":"https:\/\/www.regionalis.shop\/elfenstuebchen\/wp-json\/wp\/v2\/product"}],"about":[{"href":"https:\/\/www.regionalis.shop\/elfenstuebchen\/wp-json\/wp\/v2\/types\/product"}],"wp:featuredmedia":[{"embeddable":true,"href":"https:\/\/www.regionalis.shop\/elfenstuebchen\/wp-json\/wp\/v2\/media\/1138"}],"wp:attachment":[{"href":"https:\/\/www.regionalis.shop\/elfenstuebchen\/wp-json\/wp\/v2\/media?parent=1137"}],"wp:term":[{"taxonomy":"product_brand","embeddable":true,"href":"https:\/\/www.regionalis.shop\/elfenstuebchen\/wp-json\/wp\/v2\/product_brand?post=1137"},{"taxonomy":"product_cat","embeddable":true,"href":"https:\/\/www.regionalis.shop\/elfenstuebchen\/wp-json\/wp\/v2\/product_cat?post=1137"},{"taxonomy":"product_tag","embeddable":true,"href":"https:\/\/www.regionalis.shop\/elfenstuebchen\/wp-json\/wp\/v2\/product_tag?post=1137"}],"curies":[{"name":"wp","href":"https:\/\/api.w.org\/{rel}","templated":true}]}}