{"id":1140,"date":"2025-04-18T01:39:10","date_gmt":"2025-04-17T23:39:10","guid":{"rendered":"https:\/\/www.regionalis.shop\/elfenstuebchen\/product\/nackenhoernchen-2\/"},"modified":"2025-04-18T01:39:10","modified_gmt":"2025-04-17T23:39:10","slug":"nackenhoernchen-2","status":"publish","type":"product","link":"https:\/\/www.regionalis.shop\/elfenstuebchen\/shop\/nackenhoernchen-2\/","title":{"rendered":"Nackenh\u00f6rnchen"},"content":{"rendered":"<p>Gr\u00f6\u00dfe: 76 cm x 16 cm<br \/>\nDieses H\u00f6rnchen ist mit biol. Hirseschalen gef\u00fcllt. Durch die Rieself\u00e4hig-keit der Hirseschalen schmiegt es sich weich an und auch erw\u00e4rmt hilft es gut gegen Verspannungen.<br \/>\nIm Backrohr ca. 10 Min. bei 100 \u00b0C erw\u00e4rmen.<br \/>\nBezug: 100 % Baumwolle<br \/>\nInlett:   100 % Baumwolle<br \/>\nDer Bezug hat einen Rei\u00dfverschluss und ist bei 30 \u00b0C waschbar.<br \/>\nViel Freude mit dem H\u00f6rnchen!<\/p>\n","protected":false},"excerpt":{"rendered":"<p>Gr\u00f6\u00dfe: 76 cm x 16 cm Dieses H\u00f6rnchen ist mit biol. Hirseschalen gef\u00fcllt. Durch die Rieself\u00e4hig-keit der Hirseschalen schmiegt es sich weich an und auch erw\u00e4rmt hilft es gut gegen Verspannungen. Im Backrohr ca. 10 Min. bei 100 \u00b0C erw\u00e4rmen. Bezug: 100 % Baumwolle Inlett: 100 % Baumwolle Der Bezug hat einen Rei\u00dfverschluss und ist &hellip; <a href=\"https:\/\/www.regionalis.shop\/elfenstuebchen\/shop\/nackenhoernchen-2\/\">Continued<\/a><\/p>\n","protected":false},"featured_media":1141,"template":"","meta":{"_acf_changed":false},"product_brand":[],"product_cat":[162,83],"product_tag":[],"class_list":{"0":"post-1140","1":"product","2":"type-product","3":"status-publish","4":"has-post-thumbnail","6":"product_cat-null","7":"product_cat-sonstiges","9":"first","10":"instock","11":"purchasable","12":"product-type-simple"},"acf":[],"_links":{"self":[{"href":"https:\/\/www.regionalis.shop\/elfenstuebchen\/wp-json\/wp\/v2\/product\/1140","targetHints":{"allow":["GET"]}}],"collection":[{"href":"https:\/\/www.regionalis.shop\/elfenstuebchen\/wp-json\/wp\/v2\/product"}],"about":[{"href":"https:\/\/www.regionalis.shop\/elfenstuebchen\/wp-json\/wp\/v2\/types\/product"}],"wp:featuredmedia":[{"embeddable":true,"href":"https:\/\/www.regionalis.shop\/elfenstuebchen\/wp-json\/wp\/v2\/media\/1141"}],"wp:attachment":[{"href":"https:\/\/www.regionalis.shop\/elfenstuebchen\/wp-json\/wp\/v2\/media?parent=1140"}],"wp:term":[{"taxonomy":"product_brand","embeddable":true,"href":"https:\/\/www.regionalis.shop\/elfenstuebchen\/wp-json\/wp\/v2\/product_brand?post=1140"},{"taxonomy":"product_cat","embeddable":true,"href":"https:\/\/www.regionalis.shop\/elfenstuebchen\/wp-json\/wp\/v2\/product_cat?post=1140"},{"taxonomy":"product_tag","embeddable":true,"href":"https:\/\/www.regionalis.shop\/elfenstuebchen\/wp-json\/wp\/v2\/product_tag?post=1140"}],"curies":[{"name":"wp","href":"https:\/\/api.w.org\/{rel}","templated":true}]}}