{"id":1142,"date":"2025-04-18T01:39:10","date_gmt":"2025-04-17T23:39:10","guid":{"rendered":"https:\/\/www.regionalis.shop\/elfenstuebchen\/product\/kirschkernigel\/"},"modified":"2025-04-18T01:39:10","modified_gmt":"2025-04-17T23:39:10","slug":"kirschkernigel","status":"publish","type":"product","link":"https:\/\/www.regionalis.shop\/elfenstuebchen\/shop\/kirschkernigel\/","title":{"rendered":"Kirschkernigel"},"content":{"rendered":"<p>Ich bin ein Igel aber auch ein Kirschkernkissen welches erw\u00e4rmt dich bei Bauchschmerzen usw. tr\u00f6sten kann. Kannst auch mit mir spielen.<br \/>\nIm Backrohr ca. 10 Min. bei 100 \u00b0C erw\u00e4rmen und dann noch durchkneten damit sich die W\u00e4rme gleichm\u00e4\u00dfig verteilt.<br \/>\nBezug: 100% Biobaumwolle<br \/>\nInlett:  100 % Baumwolle<br \/>\nF\u00fcllung: Kirschkerne<br \/>\nHabe einen Klettverschluss, damit du mich bei 30 \u00b0C waschen kannst.<br \/>\nViel Freude mit mir!<\/p>\n","protected":false},"excerpt":{"rendered":"<p>Ich bin ein Igel aber auch ein Kirschkernkissen welches erw\u00e4rmt dich bei Bauchschmerzen usw. tr\u00f6sten kann. Kannst auch mit mir spielen. Im Backrohr ca. 10 Min. bei 100 \u00b0C erw\u00e4rmen und dann noch durchkneten damit sich die W\u00e4rme gleichm\u00e4\u00dfig verteilt. Bezug: 100% Biobaumwolle Inlett: 100 % Baumwolle F\u00fcllung: Kirschkerne Habe einen Klettverschluss, damit du mich &hellip; <a href=\"https:\/\/www.regionalis.shop\/elfenstuebchen\/shop\/kirschkernigel\/\">Continued<\/a><\/p>\n","protected":false},"featured_media":1143,"template":"","meta":{"_acf_changed":false},"product_brand":[],"product_cat":[38,50],"product_tag":[],"class_list":{"0":"post-1142","1":"product","2":"type-product","3":"status-publish","4":"has-post-thumbnail","6":"product_cat-baby-kinder","7":"product_cat-kinderzimmer","9":"first","10":"instock","11":"purchasable","12":"product-type-simple"},"acf":[],"_links":{"self":[{"href":"https:\/\/www.regionalis.shop\/elfenstuebchen\/wp-json\/wp\/v2\/product\/1142","targetHints":{"allow":["GET"]}}],"collection":[{"href":"https:\/\/www.regionalis.shop\/elfenstuebchen\/wp-json\/wp\/v2\/product"}],"about":[{"href":"https:\/\/www.regionalis.shop\/elfenstuebchen\/wp-json\/wp\/v2\/types\/product"}],"wp:featuredmedia":[{"embeddable":true,"href":"https:\/\/www.regionalis.shop\/elfenstuebchen\/wp-json\/wp\/v2\/media\/1143"}],"wp:attachment":[{"href":"https:\/\/www.regionalis.shop\/elfenstuebchen\/wp-json\/wp\/v2\/media?parent=1142"}],"wp:term":[{"taxonomy":"product_brand","embeddable":true,"href":"https:\/\/www.regionalis.shop\/elfenstuebchen\/wp-json\/wp\/v2\/product_brand?post=1142"},{"taxonomy":"product_cat","embeddable":true,"href":"https:\/\/www.regionalis.shop\/elfenstuebchen\/wp-json\/wp\/v2\/product_cat?post=1142"},{"taxonomy":"product_tag","embeddable":true,"href":"https:\/\/www.regionalis.shop\/elfenstuebchen\/wp-json\/wp\/v2\/product_tag?post=1142"}],"curies":[{"name":"wp","href":"https:\/\/api.w.org\/{rel}","templated":true}]}}