{"id":1094,"date":"2025-04-28T03:28:22","date_gmt":"2025-04-28T01:28:22","guid":{"rendered":"https:\/\/www.regionalis.shop\/energie-kraft-essenzen\/product\/intuition\/"},"modified":"2025-04-28T03:28:22","modified_gmt":"2025-04-28T01:28:22","slug":"intuition","status":"publish","type":"product","link":"https:\/\/www.regionalis.shop\/energie-kraft-essenzen\/shop\/intuition\/","title":{"rendered":"Intuition"},"content":{"rendered":"<p>Intuition<br \/>\nauf die innere Stimme h\u00f6ren, dem Bauchgef\u00fchl folgen,<br \/>\ndem eigenen Gef\u00fchl trauen, dem Bauchgef\u00fchl folgen<br \/>\n&#8222;Ich vertraue meiner inneren Stimme!&#8220;<br \/>\nDie Essenzen von Lichtnelke,  Mohn und Herzgespann  unterst\u00fctzen dich<br \/>\ndeinem Bauch Gef\u00fchl zu vertrauen.<\/p>\n","protected":false},"excerpt":{"rendered":"<p>Intuition auf die innere Stimme h\u00f6ren, dem Bauchgef\u00fchl folgen, dem eigenen Gef\u00fchl trauen, dem Bauchgef\u00fchl folgen &#8222;Ich vertraue meiner inneren Stimme!&#8220; Die Essenzen von Lichtnelke, Mohn und Herzgespann unterst\u00fctzen dich deinem Bauch Gef\u00fchl zu vertrauen.<\/p>\n","protected":false},"featured_media":1095,"template":"","meta":{"_acf_changed":false},"product_brand":[],"product_cat":[111,41],"product_tag":[],"class_list":{"0":"post-1094","1":"product","2":"type-product","3":"status-publish","4":"has-post-thumbnail","6":"product_cat-aromasprays-duftoele","7":"product_cat-freizeit-lifestyle","9":"first","10":"instock","11":"purchasable","12":"product-type-simple"},"acf":[],"_links":{"self":[{"href":"https:\/\/www.regionalis.shop\/energie-kraft-essenzen\/wp-json\/wp\/v2\/product\/1094","targetHints":{"allow":["GET"]}}],"collection":[{"href":"https:\/\/www.regionalis.shop\/energie-kraft-essenzen\/wp-json\/wp\/v2\/product"}],"about":[{"href":"https:\/\/www.regionalis.shop\/energie-kraft-essenzen\/wp-json\/wp\/v2\/types\/product"}],"wp:featuredmedia":[{"embeddable":true,"href":"https:\/\/www.regionalis.shop\/energie-kraft-essenzen\/wp-json\/wp\/v2\/media\/1095"}],"wp:attachment":[{"href":"https:\/\/www.regionalis.shop\/energie-kraft-essenzen\/wp-json\/wp\/v2\/media?parent=1094"}],"wp:term":[{"taxonomy":"product_brand","embeddable":true,"href":"https:\/\/www.regionalis.shop\/energie-kraft-essenzen\/wp-json\/wp\/v2\/product_brand?post=1094"},{"taxonomy":"product_cat","embeddable":true,"href":"https:\/\/www.regionalis.shop\/energie-kraft-essenzen\/wp-json\/wp\/v2\/product_cat?post=1094"},{"taxonomy":"product_tag","embeddable":true,"href":"https:\/\/www.regionalis.shop\/energie-kraft-essenzen\/wp-json\/wp\/v2\/product_tag?post=1094"}],"curies":[{"name":"wp","href":"https:\/\/api.w.org\/{rel}","templated":true}]}}