{"id":1053,"date":"2025-04-28T03:41:26","date_gmt":"2025-04-28T01:41:26","guid":{"rendered":"https:\/\/www.regionalis.shop\/eternel-naturkosmetik\/product\/gesichtscreme-fuer-normale-haut-30ml\/"},"modified":"2025-04-28T03:41:26","modified_gmt":"2025-04-28T01:41:26","slug":"gesichtscreme-fuer-normale-haut-30ml","status":"publish","type":"product","link":"https:\/\/www.regionalis.shop\/eternel-naturkosmetik\/shop\/gesichtscreme-fuer-normale-haut-30ml\/","title":{"rendered":"Gesichtscreme f\u00fcr normale Haut 30ml"},"content":{"rendered":"<p>Gesichtscreme f\u00fcr normale Haut 30ml<br \/>\nWirkungsvolle, intensive, feuchtigkeitsspendende Gesichtsspflege mit wertvollem Bio-Argan\u00f6l, Bio-Neroli-Hydrolat und Bio-Neroli\u00f6l<br \/>\nDie antioxidative Wirkung unterst\u00fctzt die aktive Regeneration der Haut<br \/>\nSt\u00e4rkt die  Barrierefunktion der Haut ohne sie zu beschweren<br \/>\nAngenehm, leichte Textur mit Pflege-Plus<\/p>\n<p>Morgens und abends nach der Reinigung und dem Verwenden des \u00e9ternel Rosenwassers sanft auf Gesicht, Hals und Dekollet\u00e9 auftragen. Eignet sich durch seine angenehme Textur ideal als Make-up Grundlage.<\/p>\n<p>Ingredients (INCI):<br \/>\nCitrus Aurantium Amara (Bitter Orange) Flower Water*, Prunus Amygdalus Dulcis (Sweet Almond) Oil*, Argania Spinosa (Argan) Kernel Oil*, Cetearyl Wheat Straw Glycosides (and) Cetearyl Alcohol, Parfum**, Butyrospermum Parkii (Shea) Butter*, Theobroma Cacao (Cocoa) Seed Butter*, Glycerin*, Dehydroacetic Acid, Benzyl Alcohol, Helianthus Annuus (Sunflower) Seed Oil*, Xanthan Gum, Aloe Barbarendis (Aloe Vera) Leaf Juice Powder*, Potassium Sorbate, Citric Acid, Geraniol***, Farnesol***, Limonene***, Linalool***, Citronellol***, Eugenol***<\/p>\n<p>*Ingredients from certified organic agriculture<br \/>\n**Natural organic essential oils<br \/>\n***Ingredients of essential oils<\/p>\n","protected":false},"excerpt":{"rendered":"<p>Gesichtscreme f\u00fcr normale Haut 30ml Wirkungsvolle, intensive, feuchtigkeitsspendende Gesichtsspflege mit wertvollem Bio-Argan\u00f6l, Bio-Neroli-Hydrolat und Bio-Neroli\u00f6l Die antioxidative Wirkung unterst\u00fctzt die aktive Regeneration der Haut St\u00e4rkt die Barrierefunktion der Haut ohne sie zu beschweren Angenehm, leichte Textur mit Pflege-Plus Morgens und abends nach der Reinigung und dem Verwenden des \u00e9ternel Rosenwassers sanft auf Gesicht, Hals und &hellip; <a href=\"https:\/\/www.regionalis.shop\/eternel-naturkosmetik\/shop\/gesichtscreme-fuer-normale-haut-30ml\/\">Continued<\/a><\/p>\n","protected":false},"featured_media":1054,"template":"","meta":{"_acf_changed":false},"product_brand":[],"product_cat":[138,52],"product_tag":[],"class_list":{"0":"post-1053","1":"product","2":"type-product","3":"status-publish","4":"has-post-thumbnail","6":"product_cat-gesichtspflege","7":"product_cat-kosmetika","9":"first","10":"instock","11":"purchasable","12":"product-type-simple"},"acf":[],"_links":{"self":[{"href":"https:\/\/www.regionalis.shop\/eternel-naturkosmetik\/wp-json\/wp\/v2\/product\/1053","targetHints":{"allow":["GET"]}}],"collection":[{"href":"https:\/\/www.regionalis.shop\/eternel-naturkosmetik\/wp-json\/wp\/v2\/product"}],"about":[{"href":"https:\/\/www.regionalis.shop\/eternel-naturkosmetik\/wp-json\/wp\/v2\/types\/product"}],"wp:featuredmedia":[{"embeddable":true,"href":"https:\/\/www.regionalis.shop\/eternel-naturkosmetik\/wp-json\/wp\/v2\/media\/1054"}],"wp:attachment":[{"href":"https:\/\/www.regionalis.shop\/eternel-naturkosmetik\/wp-json\/wp\/v2\/media?parent=1053"}],"wp:term":[{"taxonomy":"product_brand","embeddable":true,"href":"https:\/\/www.regionalis.shop\/eternel-naturkosmetik\/wp-json\/wp\/v2\/product_brand?post=1053"},{"taxonomy":"product_cat","embeddable":true,"href":"https:\/\/www.regionalis.shop\/eternel-naturkosmetik\/wp-json\/wp\/v2\/product_cat?post=1053"},{"taxonomy":"product_tag","embeddable":true,"href":"https:\/\/www.regionalis.shop\/eternel-naturkosmetik\/wp-json\/wp\/v2\/product_tag?post=1053"}],"curies":[{"name":"wp","href":"https:\/\/api.w.org\/{rel}","templated":true}]}}