{"id":1055,"date":"2025-04-28T03:41:26","date_gmt":"2025-04-28T01:41:26","guid":{"rendered":"https:\/\/www.regionalis.shop\/eternel-naturkosmetik\/product\/gesichtscreme-fuer-trockene-haut-30ml\/"},"modified":"2025-04-28T03:41:26","modified_gmt":"2025-04-28T01:41:26","slug":"gesichtscreme-fuer-trockene-haut-30ml","status":"publish","type":"product","link":"https:\/\/www.regionalis.shop\/eternel-naturkosmetik\/shop\/gesichtscreme-fuer-trockene-haut-30ml\/","title":{"rendered":"Gesichtscreme f\u00fcr trockene Haut 30ml"},"content":{"rendered":"<p>Gesichtscreme f\u00fcr trockene Haut 30ml<br \/>\n\u2022 Reichhaltige Anti-Aging-Creme mit Bio-Argan\u00f6l, Bio-Kaktusfeigenkern\u00f6l<br \/>\n\u2022 Reich an Antioxidantien und regenerierenden Inhaltsstoffen<br \/>\n\u2022 Wertvolles Bio-Damascena-Rosen\u00f6l wirkt stimulierend und st\u00e4rkend auf die Haut<br \/>\n\u2022 Bio-Rosen-Hydrolat spendet Feuchtigkeit, erfrischt und beruhigt die Haut<br \/>\n\u2022 Besonders ideal f\u00fcr die d\u00fcnne werdende trockene, strapazierte Haut<\/p>\n<p> Morgens und abends nach der Reinigung und dem Verwenden des \u00e9ternel Rosenwassers liebevoll auf Gesicht, Hals und Dekollet\u00e9 auftragen. Ohrl\u00e4ppchen nicht vergessen! Sch\u00fctzt und pflegt jeden Tag, als Make-up Grundlage bestens geeignet.<\/p>\n<p>Ingredients (INCI):<br \/>\nRosa Damascena (Rose) Flower Water*, Argania Spinosa (Argan) Kernel Oil*, Simmondsia Chinensis (Jojoba) Seed Oil*, Prunus Armeniaca (Apricot) Kernel Oil*, Butyrospermum Parkii (Shea) Butter*, Theobroma Cacao (Cocoa) Seed Butter*, Glyceryl Stearate, Glyceryl Stearate Citrate, Cocos Nucifera (Coconut) Oil*, Opuntia Ficus Indica (Prickly Pear) Seed Oil*, Glycerin*, Dehydroacetic Acid, Benzyl Alcohol, Helianthus Annuus (Sunflower) Seed Oil*, Parfum** (essential rosa damascena flower oil), Xanthan Gum, Hippophae Rhamnoides (Seabuckthorn Fruit) Oil*, Panthenol, Tocopherol, Potassium Sorbate, Citric Acid, Aloe Barbarendis (Aloe Vera) Leaf Juice Powder*, Linalool***<\/p>\n<p>*Ingredients from certified organic agriculture<br \/>\n**Natural organic essential oil<br \/>\n***Ingredients of essential oils<\/p>\n","protected":false},"excerpt":{"rendered":"<p>Gesichtscreme f\u00fcr trockene Haut 30ml \u2022 Reichhaltige Anti-Aging-Creme mit Bio-Argan\u00f6l, Bio-Kaktusfeigenkern\u00f6l \u2022 Reich an Antioxidantien und regenerierenden Inhaltsstoffen \u2022 Wertvolles Bio-Damascena-Rosen\u00f6l wirkt stimulierend und st\u00e4rkend auf die Haut \u2022 Bio-Rosen-Hydrolat spendet Feuchtigkeit, erfrischt und beruhigt die Haut \u2022 Besonders ideal f\u00fcr die d\u00fcnne werdende trockene, strapazierte Haut Morgens und abends nach der Reinigung und dem &hellip; <a href=\"https:\/\/www.regionalis.shop\/eternel-naturkosmetik\/shop\/gesichtscreme-fuer-trockene-haut-30ml\/\">Continued<\/a><\/p>\n","protected":false},"featured_media":1056,"template":"","meta":{"_acf_changed":false},"product_brand":[],"product_cat":[122,52],"product_tag":[],"class_list":{"0":"post-1055","1":"product","2":"type-product","3":"status-publish","4":"has-post-thumbnail","6":"product_cat-cremen-salben","7":"product_cat-kosmetika","9":"first","10":"instock","11":"purchasable","12":"product-type-simple"},"acf":[],"_links":{"self":[{"href":"https:\/\/www.regionalis.shop\/eternel-naturkosmetik\/wp-json\/wp\/v2\/product\/1055","targetHints":{"allow":["GET"]}}],"collection":[{"href":"https:\/\/www.regionalis.shop\/eternel-naturkosmetik\/wp-json\/wp\/v2\/product"}],"about":[{"href":"https:\/\/www.regionalis.shop\/eternel-naturkosmetik\/wp-json\/wp\/v2\/types\/product"}],"wp:featuredmedia":[{"embeddable":true,"href":"https:\/\/www.regionalis.shop\/eternel-naturkosmetik\/wp-json\/wp\/v2\/media\/1056"}],"wp:attachment":[{"href":"https:\/\/www.regionalis.shop\/eternel-naturkosmetik\/wp-json\/wp\/v2\/media?parent=1055"}],"wp:term":[{"taxonomy":"product_brand","embeddable":true,"href":"https:\/\/www.regionalis.shop\/eternel-naturkosmetik\/wp-json\/wp\/v2\/product_brand?post=1055"},{"taxonomy":"product_cat","embeddable":true,"href":"https:\/\/www.regionalis.shop\/eternel-naturkosmetik\/wp-json\/wp\/v2\/product_cat?post=1055"},{"taxonomy":"product_tag","embeddable":true,"href":"https:\/\/www.regionalis.shop\/eternel-naturkosmetik\/wp-json\/wp\/v2\/product_tag?post=1055"}],"curies":[{"name":"wp","href":"https:\/\/api.w.org\/{rel}","templated":true}]}}