{"id":1057,"date":"2025-04-28T03:41:26","date_gmt":"2025-04-28T01:41:26","guid":{"rendered":"https:\/\/www.regionalis.shop\/eternel-naturkosmetik\/product\/gesichtselixier-huile-precieuse-10ml\/"},"modified":"2025-04-28T03:41:26","modified_gmt":"2025-04-28T01:41:26","slug":"gesichtselixier-huile-precieuse-10ml","status":"publish","type":"product","link":"https:\/\/www.regionalis.shop\/eternel-naturkosmetik\/shop\/gesichtselixier-huile-precieuse-10ml\/","title":{"rendered":"Gesichtselixier Huile Precieuse 10ml"},"content":{"rendered":"<p>Gesichtselixier \u201cHuile Precieuse\u201d 10ml<br \/>\nEinzigartige und hoch konzentrierte Zusammensetzung aus wervollen und edlen \u00d6len die sich in ihrer Wirkung hervorragend erg\u00e4nzen:<br \/>\nBio-Argan\u00f6l, Bio-Kaktusfeigenkern\u00f6l, Bio-Aprikosenkern\u00f6l und Bio-Traubenkern\u00f6l.<br \/>\nWirkt antioxidativ, regt die Zellerneuerung an und sch\u00fctzt vor sch\u00e4digenden Umwelteinfl\u00fcssen<br \/>\nVerbessert sichtbar die Hautstruktur und beugt Hautalterung vor<br \/>\nOrientalisches Bio-Jasmin\u00f6l sorgt f\u00fcr rosigen Teint und wirkt hautregenerierend.<br \/>\nAls hochwertige Zusatzpflege f\u00fcr trockene und reife Haut.<br \/>\nAls alleinige ausgleichende Pflege f\u00fcr gestresste Haut.<\/p>\n<p>Variante 1- das Elixier als \u201calleinige Pflege\u201d: Nach der Reinigung und dem Verwenden des Rosenwassers 2 Tropfen \u00e9ternel \u201ehuile pr\u00e9cieuse\u201c mit den Fingerspitzen  sanft im Gesicht verteilen.<\/p>\n<p>Variante 2- das Elixier als \u201cZusatz-Pflege\u201d: Als intensive, revitalisierende  Pflege k\u00f6nnen 2 Tropfen des Elixiers auch der \u00e9ternel Gesichtscreme beigef\u00fcgt werden.<\/p>\n<p>Einfach perfekt!!<\/p>\n<p>Ingredients (INCI):<br \/>\nArgania Spinosa (Argan) Kernel Oil*, Simmondsia Chinensis (Jojoba) Seed Oil*, Prunus Armeniaca (Apricot) Kernel Oil*, Vitis Vinifera (Grape) Seed Oil*, Opuntia Ficus Indica (Prickly Pear) Seed Oil*, Hippophae Rhamnoides (Seabuckthorn Fruit) Oil*, Tocopherol, Benzyl Benzoate***, Eugenol***, Benzyl Alcohol***, Geraniol***, Citral***, Limonene***, Linalool***<\/p>\n<p>*Ingredients from certified organic agriculture<br \/>\n**Natural organic essential oils<br \/>\n***Ingredients of essential oils<\/p>\n","protected":false},"excerpt":{"rendered":"<p>Gesichtselixier \u201cHuile Precieuse\u201d 10ml Einzigartige und hoch konzentrierte Zusammensetzung aus wervollen und edlen \u00d6len die sich in ihrer Wirkung hervorragend erg\u00e4nzen: Bio-Argan\u00f6l, Bio-Kaktusfeigenkern\u00f6l, Bio-Aprikosenkern\u00f6l und Bio-Traubenkern\u00f6l. Wirkt antioxidativ, regt die Zellerneuerung an und sch\u00fctzt vor sch\u00e4digenden Umwelteinfl\u00fcssen Verbessert sichtbar die Hautstruktur und beugt Hautalterung vor Orientalisches Bio-Jasmin\u00f6l sorgt f\u00fcr rosigen Teint und wirkt hautregenerierend. Als &hellip; <a href=\"https:\/\/www.regionalis.shop\/eternel-naturkosmetik\/shop\/gesichtselixier-huile-precieuse-10ml\/\">Continued<\/a><\/p>\n","protected":false},"featured_media":1058,"template":"","meta":{"_acf_changed":false},"product_brand":[],"product_cat":[138,52],"product_tag":[],"class_list":{"0":"post-1057","1":"product","2":"type-product","3":"status-publish","4":"has-post-thumbnail","6":"product_cat-gesichtspflege","7":"product_cat-kosmetika","9":"first","10":"instock","11":"purchasable","12":"product-type-simple"},"acf":[],"_links":{"self":[{"href":"https:\/\/www.regionalis.shop\/eternel-naturkosmetik\/wp-json\/wp\/v2\/product\/1057","targetHints":{"allow":["GET"]}}],"collection":[{"href":"https:\/\/www.regionalis.shop\/eternel-naturkosmetik\/wp-json\/wp\/v2\/product"}],"about":[{"href":"https:\/\/www.regionalis.shop\/eternel-naturkosmetik\/wp-json\/wp\/v2\/types\/product"}],"wp:featuredmedia":[{"embeddable":true,"href":"https:\/\/www.regionalis.shop\/eternel-naturkosmetik\/wp-json\/wp\/v2\/media\/1058"}],"wp:attachment":[{"href":"https:\/\/www.regionalis.shop\/eternel-naturkosmetik\/wp-json\/wp\/v2\/media?parent=1057"}],"wp:term":[{"taxonomy":"product_brand","embeddable":true,"href":"https:\/\/www.regionalis.shop\/eternel-naturkosmetik\/wp-json\/wp\/v2\/product_brand?post=1057"},{"taxonomy":"product_cat","embeddable":true,"href":"https:\/\/www.regionalis.shop\/eternel-naturkosmetik\/wp-json\/wp\/v2\/product_cat?post=1057"},{"taxonomy":"product_tag","embeddable":true,"href":"https:\/\/www.regionalis.shop\/eternel-naturkosmetik\/wp-json\/wp\/v2\/product_tag?post=1057"}],"curies":[{"name":"wp","href":"https:\/\/api.w.org\/{rel}","templated":true}]}}