{"id":1068,"date":"2025-04-17T23:19:46","date_gmt":"2025-04-17T21:19:46","guid":{"rendered":"https:\/\/www.regionalis.shop\/eternel-naturkosmetik\/product\/augenserum-rollon-rose-du-desert-10-ml\/"},"modified":"2025-04-17T23:19:46","modified_gmt":"2025-04-17T21:19:46","slug":"augenserum-rollon-rose-du-desert-10-ml","status":"publish","type":"product","link":"https:\/\/www.regionalis.shop\/eternel-naturkosmetik\/shop\/augenserum-rollon-rose-du-desert-10-ml\/","title":{"rendered":"Augenserum Rollon \u201cRose du d\u00e9sert\u201d 10 ml"},"content":{"rendered":"<p>\u00e9ternel \u201eRose du d\u00e9sert\u201c<\/p>\n<p>100% reines Bio-Kaktusfeigenkern\u00f6l mit Anti-Aging-Effekt!<\/p>\n<p>Kaktusfeigenkern\u00f6l ist das teuerste \u00d6l der Welt!! Das seltene \u00d6l wird durch kaltes Pressen von Kaktusfeigenkernen gewonnen (es braucht eine Tonne Kaktusfeigen um einen Liter des exklusiven \u00d6ls zu gewinnen).<br \/>\nDank seines \u2013Gehalts an unges\u00e4ttigte Fetts\u00e4uren (85 %), Linols\u00e4ure und Vitamin E, sorgt dieses \u00d6l f\u00fcr einen frischen, glatteren, ebenm\u00e4\u00dfigen, verfeinerten Teint.<br \/>\nNicht zu verwechseln mit dem \u00f6ligen Kaktusfeigenmazerat, das durch das Einlegen der Kaktusfeige in billiges \u00d6l entsteht, welches sehr viel g\u00fcnstiger und weniger wirkungsvoll ist.<br \/>\nPflege von Pigmentflecken, Narben, Aknepusteln und Dehnungsstreifen (Schwangerschaft).<br \/>\nIntensiv straffendes Augenserum Zur regenerierenden Pflege der Augenpartie, besonders hilfreich bei der Behandlung von Augenringen.<br \/>\nDas Roll-on \u201eRose du d\u00e9sert\u201c wird durch die Metallkugel gezielt auf den gew\u00fcnschten Partien verteilt. Dar\u00fcber hinaus bringt es eine angenehm k\u00fchlende Wirkung.<br \/>\nBio!<\/p>\n<p>Vegan!<\/p>\n<p>Plastikfrei<\/p>\n<p>ohne synthetische Duft-, Zusatz- und Konservierungsstoffe<\/p>\n<p>ohne Erd\u00f6lderivate<\/p>\n<p>ohne Tierversuche<\/p>\n<p>N\u00e4hrende Pflege f\u00fcr reife, trockene &#038; m\u00fcde Haut (besonders Augenpartie)<\/p>\n<p>Anwendung: D\u00fcnn auftragen und sanft verteilen.<\/p>\n<p>Ingredients (INCI): Opuntia ficus-indica (prickly pear) seed oil*<br \/>\n* \u00d6l aus biologischem Anbau.<\/p>\n<p>Vor Licht sch\u00fctzen<\/p>\n","protected":false},"excerpt":{"rendered":"<p>\u00e9ternel \u201eRose du d\u00e9sert\u201c 100% reines Bio-Kaktusfeigenkern\u00f6l mit Anti-Aging-Effekt! Kaktusfeigenkern\u00f6l ist das teuerste \u00d6l der Welt!! Das seltene \u00d6l wird durch kaltes Pressen von Kaktusfeigenkernen gewonnen (es braucht eine Tonne Kaktusfeigen um einen Liter des exklusiven \u00d6ls zu gewinnen). Dank seines \u2013Gehalts an unges\u00e4ttigte Fetts\u00e4uren (85 %), Linols\u00e4ure und Vitamin E, sorgt dieses \u00d6l f\u00fcr &hellip; <a href=\"https:\/\/www.regionalis.shop\/eternel-naturkosmetik\/shop\/augenserum-rollon-rose-du-desert-10-ml\/\">Continued<\/a><\/p>\n","protected":false},"featured_media":1069,"template":"","meta":{"_acf_changed":false},"product_brand":[],"product_cat":[138,52],"product_tag":[],"class_list":{"0":"post-1068","1":"product","2":"type-product","3":"status-publish","4":"has-post-thumbnail","6":"product_cat-gesichtspflege","7":"product_cat-kosmetika","9":"first","10":"instock","11":"purchasable","12":"product-type-simple"},"acf":[],"_links":{"self":[{"href":"https:\/\/www.regionalis.shop\/eternel-naturkosmetik\/wp-json\/wp\/v2\/product\/1068","targetHints":{"allow":["GET"]}}],"collection":[{"href":"https:\/\/www.regionalis.shop\/eternel-naturkosmetik\/wp-json\/wp\/v2\/product"}],"about":[{"href":"https:\/\/www.regionalis.shop\/eternel-naturkosmetik\/wp-json\/wp\/v2\/types\/product"}],"wp:featuredmedia":[{"embeddable":true,"href":"https:\/\/www.regionalis.shop\/eternel-naturkosmetik\/wp-json\/wp\/v2\/media\/1069"}],"wp:attachment":[{"href":"https:\/\/www.regionalis.shop\/eternel-naturkosmetik\/wp-json\/wp\/v2\/media?parent=1068"}],"wp:term":[{"taxonomy":"product_brand","embeddable":true,"href":"https:\/\/www.regionalis.shop\/eternel-naturkosmetik\/wp-json\/wp\/v2\/product_brand?post=1068"},{"taxonomy":"product_cat","embeddable":true,"href":"https:\/\/www.regionalis.shop\/eternel-naturkosmetik\/wp-json\/wp\/v2\/product_cat?post=1068"},{"taxonomy":"product_tag","embeddable":true,"href":"https:\/\/www.regionalis.shop\/eternel-naturkosmetik\/wp-json\/wp\/v2\/product_tag?post=1068"}],"curies":[{"name":"wp","href":"https:\/\/api.w.org\/{rel}","templated":true}]}}