{"id":1055,"date":"2025-04-18T03:04:53","date_gmt":"2025-04-18T01:04:53","guid":{"rendered":"https:\/\/www.regionalis.shop\/faltart\/product\/mobile-weltraum\/"},"modified":"2025-04-18T03:04:53","modified_gmt":"2025-04-18T01:04:53","slug":"mobile-weltraum","status":"publish","type":"product","link":"https:\/\/www.regionalis.shop\/faltart\/shop\/mobile-weltraum\/","title":{"rendered":"Mobile Weltraum"},"content":{"rendered":"<p>Dieses Babymobile setzt sich aus 4 Diamanten und 1 Plisseekugel zusammen. Sie bestehen aus Papier, die Perle aus Holz, die Aufh\u00e4ngung aus Draht, die F\u00e4den aus Baumwollgarn und sind an einem Metallring befestigt. Der Durchmesser des Rings betr\u00e4gt 15 cm. Die Papierteile sind 1mal 5,5&#215;6,5 cm, 3 mal 8&#215;8 cm und 1 mal 10&#215;10 cm. Die Gesamth\u00f6he betr\u00e4gt ca. 70 cm, k\u00fcrzen geht immer (abschneiden und neu verknoten).<\/p>\n","protected":false},"excerpt":{"rendered":"<p>Dieses Babymobile setzt sich aus 4 Diamanten und 1 Plisseekugel zusammen. Sie bestehen aus Papier, die Perle aus Holz, die Aufh\u00e4ngung aus Draht, die F\u00e4den aus Baumwollgarn und sind an einem Metallring befestigt. Der Durchmesser des Rings betr\u00e4gt 15 cm. Die Papierteile sind 1mal 5,5&#215;6,5 cm, 3 mal 8&#215;8 cm und 1 mal 10&#215;10 cm. &hellip; <a href=\"https:\/\/www.regionalis.shop\/faltart\/shop\/mobile-weltraum\/\">Continued<\/a><\/p>\n","protected":false},"featured_media":1056,"template":"","meta":{"_acf_changed":false},"product_brand":[],"product_cat":[38,50],"product_tag":[],"class_list":{"0":"post-1055","1":"product","2":"type-product","3":"status-publish","4":"has-post-thumbnail","6":"product_cat-baby-kinder","7":"product_cat-kinderzimmer","9":"first","10":"instock","11":"purchasable","12":"product-type-simple"},"acf":[],"_links":{"self":[{"href":"https:\/\/www.regionalis.shop\/faltart\/wp-json\/wp\/v2\/product\/1055","targetHints":{"allow":["GET"]}}],"collection":[{"href":"https:\/\/www.regionalis.shop\/faltart\/wp-json\/wp\/v2\/product"}],"about":[{"href":"https:\/\/www.regionalis.shop\/faltart\/wp-json\/wp\/v2\/types\/product"}],"wp:featuredmedia":[{"embeddable":true,"href":"https:\/\/www.regionalis.shop\/faltart\/wp-json\/wp\/v2\/media\/1056"}],"wp:attachment":[{"href":"https:\/\/www.regionalis.shop\/faltart\/wp-json\/wp\/v2\/media?parent=1055"}],"wp:term":[{"taxonomy":"product_brand","embeddable":true,"href":"https:\/\/www.regionalis.shop\/faltart\/wp-json\/wp\/v2\/product_brand?post=1055"},{"taxonomy":"product_cat","embeddable":true,"href":"https:\/\/www.regionalis.shop\/faltart\/wp-json\/wp\/v2\/product_cat?post=1055"},{"taxonomy":"product_tag","embeddable":true,"href":"https:\/\/www.regionalis.shop\/faltart\/wp-json\/wp\/v2\/product_tag?post=1055"}],"curies":[{"name":"wp","href":"https:\/\/api.w.org\/{rel}","templated":true}]}}