{"id":1058,"date":"2025-04-18T03:04:53","date_gmt":"2025-04-18T01:04:53","guid":{"rendered":"https:\/\/www.regionalis.shop\/faltart\/product\/diamantentraube\/"},"modified":"2025-04-18T03:04:53","modified_gmt":"2025-04-18T01:04:53","slug":"diamantentraube","status":"publish","type":"product","link":"https:\/\/www.regionalis.shop\/faltart\/shop\/diamantentraube\/","title":{"rendered":"Diamantentraube"},"content":{"rendered":"<p>Die Diamantentraube aus Papier setzt sich aus 4 mal 8&#215;8 cm und 1 mal 10&#215;10 cm gro\u00dfen Teilen zusammen. F\u00fcr die Aufh\u00e4ngung habe ich  eine Perle aus Holz, den Ring aus Draht und die F\u00e4den aus Baumwollgarn verwendet. Die Gesamth\u00f6he betr\u00e4gt ca. 70 cm. Ihr k\u00f6nnt die Diamanten auch einzeln verwenden, dazu den Faden abschneiden und eine feine Nylonschnur befestigen.<\/p>\n","protected":false},"excerpt":{"rendered":"<p>Die Diamantentraube aus Papier setzt sich aus 4 mal 8&#215;8 cm und 1 mal 10&#215;10 cm gro\u00dfen Teilen zusammen. F\u00fcr die Aufh\u00e4ngung habe ich eine Perle aus Holz, den Ring aus Draht und die F\u00e4den aus Baumwollgarn verwendet. Die Gesamth\u00f6he betr\u00e4gt ca. 70 cm. Ihr k\u00f6nnt die Diamanten auch einzeln verwenden, dazu den Faden abschneiden &hellip; <a href=\"https:\/\/www.regionalis.shop\/faltart\/shop\/diamantentraube\/\">Continued<\/a><\/p>\n","protected":false},"featured_media":1059,"template":"","meta":{"_acf_changed":false},"product_brand":[],"product_cat":[174,103],"product_tag":[],"class_list":{"0":"post-1058","1":"product","2":"type-product","3":"status-publish","4":"has-post-thumbnail","6":"product_cat-wohndekoration","7":"product_cat-wohnen-deko","9":"first","10":"instock","11":"purchasable","12":"product-type-simple"},"acf":[],"_links":{"self":[{"href":"https:\/\/www.regionalis.shop\/faltart\/wp-json\/wp\/v2\/product\/1058","targetHints":{"allow":["GET"]}}],"collection":[{"href":"https:\/\/www.regionalis.shop\/faltart\/wp-json\/wp\/v2\/product"}],"about":[{"href":"https:\/\/www.regionalis.shop\/faltart\/wp-json\/wp\/v2\/types\/product"}],"wp:featuredmedia":[{"embeddable":true,"href":"https:\/\/www.regionalis.shop\/faltart\/wp-json\/wp\/v2\/media\/1059"}],"wp:attachment":[{"href":"https:\/\/www.regionalis.shop\/faltart\/wp-json\/wp\/v2\/media?parent=1058"}],"wp:term":[{"taxonomy":"product_brand","embeddable":true,"href":"https:\/\/www.regionalis.shop\/faltart\/wp-json\/wp\/v2\/product_brand?post=1058"},{"taxonomy":"product_cat","embeddable":true,"href":"https:\/\/www.regionalis.shop\/faltart\/wp-json\/wp\/v2\/product_cat?post=1058"},{"taxonomy":"product_tag","embeddable":true,"href":"https:\/\/www.regionalis.shop\/faltart\/wp-json\/wp\/v2\/product_tag?post=1058"}],"curies":[{"name":"wp","href":"https:\/\/api.w.org\/{rel}","templated":true}]}}