{"id":1063,"date":"2025-04-28T04:01:44","date_gmt":"2025-04-28T02:01:44","guid":{"rendered":"https:\/\/www.regionalis.shop\/flugsand\/product\/koru-classic-holzanhaenger-aus-altem-holzfass\/"},"modified":"2025-04-28T04:01:44","modified_gmt":"2025-04-28T02:01:44","slug":"koru-classic-holzanhaenger-aus-altem-holzfass","status":"publish","type":"product","link":"https:\/\/www.regionalis.shop\/flugsand\/shop\/koru-classic-holzanhaenger-aus-altem-holzfass\/","title":{"rendered":"Koru Classic &#8211; &#8211; Holzanh\u00e4nger aus altem Holzfass"},"content":{"rendered":"<p>Ein klassisches Koru in kreisrunder Form mit deutlich ausgepr\u00e4gter Spirale. Schlicht und ohne Schn\u00f6rkel.<\/p>\n<p>Bedeutung: Das Koru, \u00e4hnelt dem Farn, einer Spirale oder auch einer Welle. Es steht f\u00fcr ein harmonisches Leben und das Verst\u00e4ndnis des Daseins als st\u00e4ndige Ver\u00e4nderung. Das Koru symbolisiert Hoffnung, Perfektion, Wiedergeburt, Erwachen, Reinheit, Frieden, pers\u00f6nliche Entwicklung, Erneuerung sowie neues Leben &#038; einen Neubeginn.<\/p>\n<p>Philosophie: Gain it, love it &#038; let loose &#8211; jeder FLUGSAND Anh\u00e4nger wird Teil deiner Geschichte. <\/p>\n<p>Materialien:<br \/>\nAnh\u00e4nger: Eichenholz (ca. 100 Jahre alt), ge\u00f6lt<br \/>\nHalsband: Baumwolle <\/p>\n<p>Anh\u00e4nger Gr\u00f6\u00dfe:<br \/>\n3,5 cm (Durchmesser)<\/p>\n<p>Halsband Gr\u00f6\u00dfe:<br \/>\nmin. ~20 cm<br \/>\nmax. ~40 cm<\/p>\n<p>Hinweis: es handelt sich um Symbolbilder! Jeder Anh\u00e4nger ist durch die unterschiedliche Maserung des Holzes ein Einzelst\u00fcck.<\/p>\n","protected":false},"excerpt":{"rendered":"<p>Ein klassisches Koru in kreisrunder Form mit deutlich ausgepr\u00e4gter Spirale. Schlicht und ohne Schn\u00f6rkel. Bedeutung: Das Koru, \u00e4hnelt dem Farn, einer Spirale oder auch einer Welle. Es steht f\u00fcr ein harmonisches Leben und das Verst\u00e4ndnis des Daseins als st\u00e4ndige Ver\u00e4nderung. Das Koru symbolisiert Hoffnung, Perfektion, Wiedergeburt, Erwachen, Reinheit, Frieden, pers\u00f6nliche Entwicklung, Erneuerung sowie neues Leben &hellip; <a href=\"https:\/\/www.regionalis.shop\/flugsand\/shop\/koru-classic-holzanhaenger-aus-altem-holzfass\/\">Continued<\/a><\/p>\n","protected":false},"featured_media":1064,"template":"","meta":{"_acf_changed":false},"product_brand":[],"product_cat":[141,70],"product_tag":[],"class_list":{"0":"post-1063","1":"product","2":"type-product","3":"status-publish","4":"has-post-thumbnail","6":"product_cat-halsketten","7":"product_cat-schmuck","9":"first","10":"instock","11":"purchasable","12":"product-type-simple"},"acf":[],"_links":{"self":[{"href":"https:\/\/www.regionalis.shop\/flugsand\/wp-json\/wp\/v2\/product\/1063","targetHints":{"allow":["GET"]}}],"collection":[{"href":"https:\/\/www.regionalis.shop\/flugsand\/wp-json\/wp\/v2\/product"}],"about":[{"href":"https:\/\/www.regionalis.shop\/flugsand\/wp-json\/wp\/v2\/types\/product"}],"wp:featuredmedia":[{"embeddable":true,"href":"https:\/\/www.regionalis.shop\/flugsand\/wp-json\/wp\/v2\/media\/1064"}],"wp:attachment":[{"href":"https:\/\/www.regionalis.shop\/flugsand\/wp-json\/wp\/v2\/media?parent=1063"}],"wp:term":[{"taxonomy":"product_brand","embeddable":true,"href":"https:\/\/www.regionalis.shop\/flugsand\/wp-json\/wp\/v2\/product_brand?post=1063"},{"taxonomy":"product_cat","embeddable":true,"href":"https:\/\/www.regionalis.shop\/flugsand\/wp-json\/wp\/v2\/product_cat?post=1063"},{"taxonomy":"product_tag","embeddable":true,"href":"https:\/\/www.regionalis.shop\/flugsand\/wp-json\/wp\/v2\/product_tag?post=1063"}],"curies":[{"name":"wp","href":"https:\/\/api.w.org\/{rel}","templated":true}]}}