{"id":1055,"date":"2025-04-18T05:45:06","date_gmt":"2025-04-18T03:45:06","guid":{"rendered":"https:\/\/www.regionalis.shop\/fuerdiekatz-by-eva-naderer\/product\/kuschelpyramide-dream\/"},"modified":"2025-04-18T05:45:06","modified_gmt":"2025-04-18T03:45:06","slug":"kuschelpyramide-dream","status":"publish","type":"product","link":"https:\/\/www.regionalis.shop\/fuerdiekatz-by-eva-naderer\/shop\/kuschelpyramide-dream\/","title":{"rendered":"Kuschelpyramide Dream"},"content":{"rendered":"<p>Die Kuschelpyramide ist perfekt zum Spielen, Schlafen und Tr\u00e4umen und gleichzeitig ein optisches Highlight!<\/p>\n<p>Das Wendekissen im Inneren sorgt dank Soft Flocks f\u00fcr eine wohlig weiche Unterlage, w\u00e4hrend Schaumstoff in den W\u00e4nden stabilen Halt garantiert.<\/p>\n<p>W\u00e4hle Dein eigenes Design! In der Galerie sind alle m\u00f6glichen Au\u00dfen- sowie Innenstoffe ersichtlich \u2013 gew\u00fcnschte Nummern w\u00e4hrend dem Bestellvorgang bei \u201eZus\u00e4tzliche Informationen\u201c eintragen und die Pyramide wird im Wunschdesign gen\u00e4ht!<br \/>\n(A = Au\u00dfenstoffe, I = Innenstoffe)<\/p>\n<p>Produktdetails<br \/>\nMaterial:<br \/>\n\u2013 100% Baumwolle (I2 und I3: 50% Baumwolle\/50% Polyester)<br \/>\n\u2013 Schaumstoff<br \/>\n\u2013 Kissenf\u00fcllung: Soft Flocks 100% Polyester<\/p>\n<p>Ma\u00dfe: ca. 37 x 37 x 42 cm   (L x B x H)<\/p>\n","protected":false},"excerpt":{"rendered":"<p>Die Kuschelpyramide ist perfekt zum Spielen, Schlafen und Tr\u00e4umen und gleichzeitig ein optisches Highlight! Das Wendekissen im Inneren sorgt dank Soft Flocks f\u00fcr eine wohlig weiche Unterlage, w\u00e4hrend Schaumstoff in den W\u00e4nden stabilen Halt garantiert. W\u00e4hle Dein eigenes Design! In der Galerie sind alle m\u00f6glichen Au\u00dfen- sowie Innenstoffe ersichtlich \u2013 gew\u00fcnschte Nummern w\u00e4hrend dem Bestellvorgang &hellip; <a href=\"https:\/\/www.regionalis.shop\/fuerdiekatz-by-eva-naderer\/shop\/kuschelpyramide-dream\/\">Continued<\/a><\/p>\n","protected":false},"featured_media":1056,"template":"","meta":{"_acf_changed":false},"product_brand":[],"product_cat":[162,83],"product_tag":[],"class_list":{"0":"post-1055","1":"product","2":"type-product","3":"status-publish","4":"has-post-thumbnail","6":"product_cat-null","7":"product_cat-sonstiges","9":"first","10":"instock","11":"purchasable","12":"product-type-simple"},"acf":[],"_links":{"self":[{"href":"https:\/\/www.regionalis.shop\/fuerdiekatz-by-eva-naderer\/wp-json\/wp\/v2\/product\/1055","targetHints":{"allow":["GET"]}}],"collection":[{"href":"https:\/\/www.regionalis.shop\/fuerdiekatz-by-eva-naderer\/wp-json\/wp\/v2\/product"}],"about":[{"href":"https:\/\/www.regionalis.shop\/fuerdiekatz-by-eva-naderer\/wp-json\/wp\/v2\/types\/product"}],"wp:featuredmedia":[{"embeddable":true,"href":"https:\/\/www.regionalis.shop\/fuerdiekatz-by-eva-naderer\/wp-json\/wp\/v2\/media\/1056"}],"wp:attachment":[{"href":"https:\/\/www.regionalis.shop\/fuerdiekatz-by-eva-naderer\/wp-json\/wp\/v2\/media?parent=1055"}],"wp:term":[{"taxonomy":"product_brand","embeddable":true,"href":"https:\/\/www.regionalis.shop\/fuerdiekatz-by-eva-naderer\/wp-json\/wp\/v2\/product_brand?post=1055"},{"taxonomy":"product_cat","embeddable":true,"href":"https:\/\/www.regionalis.shop\/fuerdiekatz-by-eva-naderer\/wp-json\/wp\/v2\/product_cat?post=1055"},{"taxonomy":"product_tag","embeddable":true,"href":"https:\/\/www.regionalis.shop\/fuerdiekatz-by-eva-naderer\/wp-json\/wp\/v2\/product_tag?post=1055"}],"curies":[{"name":"wp","href":"https:\/\/api.w.org\/{rel}","templated":true}]}}