{"id":1066,"date":"2025-04-18T05:45:06","date_gmt":"2025-04-18T03:45:06","guid":{"rendered":"https:\/\/www.regionalis.shop\/fuerdiekatz-by-eva-naderer\/product\/catch-the-fish-baldrian\/"},"modified":"2025-04-18T05:45:06","modified_gmt":"2025-04-18T03:45:06","slug":"catch-the-fish-baldrian","status":"publish","type":"product","link":"https:\/\/www.regionalis.shop\/fuerdiekatz-by-eva-naderer\/shop\/catch-the-fish-baldrian\/","title":{"rendered":"Catch The Fish &#8211; Baldrian"},"content":{"rendered":"<p>Als Spielangel, \u00fcber die T\u00fcrschnalle geh\u00e4ngt oder einfach als Besch\u00e4ftigung f\u00fcr Zwischendurch \u2013 mit diesem Kissen ist alles m\u00f6glich. Katzenminze sorgt zus\u00e4tzlich f\u00fcr Motivation und Energie!<\/p>\n<p>Produktdetails<\/p>\n<p>Material:<br \/>\n\u2013 100% Baumwolle<br \/>\n\u2013 F\u00fcllung 100% Polyester<br \/>\n\u2013 Echter Baldrian (Valeriana officinalis)<br \/>\n\u2013 Baumwollkordel<\/p>\n<p>Ma\u00dfe Kissen: ca. 15 x 4 cm (L x B)<br \/>\nL\u00e4nge Kordel: ca. 40 cm<\/p>\n<p>Hinweis<br \/>\nLassen Sie Katzen beim Spielen mit Baldrian nicht unbeaufsichtigt. Beachten Sie bitte, dass nicht jedes Tier gleich auf dessen Duft reagiert und dieser mit der Zeit an Wirksamkeit verliert.<\/p>\n","protected":false},"excerpt":{"rendered":"<p>Als Spielangel, \u00fcber die T\u00fcrschnalle geh\u00e4ngt oder einfach als Besch\u00e4ftigung f\u00fcr Zwischendurch \u2013 mit diesem Kissen ist alles m\u00f6glich. Katzenminze sorgt zus\u00e4tzlich f\u00fcr Motivation und Energie! Produktdetails Material: \u2013 100% Baumwolle \u2013 F\u00fcllung 100% Polyester \u2013 Echter Baldrian (Valeriana officinalis) \u2013 Baumwollkordel Ma\u00dfe Kissen: ca. 15 x 4 cm (L x B) L\u00e4nge Kordel: ca. &hellip; <a href=\"https:\/\/www.regionalis.shop\/fuerdiekatz-by-eva-naderer\/shop\/catch-the-fish-baldrian\/\">Continued<\/a><\/p>\n","protected":false},"featured_media":1067,"template":"","meta":{"_acf_changed":false},"product_brand":[],"product_cat":[162,83],"product_tag":[],"class_list":{"0":"post-1066","1":"product","2":"type-product","3":"status-publish","4":"has-post-thumbnail","6":"product_cat-null","7":"product_cat-sonstiges","9":"first","10":"instock","11":"purchasable","12":"product-type-simple"},"acf":[],"_links":{"self":[{"href":"https:\/\/www.regionalis.shop\/fuerdiekatz-by-eva-naderer\/wp-json\/wp\/v2\/product\/1066","targetHints":{"allow":["GET"]}}],"collection":[{"href":"https:\/\/www.regionalis.shop\/fuerdiekatz-by-eva-naderer\/wp-json\/wp\/v2\/product"}],"about":[{"href":"https:\/\/www.regionalis.shop\/fuerdiekatz-by-eva-naderer\/wp-json\/wp\/v2\/types\/product"}],"wp:featuredmedia":[{"embeddable":true,"href":"https:\/\/www.regionalis.shop\/fuerdiekatz-by-eva-naderer\/wp-json\/wp\/v2\/media\/1067"}],"wp:attachment":[{"href":"https:\/\/www.regionalis.shop\/fuerdiekatz-by-eva-naderer\/wp-json\/wp\/v2\/media?parent=1066"}],"wp:term":[{"taxonomy":"product_brand","embeddable":true,"href":"https:\/\/www.regionalis.shop\/fuerdiekatz-by-eva-naderer\/wp-json\/wp\/v2\/product_brand?post=1066"},{"taxonomy":"product_cat","embeddable":true,"href":"https:\/\/www.regionalis.shop\/fuerdiekatz-by-eva-naderer\/wp-json\/wp\/v2\/product_cat?post=1066"},{"taxonomy":"product_tag","embeddable":true,"href":"https:\/\/www.regionalis.shop\/fuerdiekatz-by-eva-naderer\/wp-json\/wp\/v2\/product_tag?post=1066"}],"curies":[{"name":"wp","href":"https:\/\/api.w.org\/{rel}","templated":true}]}}