{"id":1083,"date":"2025-04-18T06:13:33","date_gmt":"2025-04-18T04:13:33","guid":{"rendered":"https:\/\/www.regionalis.shop\/geschenke-macher\/product\/brillenputztuch-glasreinigungstuch-mit-motiv-aus-dornbirn\/"},"modified":"2025-04-18T06:13:33","modified_gmt":"2025-04-18T04:13:33","slug":"brillenputztuch-glasreinigungstuch-mit-motiv-aus-dornbirn","status":"publish","type":"product","link":"https:\/\/www.regionalis.shop\/geschenke-macher\/shop\/brillenputztuch-glasreinigungstuch-mit-motiv-aus-dornbirn\/","title":{"rendered":"Brillenputztuch Glasreinigungstuch mit Motiv aus Dornbirn"},"content":{"rendered":"<p>Brillenputztuch Microfaser mit wundersch\u00f6ner handgezeichneter auquarell Skizze von einem Haus in Dornbirn<\/p>\n<p>Ein wundersch\u00f6nes Geschenk f\u00fcr Brillentr\u00e4ger, aber auch als Reinigungstuch f\u00fcr den Handybildschirm oder Laptop, Notebook oder Monitor.<\/p>\n<p> Gr\u00f6\u00dfe: 15x15cm<br \/>\n Material: Polyester Microfaser<\/p>\n<p>Mikrofasertuch, das sich zum Reinigen von Brillen, Glasoberfl\u00e4chen oder LCD Bildschirmen eignet. Werbung kommt hier sehr gut zur Geltung.<\/p>\n","protected":false},"excerpt":{"rendered":"<p>Brillenputztuch Microfaser mit wundersch\u00f6ner handgezeichneter auquarell Skizze von einem Haus in Dornbirn Ein wundersch\u00f6nes Geschenk f\u00fcr Brillentr\u00e4ger, aber auch als Reinigungstuch f\u00fcr den Handybildschirm oder Laptop, Notebook oder Monitor. Gr\u00f6\u00dfe: 15x15cm Material: Polyester Microfaser Mikrofasertuch, das sich zum Reinigen von Brillen, Glasoberfl\u00e4chen oder LCD Bildschirmen eignet. Werbung kommt hier sehr gut zur Geltung.<\/p>\n","protected":false},"featured_media":1084,"template":"","meta":{"_acf_changed":false},"product_brand":[],"product_cat":[117,95],"product_tag":[],"class_list":{"0":"post-1083","1":"product","2":"type-product","3":"status-publish","4":"has-post-thumbnail","6":"product_cat-brillenetuis","7":"product_cat-taschen","9":"first","10":"instock","11":"purchasable","12":"product-type-simple"},"acf":[],"_links":{"self":[{"href":"https:\/\/www.regionalis.shop\/geschenke-macher\/wp-json\/wp\/v2\/product\/1083","targetHints":{"allow":["GET"]}}],"collection":[{"href":"https:\/\/www.regionalis.shop\/geschenke-macher\/wp-json\/wp\/v2\/product"}],"about":[{"href":"https:\/\/www.regionalis.shop\/geschenke-macher\/wp-json\/wp\/v2\/types\/product"}],"wp:featuredmedia":[{"embeddable":true,"href":"https:\/\/www.regionalis.shop\/geschenke-macher\/wp-json\/wp\/v2\/media\/1084"}],"wp:attachment":[{"href":"https:\/\/www.regionalis.shop\/geschenke-macher\/wp-json\/wp\/v2\/media?parent=1083"}],"wp:term":[{"taxonomy":"product_brand","embeddable":true,"href":"https:\/\/www.regionalis.shop\/geschenke-macher\/wp-json\/wp\/v2\/product_brand?post=1083"},{"taxonomy":"product_cat","embeddable":true,"href":"https:\/\/www.regionalis.shop\/geschenke-macher\/wp-json\/wp\/v2\/product_cat?post=1083"},{"taxonomy":"product_tag","embeddable":true,"href":"https:\/\/www.regionalis.shop\/geschenke-macher\/wp-json\/wp\/v2\/product_tag?post=1083"}],"curies":[{"name":"wp","href":"https:\/\/api.w.org\/{rel}","templated":true}]}}