{"id":1042,"date":"2025-10-23T16:14:07","date_gmt":"2025-10-23T14:14:07","guid":{"rendered":"https:\/\/www.regionalis.shop\/glass-maker-space\/?page_id=1042"},"modified":"2025-10-23T16:16:34","modified_gmt":"2025-10-23T14:16:34","slug":"impressum","status":"publish","type":"page","link":"https:\/\/www.regionalis.shop\/glass-maker-space\/impressum\/","title":{"rendered":"Impressum"},"content":{"rendered":"<section>\n            <p>Anfang 2021 haben wir in St. Konrad ein Forum f\u00fcr Hei\u00dfglas, den \u201cGlass Maker Space\u201c, gegr\u00fcndet. Wir m\u00f6chten damit das Glasmacherhandwerk f\u00fcr alle Interessierten zug\u00e4nglich machen und neu beleben. Glas entdecken, sp\u00fcren und begreifen lautet die Devise!\u00a0<\/p>\n<p>In unserer Manufaktur entstehen hochwertige, individuelle und von Hand gefertigte Glaswaren und Schmuckst\u00fccke bei deren Herstellung uns auch \u00fcber die Schulter geschaut werden darf. <\/p>\n<p>Die Initiatorin Verena Schatz ist geb\u00fcrtige Tirolerin, Mutter einer Tochter, lebt und arbeitet in St. Konrad im Almtal\/O\u00d6.<\/p>\n<p>Sie ist K\u00fcnstlerin und Glasmacherin und besch\u00e4ftigt sich seit mehr als 20 Jahren auf unterschiedlichsten Ebenen mit dem Medium Glas. Mit ihren Arbeiten bewegt sie sich an der Schnittstelle zwischen Kunst, Handwerk und Design &#8211; von der interaktiven Installation, \u00fcber Skulptur bis hin zum funktionalem Design.<\/p>\n\n    <\/section>","protected":false},"excerpt":{"rendered":"","protected":false},"author":1,"featured_media":0,"parent":0,"menu_order":0,"comment_status":"closed","ping_status":"closed","template":"","meta":{"_acf_changed":false,"footnotes":""},"class_list":["post-1042","page","type-page","status-publish","hentry"],"acf":[],"_links":{"self":[{"href":"https:\/\/www.regionalis.shop\/glass-maker-space\/wp-json\/wp\/v2\/pages\/1042","targetHints":{"allow":["GET"]}}],"collection":[{"href":"https:\/\/www.regionalis.shop\/glass-maker-space\/wp-json\/wp\/v2\/pages"}],"about":[{"href":"https:\/\/www.regionalis.shop\/glass-maker-space\/wp-json\/wp\/v2\/types\/page"}],"author":[{"embeddable":true,"href":"https:\/\/www.regionalis.shop\/glass-maker-space\/wp-json\/wp\/v2\/users\/1"}],"replies":[{"embeddable":true,"href":"https:\/\/www.regionalis.shop\/glass-maker-space\/wp-json\/wp\/v2\/comments?post=1042"}],"version-history":[{"count":2,"href":"https:\/\/www.regionalis.shop\/glass-maker-space\/wp-json\/wp\/v2\/pages\/1042\/revisions"}],"predecessor-version":[{"id":1044,"href":"https:\/\/www.regionalis.shop\/glass-maker-space\/wp-json\/wp\/v2\/pages\/1042\/revisions\/1044"}],"wp:attachment":[{"href":"https:\/\/www.regionalis.shop\/glass-maker-space\/wp-json\/wp\/v2\/media?parent=1042"}],"curies":[{"name":"wp","href":"https:\/\/api.w.org\/{rel}","templated":true}]}}

<section>
            <p>Anfang 2021 haben wir in St. Konrad ein Forum für Heißglas, den “Glass Maker Space“, gegründet. Wir möchten damit das Glasmacherhandwerk für alle Interessierten zugänglich machen und neu beleben. Glas entdecken, spüren und begreifen lautet die Devise! </p>
<p>In unserer Manufaktur entstehen hochwertige, individuelle und von Hand gefertigte Glaswaren und Schmuckstücke bei deren Herstellung uns auch über die Schulter geschaut werden darf. </p>
<p>Die Initiatorin Verena Schatz ist gebürtige Tirolerin, Mutter einer Tochter, lebt und arbeitet in St. Konrad im Almtal/OÖ.</p>
<p>Sie ist Künstlerin und Glasmacherin und beschäftigt sich seit mehr als 20 Jahren auf unterschiedlichsten Ebenen mit dem Medium Glas. Mit ihren Arbeiten bewegt sie sich an der Schnittstelle zwischen Kunst, Handwerk und Design &#8211; von der interaktiven Installation, über Skulptur bis hin zum funktionalem Design.</p>

    </section>
