{"id":1081,"date":"2025-04-18T00:25:48","date_gmt":"2025-04-17T22:25:48","guid":{"rendered":"https:\/\/www.regionalis.shop\/glass-maker-space\/product\/nostalgieglas-fisch\/"},"modified":"2025-04-18T00:25:48","modified_gmt":"2025-04-17T22:25:48","slug":"nostalgieglas-fisch","status":"publish","type":"product","link":"https:\/\/www.regionalis.shop\/glass-maker-space\/shop\/nostalgieglas-fisch\/","title":{"rendered":"Nostalgieglas Fisch"},"content":{"rendered":"<p>Diese sorgf\u00e4ltig von Hand gefertigten Trinkgl\u00e4ser aus recycelten Flaschen werden individuell mit traditionellen Motiven versehen.<\/p>\n<p>Dekors aus einer ehemaligen Th\u00fcringer Porzellanmanufaktur sorgen f\u00fcr den authentischen Nostalgiefaktor und werden zum originellen Hingucker auf jeder modernen Tafel.<\/p>\n<p>Die Motive werden bei etwa 750\u00b0 auf die Glasoberfl\u00e4che eingebrannt, das bringt mit sich, dass sich jedes Glas zum unverwechselbaren Unikat verformt.<\/p>\n<p>Ob Blumen, Fische oder Wildtiere \u2013 mit den filigranen Neuinterpretationen traditioneller Motive findet jeder\/jede ein individuelles Geschenk!<\/p>\n<p>Trinkglas aus recycelter V\u00f6slauer Flasche (F\u00fcllmenge ca. 0,33l)<\/p>\n<p>Motive bleiben l\u00e4nger sch\u00f6n wenn die Gl\u00e4ser nicht in den Geschirrsp\u00fcler wandern \ud83d\ude09<\/p>\n","protected":false},"excerpt":{"rendered":"<p>Diese sorgf\u00e4ltig von Hand gefertigten Trinkgl\u00e4ser aus recycelten Flaschen werden individuell mit traditionellen Motiven versehen. Dekors aus einer ehemaligen Th\u00fcringer Porzellanmanufaktur sorgen f\u00fcr den authentischen Nostalgiefaktor und werden zum originellen Hingucker auf jeder modernen Tafel. Die Motive werden bei etwa 750\u00b0 auf die Glasoberfl\u00e4che eingebrannt, das bringt mit sich, dass sich jedes Glas zum unverwechselbaren &hellip; <a href=\"https:\/\/www.regionalis.shop\/glass-maker-space\/shop\/nostalgieglas-fisch\/\">Continued<\/a><\/p>\n","protected":false},"featured_media":1082,"template":"","meta":{"_acf_changed":false},"product_brand":[],"product_cat":[127,103],"product_tag":[],"class_list":{"0":"post-1081","1":"product","2":"type-product","3":"status-publish","4":"has-post-thumbnail","6":"product_cat-essen-trinken","7":"product_cat-wohnen-deko","9":"first","10":"instock","11":"purchasable","12":"product-type-simple"},"acf":[],"_links":{"self":[{"href":"https:\/\/www.regionalis.shop\/glass-maker-space\/wp-json\/wp\/v2\/product\/1081","targetHints":{"allow":["GET"]}}],"collection":[{"href":"https:\/\/www.regionalis.shop\/glass-maker-space\/wp-json\/wp\/v2\/product"}],"about":[{"href":"https:\/\/www.regionalis.shop\/glass-maker-space\/wp-json\/wp\/v2\/types\/product"}],"wp:featuredmedia":[{"embeddable":true,"href":"https:\/\/www.regionalis.shop\/glass-maker-space\/wp-json\/wp\/v2\/media\/1082"}],"wp:attachment":[{"href":"https:\/\/www.regionalis.shop\/glass-maker-space\/wp-json\/wp\/v2\/media?parent=1081"}],"wp:term":[{"taxonomy":"product_brand","embeddable":true,"href":"https:\/\/www.regionalis.shop\/glass-maker-space\/wp-json\/wp\/v2\/product_brand?post=1081"},{"taxonomy":"product_cat","embeddable":true,"href":"https:\/\/www.regionalis.shop\/glass-maker-space\/wp-json\/wp\/v2\/product_cat?post=1081"},{"taxonomy":"product_tag","embeddable":true,"href":"https:\/\/www.regionalis.shop\/glass-maker-space\/wp-json\/wp\/v2\/product_tag?post=1081"}],"curies":[{"name":"wp","href":"https:\/\/api.w.org\/{rel}","templated":true}]}}