{"id":1126,"date":"2025-04-18T00:46:09","date_gmt":"2025-04-17T22:46:09","guid":{"rendered":"https:\/\/www.regionalis.shop\/glassartstadler\/product\/stern-glas\/"},"modified":"2025-04-18T00:46:09","modified_gmt":"2025-04-17T22:46:09","slug":"stern-glas","status":"publish","type":"product","link":"https:\/\/www.regionalis.shop\/glassartstadler\/shop\/stern-glas\/","title":{"rendered":"Stern Glas"},"content":{"rendered":"<p>Diese Sterne werden von mir manuell erstellt.<br \/>\nDabei werden bunte Glasteile zugeschnitten und miteinander verschmolzen.<br \/>\nDurchmesser: ca. 6 cm<\/p>\n<p>Diese Sterne eignen sich bestens als Geschenk.<\/p>\n<p>Sie k\u00f6nnen als Fensterbild und Lichtf\u00e4nger verwendet werden.<br \/>\nMan kann sie aber gerade in der Adventszeit auch z.B. am Luster aufh\u00e4ngen.<\/p>\n","protected":false},"excerpt":{"rendered":"<p>Diese Sterne werden von mir manuell erstellt. Dabei werden bunte Glasteile zugeschnitten und miteinander verschmolzen. Durchmesser: ca. 6 cm Diese Sterne eignen sich bestens als Geschenk. Sie k\u00f6nnen als Fensterbild und Lichtf\u00e4nger verwendet werden. Man kann sie aber gerade in der Adventszeit auch z.B. am Luster aufh\u00e4ngen.<\/p>\n","protected":false},"featured_media":1127,"template":"","meta":{"_acf_changed":false},"product_brand":[],"product_cat":[169,103],"product_tag":[],"class_list":{"0":"post-1126","1":"product","2":"type-product","3":"status-publish","4":"has-post-thumbnail","6":"product_cat-sonstiges-wohnen-deko","7":"product_cat-wohnen-deko","9":"first","10":"instock","11":"purchasable","12":"product-type-simple"},"acf":[],"_links":{"self":[{"href":"https:\/\/www.regionalis.shop\/glassartstadler\/wp-json\/wp\/v2\/product\/1126","targetHints":{"allow":["GET"]}}],"collection":[{"href":"https:\/\/www.regionalis.shop\/glassartstadler\/wp-json\/wp\/v2\/product"}],"about":[{"href":"https:\/\/www.regionalis.shop\/glassartstadler\/wp-json\/wp\/v2\/types\/product"}],"wp:featuredmedia":[{"embeddable":true,"href":"https:\/\/www.regionalis.shop\/glassartstadler\/wp-json\/wp\/v2\/media\/1127"}],"wp:attachment":[{"href":"https:\/\/www.regionalis.shop\/glassartstadler\/wp-json\/wp\/v2\/media?parent=1126"}],"wp:term":[{"taxonomy":"product_brand","embeddable":true,"href":"https:\/\/www.regionalis.shop\/glassartstadler\/wp-json\/wp\/v2\/product_brand?post=1126"},{"taxonomy":"product_cat","embeddable":true,"href":"https:\/\/www.regionalis.shop\/glassartstadler\/wp-json\/wp\/v2\/product_cat?post=1126"},{"taxonomy":"product_tag","embeddable":true,"href":"https:\/\/www.regionalis.shop\/glassartstadler\/wp-json\/wp\/v2\/product_tag?post=1126"}],"curies":[{"name":"wp","href":"https:\/\/api.w.org\/{rel}","templated":true}]}}