{"id":1092,"date":"2025-04-28T04:08:52","date_gmt":"2025-04-28T02:08:52","guid":{"rendered":"https:\/\/www.regionalis.shop\/goina\/product\/you-are-llamazing-handgemachte-grusskarte\/"},"modified":"2025-04-28T04:08:52","modified_gmt":"2025-04-28T02:08:52","slug":"you-are-llamazing-handgemachte-grusskarte","status":"publish","type":"product","link":"https:\/\/www.regionalis.shop\/goina\/shop\/you-are-llamazing-handgemachte-grusskarte\/","title":{"rendered":"YOU ARE LLAMAZING  handgemachte Gru\u00dfkarte"},"content":{"rendered":"<p>Du kennst sicher die eine Person, f\u00fcr die diese Karte genau passt! Lamas liegen voll in Trend und mit dieser speziellen Karte kannst du deiner Freundin auch gleich sagen, wie amazing sie ist.<\/p>\n<p>Mit Sattel aus Textilien und bunten Pompoms.<\/p>\n<p>ACHTUNG: Die Farben von Sattel und Pompoms variieren und k\u00f6nnen leider nicht ausgesucht werden.<\/p>\n<p>Gr\u00f6\u00dfe geschlossen: 14,8 x 14,8 cm<\/p>\n<p>Gr\u00f6\u00dfe offen: 29,6 x 14,8 cm<\/p>\n<p>Kommt mit braun-gestreiftem Kuvert aus recyceltem Papier (15,5 x 15,5 cm)<\/p>\n<p>Gedruckt auf feinem Papier von Munken mit einer Grammatur von 300<\/p>\n","protected":false},"excerpt":{"rendered":"<p>Du kennst sicher die eine Person, f\u00fcr die diese Karte genau passt! Lamas liegen voll in Trend und mit dieser speziellen Karte kannst du deiner Freundin auch gleich sagen, wie amazing sie ist. Mit Sattel aus Textilien und bunten Pompoms. ACHTUNG: Die Farben von Sattel und Pompoms variieren und k\u00f6nnen leider nicht ausgesucht werden. Gr\u00f6\u00dfe &hellip; <a href=\"https:\/\/www.regionalis.shop\/goina\/shop\/you-are-llamazing-handgemachte-grusskarte\/\">Continued<\/a><\/p>\n","protected":false},"featured_media":1093,"template":"","meta":{"_acf_changed":false},"product_brand":[],"product_cat":[134,62],"product_tag":[],"class_list":{"0":"post-1092","1":"product","2":"type-product","3":"status-publish","4":"has-post-thumbnail","6":"product_cat-geschenk-gruskarten","7":"product_cat-papeterie-schreibwaren","9":"first","10":"instock","11":"purchasable","12":"product-type-simple"},"acf":[],"_links":{"self":[{"href":"https:\/\/www.regionalis.shop\/goina\/wp-json\/wp\/v2\/product\/1092","targetHints":{"allow":["GET"]}}],"collection":[{"href":"https:\/\/www.regionalis.shop\/goina\/wp-json\/wp\/v2\/product"}],"about":[{"href":"https:\/\/www.regionalis.shop\/goina\/wp-json\/wp\/v2\/types\/product"}],"wp:featuredmedia":[{"embeddable":true,"href":"https:\/\/www.regionalis.shop\/goina\/wp-json\/wp\/v2\/media\/1093"}],"wp:attachment":[{"href":"https:\/\/www.regionalis.shop\/goina\/wp-json\/wp\/v2\/media?parent=1092"}],"wp:term":[{"taxonomy":"product_brand","embeddable":true,"href":"https:\/\/www.regionalis.shop\/goina\/wp-json\/wp\/v2\/product_brand?post=1092"},{"taxonomy":"product_cat","embeddable":true,"href":"https:\/\/www.regionalis.shop\/goina\/wp-json\/wp\/v2\/product_cat?post=1092"},{"taxonomy":"product_tag","embeddable":true,"href":"https:\/\/www.regionalis.shop\/goina\/wp-json\/wp\/v2\/product_tag?post=1092"}],"curies":[{"name":"wp","href":"https:\/\/api.w.org\/{rel}","templated":true}]}}