{"id":1116,"date":"2025-04-17T23:31:45","date_gmt":"2025-04-17T21:31:45","guid":{"rendered":"https:\/\/www.regionalis.shop\/goina\/product\/nussknacker-weihnachtskarte-mit-echtem-plueschbart\/"},"modified":"2025-04-17T23:31:45","modified_gmt":"2025-04-17T21:31:45","slug":"nussknacker-weihnachtskarte-mit-echtem-plueschbart","status":"publish","type":"product","link":"https:\/\/www.regionalis.shop\/goina\/shop\/nussknacker-weihnachtskarte-mit-echtem-plueschbart\/","title":{"rendered":"NUSSKNACKER Weihnachtskarte mit echtem Pl\u00fcschbart"},"content":{"rendered":"<p>Man muss nicht unbedingt ins Ballett um den Nussknacker zu sehen. Diese neue Karte hat keinen Text und l\u00e4sst sich so wunderbar einrahmen und als kleines Kunstwerk pr\u00e4sentieren.<\/p>\n<p>Mit Bart aus textilem Pl\u00fcsch.<\/p>\n<p>Gr\u00f6\u00dfe geschlossen: 14,8 x 14,8 cm<\/p>\n<p>Gr\u00f6\u00dfe offen: 29,6 x 14,8 cm<\/p>\n<p>Kommt nat\u00fcrlich mit rotem Kuvert (15,5 x 15,5 cm)<\/p>\n<p>Gedruckt auf feinem Papier von Munken mit einer Grammatur von 300<\/p>\n","protected":false},"excerpt":{"rendered":"<p>Man muss nicht unbedingt ins Ballett um den Nussknacker zu sehen. Diese neue Karte hat keinen Text und l\u00e4sst sich so wunderbar einrahmen und als kleines Kunstwerk pr\u00e4sentieren. Mit Bart aus textilem Pl\u00fcsch. Gr\u00f6\u00dfe geschlossen: 14,8 x 14,8 cm Gr\u00f6\u00dfe offen: 29,6 x 14,8 cm Kommt nat\u00fcrlich mit rotem Kuvert (15,5 x 15,5 cm) Gedruckt &hellip; <a href=\"https:\/\/www.regionalis.shop\/goina\/shop\/nussknacker-weihnachtskarte-mit-echtem-plueschbart\/\">Continued<\/a><\/p>\n","protected":false},"featured_media":1117,"template":"","meta":{"_acf_changed":false},"product_brand":[],"product_cat":[62,101],"product_tag":[],"class_list":{"0":"post-1116","1":"product","2":"type-product","3":"status-publish","4":"has-post-thumbnail","6":"product_cat-papeterie-schreibwaren","7":"product_cat-weihnachtskarten","9":"first","10":"instock","11":"purchasable","12":"product-type-simple"},"acf":[],"_links":{"self":[{"href":"https:\/\/www.regionalis.shop\/goina\/wp-json\/wp\/v2\/product\/1116","targetHints":{"allow":["GET"]}}],"collection":[{"href":"https:\/\/www.regionalis.shop\/goina\/wp-json\/wp\/v2\/product"}],"about":[{"href":"https:\/\/www.regionalis.shop\/goina\/wp-json\/wp\/v2\/types\/product"}],"wp:featuredmedia":[{"embeddable":true,"href":"https:\/\/www.regionalis.shop\/goina\/wp-json\/wp\/v2\/media\/1117"}],"wp:attachment":[{"href":"https:\/\/www.regionalis.shop\/goina\/wp-json\/wp\/v2\/media?parent=1116"}],"wp:term":[{"taxonomy":"product_brand","embeddable":true,"href":"https:\/\/www.regionalis.shop\/goina\/wp-json\/wp\/v2\/product_brand?post=1116"},{"taxonomy":"product_cat","embeddable":true,"href":"https:\/\/www.regionalis.shop\/goina\/wp-json\/wp\/v2\/product_cat?post=1116"},{"taxonomy":"product_tag","embeddable":true,"href":"https:\/\/www.regionalis.shop\/goina\/wp-json\/wp\/v2\/product_tag?post=1116"}],"curies":[{"name":"wp","href":"https:\/\/api.w.org\/{rel}","templated":true}]}}