{"id":1122,"date":"2025-04-17T23:31:45","date_gmt":"2025-04-17T21:31:45","guid":{"rendered":"https:\/\/www.regionalis.shop\/goina\/product\/sweet-christmas-weihnachtskarte-mit-zuckerstangerl-aus-buegelperlen\/"},"modified":"2025-04-17T23:31:45","modified_gmt":"2025-04-17T21:31:45","slug":"sweet-christmas-weihnachtskarte-mit-zuckerstangerl-aus-buegelperlen","status":"publish","type":"product","link":"https:\/\/www.regionalis.shop\/goina\/shop\/sweet-christmas-weihnachtskarte-mit-zuckerstangerl-aus-buegelperlen\/","title":{"rendered":"SWEET CHRISTMAS Weihnachtskarte mit Zuckerstangerl aus B\u00fcgelperlen"},"content":{"rendered":"<p>Um die wunderbare Weihnachtsv\u00f6llerei abzuschlie\u00dfen, muss noch was S\u00fc\u00dfes her! F\u00fcr die Naschkatzen unter deinen Lieben.<\/p>\n<p>Besondere Weihnachtskarte mit einem Zuckerstange aus B\u00fcgelperlen, abgerundet mit einem dunkelgr\u00fcnen Mascherl.<\/p>\n<p>Gr\u00f6\u00dfe geschlossen: 14,8 x 14,8 cm<\/p>\n<p>Gr\u00f6\u00dfe offen: 29,6 x 14,8 cm<\/p>\n<p>Kommt mit passendem Kuvert in dunkelrot (15,5 x 15,5 cm)<\/p>\n<p>Gedruckt auf feinem Papier von Munken mit einer Grammatur von 300<\/p>\n","protected":false},"excerpt":{"rendered":"<p>Um die wunderbare Weihnachtsv\u00f6llerei abzuschlie\u00dfen, muss noch was S\u00fc\u00dfes her! F\u00fcr die Naschkatzen unter deinen Lieben. Besondere Weihnachtskarte mit einem Zuckerstange aus B\u00fcgelperlen, abgerundet mit einem dunkelgr\u00fcnen Mascherl. Gr\u00f6\u00dfe geschlossen: 14,8 x 14,8 cm Gr\u00f6\u00dfe offen: 29,6 x 14,8 cm Kommt mit passendem Kuvert in dunkelrot (15,5 x 15,5 cm) Gedruckt auf feinem Papier von &hellip; <a href=\"https:\/\/www.regionalis.shop\/goina\/shop\/sweet-christmas-weihnachtskarte-mit-zuckerstangerl-aus-buegelperlen\/\">Continued<\/a><\/p>\n","protected":false},"featured_media":1123,"template":"","meta":{"_acf_changed":false},"product_brand":[],"product_cat":[62,101],"product_tag":[],"class_list":{"0":"post-1122","1":"product","2":"type-product","3":"status-publish","4":"has-post-thumbnail","6":"product_cat-papeterie-schreibwaren","7":"product_cat-weihnachtskarten","9":"first","10":"instock","11":"purchasable","12":"product-type-simple"},"acf":[],"_links":{"self":[{"href":"https:\/\/www.regionalis.shop\/goina\/wp-json\/wp\/v2\/product\/1122","targetHints":{"allow":["GET"]}}],"collection":[{"href":"https:\/\/www.regionalis.shop\/goina\/wp-json\/wp\/v2\/product"}],"about":[{"href":"https:\/\/www.regionalis.shop\/goina\/wp-json\/wp\/v2\/types\/product"}],"wp:featuredmedia":[{"embeddable":true,"href":"https:\/\/www.regionalis.shop\/goina\/wp-json\/wp\/v2\/media\/1123"}],"wp:attachment":[{"href":"https:\/\/www.regionalis.shop\/goina\/wp-json\/wp\/v2\/media?parent=1122"}],"wp:term":[{"taxonomy":"product_brand","embeddable":true,"href":"https:\/\/www.regionalis.shop\/goina\/wp-json\/wp\/v2\/product_brand?post=1122"},{"taxonomy":"product_cat","embeddable":true,"href":"https:\/\/www.regionalis.shop\/goina\/wp-json\/wp\/v2\/product_cat?post=1122"},{"taxonomy":"product_tag","embeddable":true,"href":"https:\/\/www.regionalis.shop\/goina\/wp-json\/wp\/v2\/product_tag?post=1122"}],"curies":[{"name":"wp","href":"https:\/\/api.w.org\/{rel}","templated":true}]}}