{"id":1131,"date":"2025-04-17T23:28:20","date_gmt":"2025-04-17T21:28:20","guid":{"rendered":"https:\/\/www.regionalis.shop\/goina\/product\/have-a-magical-christmas-handgemachte-weihnachtskarte-mit-buegelperlen\/"},"modified":"2025-04-17T23:28:20","modified_gmt":"2025-04-17T21:28:20","slug":"have-a-magical-christmas-handgemachte-weihnachtskarte-mit-buegelperlen","status":"publish","type":"product","link":"https:\/\/www.regionalis.shop\/goina\/shop\/have-a-magical-christmas-handgemachte-weihnachtskarte-mit-buegelperlen\/","title":{"rendered":"HAVE A MAGICAL CHRISTMAS  handgemachte Weihnachtskarte mit B\u00fcgelperlen"},"content":{"rendered":"<p>Dieses Jahr wirds magisch mit diesem Hirsch mit knalligem Geweih. Ist nur noch die Frage ob neon-orange oder neon-pink?<\/p>\n<p>Mit Geweih aus neon-orangen oder neon-pinken B\u00fcgelperlen.<\/p>\n<p>Gr\u00f6\u00dfe geschlossen: 14,8 x 14,8 cm<\/p>\n<p>Gr\u00f6\u00dfe offen: 29,6 x 14,8 cm<\/p>\n<p>Kommt nat\u00fcrlich mit orangem oder pinkem Kuvert (15,5 x 15,5 cm)<\/p>\n<p>Gedruckt auf feinem Papier von Munken mit einer Grammatur von 300<\/p>\n","protected":false},"excerpt":{"rendered":"<p>Dieses Jahr wirds magisch mit diesem Hirsch mit knalligem Geweih. Ist nur noch die Frage ob neon-orange oder neon-pink? Mit Geweih aus neon-orangen oder neon-pinken B\u00fcgelperlen. Gr\u00f6\u00dfe geschlossen: 14,8 x 14,8 cm Gr\u00f6\u00dfe offen: 29,6 x 14,8 cm Kommt nat\u00fcrlich mit orangem oder pinkem Kuvert (15,5 x 15,5 cm) Gedruckt auf feinem Papier von Munken &hellip; <a href=\"https:\/\/www.regionalis.shop\/goina\/shop\/have-a-magical-christmas-handgemachte-weihnachtskarte-mit-buegelperlen\/\">Continued<\/a><\/p>\n","protected":false},"featured_media":1132,"template":"","meta":{"_acf_changed":false},"product_brand":[],"product_cat":[62,101],"product_tag":[],"class_list":{"0":"post-1131","1":"product","2":"type-product","3":"status-publish","4":"has-post-thumbnail","6":"product_cat-papeterie-schreibwaren","7":"product_cat-weihnachtskarten","9":"first","10":"instock","11":"purchasable","12":"product-type-simple"},"acf":[],"_links":{"self":[{"href":"https:\/\/www.regionalis.shop\/goina\/wp-json\/wp\/v2\/product\/1131","targetHints":{"allow":["GET"]}}],"collection":[{"href":"https:\/\/www.regionalis.shop\/goina\/wp-json\/wp\/v2\/product"}],"about":[{"href":"https:\/\/www.regionalis.shop\/goina\/wp-json\/wp\/v2\/types\/product"}],"wp:featuredmedia":[{"embeddable":true,"href":"https:\/\/www.regionalis.shop\/goina\/wp-json\/wp\/v2\/media\/1132"}],"wp:attachment":[{"href":"https:\/\/www.regionalis.shop\/goina\/wp-json\/wp\/v2\/media?parent=1131"}],"wp:term":[{"taxonomy":"product_brand","embeddable":true,"href":"https:\/\/www.regionalis.shop\/goina\/wp-json\/wp\/v2\/product_brand?post=1131"},{"taxonomy":"product_cat","embeddable":true,"href":"https:\/\/www.regionalis.shop\/goina\/wp-json\/wp\/v2\/product_cat?post=1131"},{"taxonomy":"product_tag","embeddable":true,"href":"https:\/\/www.regionalis.shop\/goina\/wp-json\/wp\/v2\/product_tag?post=1131"}],"curies":[{"name":"wp","href":"https:\/\/api.w.org\/{rel}","templated":true}]}}