{"id":862,"date":"2025-05-24T13:44:06","date_gmt":"2025-05-24T11:44:06","guid":{"rendered":"https:\/\/starter.stage.shop-it.at\/?page_id=862"},"modified":"2025-10-23T15:21:37","modified_gmt":"2025-10-23T13:21:37","slug":"startseite","status":"publish","type":"page","link":"https:\/\/www.regionalis.shop\/goldschatz\/","title":{"rendered":"Startseite"},"content":{"rendered":"<section>\n    <div class=\"header-title\">\n        <h1 class=\"h2\">Willkommen bei Goldschatz<\/h1>\n    <\/div>\n            <h2 class=\"h3\">Handgemacht in Neunkirchen<\/h2>\n                <p>Ich erstelle mit Liebe handgefertigte und selbst gen\u00e4hte Accessoires f\u00fcr gro\u00df und klein, auf Wunsch auch personalisiert. F\u00fcr dich und deinen Goldschatz.<br \/>\nKontaktiere mich, damit ich deine Idee in etwas Einzigartiges verwandeln kann.<br \/>\nFolge mir auch gern auf Instagram: goldschatz.eu oder besuche mich auf www.goldschatz.eu<\/p>\n\n    \n    <h3>Produkte<\/h3>\n\n    <div class=\"woocommerce columns-3 \"><ul class=\"products columns-3\">\n<li class=\"product type-product post-1054 status-publish first instock product_cat-accessoires product_cat-stirnbaender has-post-thumbnail purchasable product-type-simple\">\n\t<a href=\"https:\/\/www.regionalis.shop\/goldschatz\/shop\/knotenstirnband-fuchs\/\" class=\"woocommerce-LoopProduct-link woocommerce-loop-product__link\"><div class=\"wc-block-grid__product-image\"><img loading=\"lazy\" decoding=\"async\" width=\"1024\" height=\"1024\" src=\"https:\/\/www.regionalis.shop\/app\/uploads\/sites\/228\/5534_2023_05_21_09_19_48_706899491.jpg\" class=\"attachment-large size-large\" alt=\"Knotenstirnband Fuchs\" srcset=\"https:\/\/www.regionalis.shop\/app\/uploads\/sites\/228\/5534_2023_05_21_09_19_48_706899491.jpg 1024w, https:\/\/www.regionalis.shop\/app\/uploads\/sites\/228\/5534_2023_05_21_09_19_48_706899491-300x300.jpg 300w, https:\/\/www.regionalis.shop\/app\/uploads\/sites\/228\/5534_2023_05_21_09_19_48_706899491-150x150.jpg 150w, https:\/\/www.regionalis.shop\/app\/uploads\/sites\/228\/5534_2023_05_21_09_19_48_706899491-768x768.jpg 768w, https:\/\/www.regionalis.shop\/app\/uploads\/sites\/228\/5534_2023_05_21_09_19_48_706899491-600x600.jpg 600w, https:\/\/www.regionalis.shop\/app\/uploads\/sites\/228\/5534_2023_05_21_09_19_48_706899491-100x100.jpg 100w\" sizes=\"auto, (max-width: 1024px) 100vw, 1024px\" \/><\/div><h2 class=\"woocommerce-loop-product__title\">Knotenstirnband Fuchs<\/h2>\n\t<span class=\"price\"><span class=\"woocommerce-Price-amount amount\"><bdi>14,00&nbsp;<span class=\"woocommerce-Price-currencySymbol\">&euro;<\/span><\/bdi><\/span><\/span>\n<\/a><\/li>\n<li class=\"product type-product post-1052 status-publish instock product_cat-accessoires product_cat-stirnbaender has-post-thumbnail purchasable product-type-simple\">\n\t<a href=\"https:\/\/www.regionalis.shop\/goldschatz\/shop\/knotenstirnband-weinrot\/\" class=\"woocommerce-LoopProduct-link woocommerce-loop-product__link\"><div class=\"wc-block-grid__product-image\"><img loading=\"lazy\" decoding=\"async\" width=\"1024\" height=\"1024\" src=\"https:\/\/www.regionalis.shop\/app\/uploads\/sites\/228\/5534_2023_05_21_09_24_10_199972380.jpg\" class=\"attachment-large size-large\" alt=\"Knotenstirnband weinrot\" srcset=\"https:\/\/www.regionalis.shop\/app\/uploads\/sites\/228\/5534_2023_05_21_09_24_10_199972380.jpg 1024w, https:\/\/www.regionalis.shop\/app\/uploads\/sites\/228\/5534_2023_05_21_09_24_10_199972380-300x300.jpg 300w, https:\/\/www.regionalis.shop\/app\/uploads\/sites\/228\/5534_2023_05_21_09_24_10_199972380-150x150.jpg 150w, https:\/\/www.regionalis.shop\/app\/uploads\/sites\/228\/5534_2023_05_21_09_24_10_199972380-768x768.jpg 768w, https:\/\/www.regionalis.shop\/app\/uploads\/sites\/228\/5534_2023_05_21_09_24_10_199972380-600x600.jpg 600w, https:\/\/www.regionalis.shop\/app\/uploads\/sites\/228\/5534_2023_05_21_09_24_10_199972380-100x100.jpg 100w\" sizes=\"auto, (max-width: 1024px) 100vw, 1024px\" \/><\/div><h2 class=\"woocommerce-loop-product__title\">Knotenstirnband weinrot<\/h2>\n\t<span class=\"price\"><span class=\"woocommerce-Price-amount amount\"><bdi>14,00&nbsp;<span class=\"woocommerce-Price-currencySymbol\">&euro;<\/span><\/bdi><\/span><\/span>\n<\/a><\/li>\n<li class=\"product type-product post-1059 status-publish last instock product_cat-baby-kinder product_cat-textilien has-post-thumbnail purchasable product-type-simple\">\n\t<a href=\"https:\/\/www.regionalis.shop\/goldschatz\/shop\/mini-buch-huelle-regenbogen\/\" class=\"woocommerce-LoopProduct-link woocommerce-loop-product__link\"><div class=\"wc-block-grid__product-image\"><img loading=\"lazy\" decoding=\"async\" width=\"1024\" height=\"1024\" src=\"https:\/\/www.regionalis.shop\/app\/uploads\/sites\/228\/5534_2023_05_09_19_55_00_992299027.jpg\" class=\"attachment-large size-large\" alt=\"Mini-Buch-H\u00fclle Regenbogen\" srcset=\"https:\/\/www.regionalis.shop\/app\/uploads\/sites\/228\/5534_2023_05_09_19_55_00_992299027.jpg 1024w, https:\/\/www.regionalis.shop\/app\/uploads\/sites\/228\/5534_2023_05_09_19_55_00_992299027-300x300.jpg 300w, https:\/\/www.regionalis.shop\/app\/uploads\/sites\/228\/5534_2023_05_09_19_55_00_992299027-150x150.jpg 150w, https:\/\/www.regionalis.shop\/app\/uploads\/sites\/228\/5534_2023_05_09_19_55_00_992299027-768x768.jpg 768w, https:\/\/www.regionalis.shop\/app\/uploads\/sites\/228\/5534_2023_05_09_19_55_00_992299027-600x600.jpg 600w, https:\/\/www.regionalis.shop\/app\/uploads\/sites\/228\/5534_2023_05_09_19_55_00_992299027-100x100.jpg 100w\" sizes=\"auto, (max-width: 1024px) 100vw, 1024px\" \/><\/div><h2 class=\"woocommerce-loop-product__title\">Mini-Buch-H\u00fclle Regenbogen<\/h2>\n\t<span class=\"price\"><span class=\"woocommerce-Price-amount amount\"><bdi>10,00&nbsp;<span class=\"woocommerce-Price-currencySymbol\">&euro;<\/span><\/bdi><\/span><\/span>\n<\/a><\/li>\n<\/ul>\n<\/div>\n    <p>\n        <a href=\"https:\/\/www.regionalis.shop\/goldschatz\/shop\/\" class=\"btn btn-primary btn-icon-right\">\n            Alle Produkte <i class=\"bi bi-arrow-right-short\"><\/i>\n        <\/a>\n    <\/p>\n<\/section>\n\n<div data-block-name=\"woocommerce\/store-notices\" class=\"wc-block-store-notices woocommerce alignwide alignwide wp-block-woocommerce-store-notices\"><div class=\"woocommerce-notices-wrapper\"><\/div><\/div>","protected":false},"excerpt":{"rendered":"","protected":false},"author":1,"featured_media":0,"parent":0,"menu_order":0,"comment_status":"closed","ping_status":"closed","template":"template-home.blade.php","meta":{"_acf_changed":false,"footnotes":""},"class_list":["post-862","page","type-page","status-publish","hentry"],"acf":[],"_links":{"self":[{"href":"https:\/\/www.regionalis.shop\/goldschatz\/wp-json\/wp\/v2\/pages\/862","targetHints":{"allow":["GET"]}}],"collection":[{"href":"https:\/\/www.regionalis.shop\/goldschatz\/wp-json\/wp\/v2\/pages"}],"about":[{"href":"https:\/\/www.regionalis.shop\/goldschatz\/wp-json\/wp\/v2\/types\/page"}],"author":[{"embeddable":true,"href":"https:\/\/www.regionalis.shop\/goldschatz\/wp-json\/wp\/v2\/users\/1"}],"replies":[{"embeddable":true,"href":"https:\/\/www.regionalis.shop\/goldschatz\/wp-json\/wp\/v2\/comments?post=862"}],"version-history":[{"count":28,"href":"https:\/\/www.regionalis.shop\/goldschatz\/wp-json\/wp\/v2\/pages\/862\/revisions"}],"predecessor-version":[{"id":1041,"href":"https:\/\/www.regionalis.shop\/goldschatz\/wp-json\/wp\/v2\/pages\/862\/revisions\/1041"}],"wp:attachment":[{"href":"https:\/\/www.regionalis.shop\/goldschatz\/wp-json\/wp\/v2\/media?parent=862"}],"curies":[{"name":"wp","href":"https:\/\/api.w.org\/{rel}","templated":true}]}}