{"id":1081,"date":"2025-04-18T09:52:02","date_gmt":"2025-04-18T07:52:02","guid":{"rendered":"https:\/\/www.regionalis.shop\/goldschatz\/product\/muetze-eis\/"},"modified":"2025-04-18T09:52:02","modified_gmt":"2025-04-18T07:52:02","slug":"muetze-eis","status":"publish","type":"product","link":"https:\/\/www.regionalis.shop\/goldschatz\/shop\/muetze-eis\/","title":{"rendered":"M\u00fctze &#8211; Eis"},"content":{"rendered":"<p>Tolle M\u00fctze aus Jersey mit passendem B\u00fcndchen.<\/p>\n<p>Ungef\u00fcttert. Super geeignet f\u00fcr Baby\u2019s, da beim Liegen am Hinterkopf keine st\u00f6rende Naht ist. Der Schnitt ist kopfanliegend und passt z.B. prima unter den Fahrradhelm.<\/p>\n<p>Kopfumfang:<br \/>\n41\/42<\/p>\n<p>Nach dem Schnittmuster \u201eHanna\u201c von Engelinchen Design<\/p>\n","protected":false},"excerpt":{"rendered":"<p>Tolle M\u00fctze aus Jersey mit passendem B\u00fcndchen. Ungef\u00fcttert. Super geeignet f\u00fcr Baby\u2019s, da beim Liegen am Hinterkopf keine st\u00f6rende Naht ist. Der Schnitt ist kopfanliegend und passt z.B. prima unter den Fahrradhelm. Kopfumfang: 41\/42 Nach dem Schnittmuster \u201eHanna\u201c von Engelinchen Design<\/p>\n","protected":false},"featured_media":1082,"template":"","meta":{"_acf_changed":false},"product_brand":[],"product_cat":[38,47],"product_tag":[],"class_list":{"0":"post-1081","1":"product","2":"type-product","3":"status-publish","4":"has-post-thumbnail","6":"product_cat-baby-kinder","7":"product_cat-hauben-muetzen","9":"first","10":"instock","11":"purchasable","12":"product-type-simple"},"acf":[],"_links":{"self":[{"href":"https:\/\/www.regionalis.shop\/goldschatz\/wp-json\/wp\/v2\/product\/1081","targetHints":{"allow":["GET"]}}],"collection":[{"href":"https:\/\/www.regionalis.shop\/goldschatz\/wp-json\/wp\/v2\/product"}],"about":[{"href":"https:\/\/www.regionalis.shop\/goldschatz\/wp-json\/wp\/v2\/types\/product"}],"wp:featuredmedia":[{"embeddable":true,"href":"https:\/\/www.regionalis.shop\/goldschatz\/wp-json\/wp\/v2\/media\/1082"}],"wp:attachment":[{"href":"https:\/\/www.regionalis.shop\/goldschatz\/wp-json\/wp\/v2\/media?parent=1081"}],"wp:term":[{"taxonomy":"product_brand","embeddable":true,"href":"https:\/\/www.regionalis.shop\/goldschatz\/wp-json\/wp\/v2\/product_brand?post=1081"},{"taxonomy":"product_cat","embeddable":true,"href":"https:\/\/www.regionalis.shop\/goldschatz\/wp-json\/wp\/v2\/product_cat?post=1081"},{"taxonomy":"product_tag","embeddable":true,"href":"https:\/\/www.regionalis.shop\/goldschatz\/wp-json\/wp\/v2\/product_tag?post=1081"}],"curies":[{"name":"wp","href":"https:\/\/api.w.org\/{rel}","templated":true}]}}