{"id":1083,"date":"2025-04-18T09:51:00","date_gmt":"2025-04-18T07:51:00","guid":{"rendered":"https:\/\/www.regionalis.shop\/goldschatz\/product\/musselintuch-rino\/"},"modified":"2025-04-18T09:51:00","modified_gmt":"2025-04-18T07:51:00","slug":"musselintuch-rino","status":"publish","type":"product","link":"https:\/\/www.regionalis.shop\/goldschatz\/shop\/musselintuch-rino\/","title":{"rendered":"Musselintuch &#8211; Rino"},"content":{"rendered":"<p>Dieses tolle Dreieckstuch f\u00fcr Kinder ist aus einem weichen Musselinstoff gen\u00e4ht. Das Tuch wurde doppellagig aus Musselin gen\u00e4ht und ist<br \/>\nPerfekt f\u00fcr die k\u00e4lteren Tage und ein stylischer Hingucker.<\/p>\n<p>Wird im Nacken geknotet.<br \/>\nGr\u00f6\u00dfe ca. 70&#215;70 zum Dreieck<\/p>\n<p>Die Musselint\u00fccher sind f\u00fcr Kinder von klein bis gro\u00df geeignet.<\/p>\n<p>Musselinfarbe: senf<br \/>\nStickmotiv: Rino<\/p>\n<p>Verwendete Materialien:<br \/>\nMusselin 100% Baumwolle<br \/>\nStickerei aus 95% Baumwolle und 5% Elasthan<\/p>\n<p>Eine tolle individuelle Geschenkidee zur Geburt, Taufe, Geburtstag oder als kleine Aufmerksamkeit.<\/p>\n<p>Waschbar bei 40 Grad und nicht f\u00fcr den Trockner geeignet.<\/p>\n","protected":false},"excerpt":{"rendered":"<p>Dieses tolle Dreieckstuch f\u00fcr Kinder ist aus einem weichen Musselinstoff gen\u00e4ht. Das Tuch wurde doppellagig aus Musselin gen\u00e4ht und ist Perfekt f\u00fcr die k\u00e4lteren Tage und ein stylischer Hingucker. Wird im Nacken geknotet. Gr\u00f6\u00dfe ca. 70&#215;70 zum Dreieck Die Musselint\u00fccher sind f\u00fcr Kinder von klein bis gro\u00df geeignet. Musselinfarbe: senf Stickmotiv: Rino Verwendete Materialien: Musselin &hellip; <a href=\"https:\/\/www.regionalis.shop\/goldschatz\/shop\/musselintuch-rino\/\">Continued<\/a><\/p>\n","protected":false},"featured_media":1084,"template":"","meta":{"_acf_changed":false},"product_brand":[],"product_cat":[107,38],"product_tag":[],"class_list":{"0":"post-1083","1":"product","2":"type-product","3":"status-publish","4":"has-post-thumbnail","6":"product_cat-accessoires-baby-kinder","7":"product_cat-baby-kinder","9":"first","10":"instock","11":"purchasable","12":"product-type-simple"},"acf":[],"_links":{"self":[{"href":"https:\/\/www.regionalis.shop\/goldschatz\/wp-json\/wp\/v2\/product\/1083","targetHints":{"allow":["GET"]}}],"collection":[{"href":"https:\/\/www.regionalis.shop\/goldschatz\/wp-json\/wp\/v2\/product"}],"about":[{"href":"https:\/\/www.regionalis.shop\/goldschatz\/wp-json\/wp\/v2\/types\/product"}],"wp:featuredmedia":[{"embeddable":true,"href":"https:\/\/www.regionalis.shop\/goldschatz\/wp-json\/wp\/v2\/media\/1084"}],"wp:attachment":[{"href":"https:\/\/www.regionalis.shop\/goldschatz\/wp-json\/wp\/v2\/media?parent=1083"}],"wp:term":[{"taxonomy":"product_brand","embeddable":true,"href":"https:\/\/www.regionalis.shop\/goldschatz\/wp-json\/wp\/v2\/product_brand?post=1083"},{"taxonomy":"product_cat","embeddable":true,"href":"https:\/\/www.regionalis.shop\/goldschatz\/wp-json\/wp\/v2\/product_cat?post=1083"},{"taxonomy":"product_tag","embeddable":true,"href":"https:\/\/www.regionalis.shop\/goldschatz\/wp-json\/wp\/v2\/product_tag?post=1083"}],"curies":[{"name":"wp","href":"https:\/\/api.w.org\/{rel}","templated":true}]}}