{"id":862,"date":"2025-05-24T13:44:06","date_gmt":"2025-05-24T11:44:06","guid":{"rendered":"https:\/\/starter.stage.shop-it.at\/?page_id=862"},"modified":"2025-10-23T15:21:37","modified_gmt":"2025-10-23T13:21:37","slug":"startseite","status":"publish","type":"page","link":"https:\/\/www.regionalis.shop\/handbemalter-krimskrams\/","title":{"rendered":"Startseite"},"content":{"rendered":"<section>\n    <div class=\"header-title\">\n        <h1 class=\"h2\">Willkommen bei Handbemalter Krimskrams<\/h1>\n    <\/div>\n            <h2 class=\"h3\">Handgemacht in Bruck a.d. Glocknerstra\u00dfe<\/h2>\n                <p>Mein Name ist Sandra und ich bin Mama von zwei wundervollen Kindern.<br \/>\nIch male seit ich mich erinnern kann und bemale alles was mir in die H\u00e4nde kommt. Auf der Suche nach besonderen Gegenst\u00e4nden wie Vasen, Tassen, Gl\u00e4ser, Gef\u00e4\u00dfe, Taschen usw gehe ich sehr gerne auf Flohm\u00e4rkte.<br \/>\nJetzt in der Weihnachtszeit bemale ich &#8211;Christbaumkugeln&#8211;, gerne auch auf Wunsch mit &#8211;deinem Motiv&#8211;. Ich male fast alles (ausser Menschen!).<br \/>\nWie w\u00e4re es mit einem Bild von deinem &#8211;geliebten Vierbeiner&#8211;, oder das Motorrad deines Mannes? F\u00fcr J\u00e4ger z.B. ein Hirsch, f\u00fcr Feuerwehrm\u00e4nner das FF Logo, f\u00fcr Fu\u00dfballfans das Clublogo, es gibt viele M\u00f6glichkeiten um eine Kugel zu&#8211;personalisieren&#8211;. Gerne nehme ich deine W\u00fcnsche entgegen.<\/p>\n\n    \n    <h3>Produkte<\/h3>\n\n    <div class=\"woocommerce columns-3 \"><ul class=\"products columns-3\">\n<li class=\"product type-product post-1052 status-publish first instock product_cat-wohndekoration product_cat-wohnen-deko has-post-thumbnail purchasable product-type-simple\">\n\t<a href=\"https:\/\/www.regionalis.shop\/handbemalter-krimskrams\/shop\/dekotasse\/\" class=\"woocommerce-LoopProduct-link woocommerce-loop-product__link\"><div class=\"wc-block-grid__product-image\"><img loading=\"lazy\" decoding=\"async\" width=\"420\" height=\"420\" src=\"https:\/\/www.regionalis.shop\/app\/uploads\/sites\/237\/2046_2020_11_21_11_43_47_906456234.jpg\" class=\"attachment-large size-large\" alt=\"Dekotasse\" srcset=\"https:\/\/www.regionalis.shop\/app\/uploads\/sites\/237\/2046_2020_11_21_11_43_47_906456234.jpg 420w, https:\/\/www.regionalis.shop\/app\/uploads\/sites\/237\/2046_2020_11_21_11_43_47_906456234-300x300.jpg 300w, https:\/\/www.regionalis.shop\/app\/uploads\/sites\/237\/2046_2020_11_21_11_43_47_906456234-150x150.jpg 150w, https:\/\/www.regionalis.shop\/app\/uploads\/sites\/237\/2046_2020_11_21_11_43_47_906456234-100x100.jpg 100w\" sizes=\"auto, (max-width: 420px) 100vw, 420px\" \/><\/div><h2 class=\"woocommerce-loop-product__title\">Dekotasse<\/h2>\n\t<span class=\"price\"><span class=\"woocommerce-Price-amount amount\"><bdi>11,90&nbsp;<span class=\"woocommerce-Price-currencySymbol\">&euro;<\/span><\/bdi><\/span><\/span>\n<\/a><\/li>\n<li class=\"product type-product post-1057 status-publish instock product_cat-stoffsackerl-einkaufstaschen product_cat-taschen has-post-thumbnail purchasable product-type-simple\">\n\t<a href=\"https:\/\/www.regionalis.shop\/handbemalter-krimskrams\/shop\/tasche-filz\/\" class=\"woocommerce-LoopProduct-link woocommerce-loop-product__link\"><div class=\"wc-block-grid__product-image\"><img loading=\"lazy\" decoding=\"async\" width=\"420\" height=\"420\" src=\"https:\/\/www.regionalis.shop\/app\/uploads\/sites\/237\/2046_2020_11_19_17_32_20_201869423.jpg\" class=\"attachment-large size-large\" alt=\"Tasche Filz\" srcset=\"https:\/\/www.regionalis.shop\/app\/uploads\/sites\/237\/2046_2020_11_19_17_32_20_201869423.jpg 420w, https:\/\/www.regionalis.shop\/app\/uploads\/sites\/237\/2046_2020_11_19_17_32_20_201869423-300x300.jpg 300w, https:\/\/www.regionalis.shop\/app\/uploads\/sites\/237\/2046_2020_11_19_17_32_20_201869423-150x150.jpg 150w, https:\/\/www.regionalis.shop\/app\/uploads\/sites\/237\/2046_2020_11_19_17_32_20_201869423-100x100.jpg 100w\" sizes=\"auto, (max-width: 420px) 100vw, 420px\" \/><\/div><h2 class=\"woocommerce-loop-product__title\">Tasche Filz<\/h2>\n\t<span class=\"price\"><span class=\"woocommerce-Price-amount amount\"><bdi>22,90&nbsp;<span class=\"woocommerce-Price-currencySymbol\">&euro;<\/span><\/bdi><\/span><\/span>\n<\/a><\/li>\n<li class=\"product type-product post-1054 status-publish last instock product_cat-accessoires product_cat-sonstiges-accessoires has-post-thumbnail purchasable product-type-simple\">\n\t<a href=\"https:\/\/www.regionalis.shop\/handbemalter-krimskrams\/shop\/geldtaschen-aus-filz\/\" class=\"woocommerce-LoopProduct-link woocommerce-loop-product__link\"><div class=\"wc-block-grid__product-image\"><img loading=\"lazy\" decoding=\"async\" width=\"420\" height=\"420\" src=\"https:\/\/www.regionalis.shop\/app\/uploads\/sites\/237\/2046_2020_11_19_17_10_28_516400863.jpg\" class=\"attachment-large size-large\" alt=\"Geldtaschen aus Filz\" srcset=\"https:\/\/www.regionalis.shop\/app\/uploads\/sites\/237\/2046_2020_11_19_17_10_28_516400863.jpg 420w, https:\/\/www.regionalis.shop\/app\/uploads\/sites\/237\/2046_2020_11_19_17_10_28_516400863-300x300.jpg 300w, https:\/\/www.regionalis.shop\/app\/uploads\/sites\/237\/2046_2020_11_19_17_10_28_516400863-150x150.jpg 150w, https:\/\/www.regionalis.shop\/app\/uploads\/sites\/237\/2046_2020_11_19_17_10_28_516400863-100x100.jpg 100w\" sizes=\"auto, (max-width: 420px) 100vw, 420px\" \/><\/div><h2 class=\"woocommerce-loop-product__title\">Geldtaschen aus Filz<\/h2>\n\t<span class=\"price\"><span class=\"woocommerce-Price-amount amount\"><bdi>19,90&nbsp;<span class=\"woocommerce-Price-currencySymbol\">&euro;<\/span><\/bdi><\/span><\/span>\n<\/a><\/li>\n<\/ul>\n<\/div>\n    <p>\n        <a href=\"https:\/\/www.regionalis.shop\/handbemalter-krimskrams\/shop\/\" class=\"btn btn-primary btn-icon-right\">\n            Alle Produkte <i class=\"bi bi-arrow-right-short\"><\/i>\n        <\/a>\n    <\/p>\n<\/section>\n\n<div data-block-name=\"woocommerce\/store-notices\" class=\"wc-block-store-notices woocommerce alignwide alignwide wp-block-woocommerce-store-notices\"><div class=\"woocommerce-notices-wrapper\"><\/div><\/div>","protected":false},"excerpt":{"rendered":"","protected":false},"author":1,"featured_media":0,"parent":0,"menu_order":0,"comment_status":"closed","ping_status":"closed","template":"template-home.blade.php","meta":{"_acf_changed":false,"footnotes":""},"class_list":["post-862","page","type-page","status-publish","hentry"],"acf":[],"_links":{"self":[{"href":"https:\/\/www.regionalis.shop\/handbemalter-krimskrams\/wp-json\/wp\/v2\/pages\/862","targetHints":{"allow":["GET"]}}],"collection":[{"href":"https:\/\/www.regionalis.shop\/handbemalter-krimskrams\/wp-json\/wp\/v2\/pages"}],"about":[{"href":"https:\/\/www.regionalis.shop\/handbemalter-krimskrams\/wp-json\/wp\/v2\/types\/page"}],"author":[{"embeddable":true,"href":"https:\/\/www.regionalis.shop\/handbemalter-krimskrams\/wp-json\/wp\/v2\/users\/1"}],"replies":[{"embeddable":true,"href":"https:\/\/www.regionalis.shop\/handbemalter-krimskrams\/wp-json\/wp\/v2\/comments?post=862"}],"version-history":[{"count":28,"href":"https:\/\/www.regionalis.shop\/handbemalter-krimskrams\/wp-json\/wp\/v2\/pages\/862\/revisions"}],"predecessor-version":[{"id":1041,"href":"https:\/\/www.regionalis.shop\/handbemalter-krimskrams\/wp-json\/wp\/v2\/pages\/862\/revisions\/1041"}],"wp:attachment":[{"href":"https:\/\/www.regionalis.shop\/handbemalter-krimskrams\/wp-json\/wp\/v2\/media?parent=862"}],"curies":[{"name":"wp","href":"https:\/\/api.w.org\/{rel}","templated":true}]}}