{"id":1083,"date":"2025-04-17T23:12:25","date_gmt":"2025-04-17T21:12:25","guid":{"rendered":"https:\/\/www.regionalis.shop\/handgmacht\/product\/edelstahlcreolen-mit-chakraperlen-und-fluegel\/"},"modified":"2025-04-17T23:12:25","modified_gmt":"2025-04-17T21:12:25","slug":"edelstahlcreolen-mit-chakraperlen-und-fluegel","status":"publish","type":"product","link":"https:\/\/www.regionalis.shop\/handgmacht\/shop\/edelstahlcreolen-mit-chakraperlen-und-fluegel\/","title":{"rendered":"Edelstahlcreolen mit Chakraperlen und Fl\u00fcgel"},"content":{"rendered":"<p>Edelstahlcreolen mit H\u00e4nger aus Halbedelsteinen in Chakrafarben und kleinem Fl\u00fcgel<\/p>\n","protected":false},"excerpt":{"rendered":"<p>Edelstahlcreolen mit H\u00e4nger aus Halbedelsteinen in Chakrafarben und kleinem Fl\u00fcgel<\/p>\n","protected":false},"featured_media":1084,"template":"","meta":{"_acf_changed":false},"product_brand":[],"product_cat":[163,70],"product_tag":[],"class_list":{"0":"post-1083","1":"product","2":"type-product","3":"status-publish","4":"has-post-thumbnail","6":"product_cat-ohrringe","7":"product_cat-schmuck","9":"first","10":"instock","11":"purchasable","12":"product-type-simple"},"acf":[],"_links":{"self":[{"href":"https:\/\/www.regionalis.shop\/handgmacht\/wp-json\/wp\/v2\/product\/1083","targetHints":{"allow":["GET"]}}],"collection":[{"href":"https:\/\/www.regionalis.shop\/handgmacht\/wp-json\/wp\/v2\/product"}],"about":[{"href":"https:\/\/www.regionalis.shop\/handgmacht\/wp-json\/wp\/v2\/types\/product"}],"wp:featuredmedia":[{"embeddable":true,"href":"https:\/\/www.regionalis.shop\/handgmacht\/wp-json\/wp\/v2\/media\/1084"}],"wp:attachment":[{"href":"https:\/\/www.regionalis.shop\/handgmacht\/wp-json\/wp\/v2\/media?parent=1083"}],"wp:term":[{"taxonomy":"product_brand","embeddable":true,"href":"https:\/\/www.regionalis.shop\/handgmacht\/wp-json\/wp\/v2\/product_brand?post=1083"},{"taxonomy":"product_cat","embeddable":true,"href":"https:\/\/www.regionalis.shop\/handgmacht\/wp-json\/wp\/v2\/product_cat?post=1083"},{"taxonomy":"product_tag","embeddable":true,"href":"https:\/\/www.regionalis.shop\/handgmacht\/wp-json\/wp\/v2\/product_tag?post=1083"}],"curies":[{"name":"wp","href":"https:\/\/api.w.org\/{rel}","templated":true}]}}