{"id":1109,"date":"2025-04-17T23:11:22","date_gmt":"2025-04-17T21:11:22","guid":{"rendered":"https:\/\/www.regionalis.shop\/handgmacht\/product\/kaffeebecher-einhorn\/"},"modified":"2025-04-17T23:11:22","modified_gmt":"2025-04-17T21:11:22","slug":"kaffeebecher-einhorn","status":"publish","type":"product","link":"https:\/\/www.regionalis.shop\/handgmacht\/shop\/kaffeebecher-einhorn\/","title":{"rendered":"Kaffeebecher \u201cEinhorn\u201c"},"content":{"rendered":"<p>1 St\u00fcck Kaffeebecher nieder, H\u00f6he ca. 8,5cm, Durchmesser ca. 10cm, Fassungsverm\u00f6gen ca. 330ml, handbemalt, geschirrsp\u00fclergeeignet<\/p>\n","protected":false},"excerpt":{"rendered":"<p>1 St\u00fcck Kaffeebecher nieder, H\u00f6he ca. 8,5cm, Durchmesser ca. 10cm, Fassungsverm\u00f6gen ca. 330ml, handbemalt, geschirrsp\u00fclergeeignet<\/p>\n","protected":false},"featured_media":1110,"template":"","meta":{"_acf_changed":false},"product_brand":[],"product_cat":[127,103],"product_tag":[],"class_list":{"0":"post-1109","1":"product","2":"type-product","3":"status-publish","4":"has-post-thumbnail","6":"product_cat-essen-trinken","7":"product_cat-wohnen-deko","9":"first","10":"instock","11":"purchasable","12":"product-type-simple"},"acf":[],"_links":{"self":[{"href":"https:\/\/www.regionalis.shop\/handgmacht\/wp-json\/wp\/v2\/product\/1109","targetHints":{"allow":["GET"]}}],"collection":[{"href":"https:\/\/www.regionalis.shop\/handgmacht\/wp-json\/wp\/v2\/product"}],"about":[{"href":"https:\/\/www.regionalis.shop\/handgmacht\/wp-json\/wp\/v2\/types\/product"}],"wp:featuredmedia":[{"embeddable":true,"href":"https:\/\/www.regionalis.shop\/handgmacht\/wp-json\/wp\/v2\/media\/1110"}],"wp:attachment":[{"href":"https:\/\/www.regionalis.shop\/handgmacht\/wp-json\/wp\/v2\/media?parent=1109"}],"wp:term":[{"taxonomy":"product_brand","embeddable":true,"href":"https:\/\/www.regionalis.shop\/handgmacht\/wp-json\/wp\/v2\/product_brand?post=1109"},{"taxonomy":"product_cat","embeddable":true,"href":"https:\/\/www.regionalis.shop\/handgmacht\/wp-json\/wp\/v2\/product_cat?post=1109"},{"taxonomy":"product_tag","embeddable":true,"href":"https:\/\/www.regionalis.shop\/handgmacht\/wp-json\/wp\/v2\/product_tag?post=1109"}],"curies":[{"name":"wp","href":"https:\/\/api.w.org\/{rel}","templated":true}]}}