{"id":1079,"date":"2025-04-18T05:08:02","date_gmt":"2025-04-18T03:08:02","guid":{"rendered":"https:\/\/www.regionalis.shop\/handmade-by-andrea\/product\/maedchen-set-langarmshirt-pumphose-in-gr-62\/"},"modified":"2025-04-18T05:08:02","modified_gmt":"2025-04-18T03:08:02","slug":"maedchen-set-langarmshirt-pumphose-in-gr-62","status":"publish","type":"product","link":"https:\/\/www.regionalis.shop\/handmade-by-andrea\/shop\/maedchen-set-langarmshirt-pumphose-in-gr-62\/","title":{"rendered":"M\u00e4dchen-Set: Langarmshirt &#038; Pumphose in Gr. 62"},"content":{"rendered":"<p>Shirt aus s\u00fc\u00dfem Panelstoff (Jersey) und dazu passende Pumphose in Gr. 62.<br \/>\n100% handgemacht<\/p>\n","protected":false},"excerpt":{"rendered":"<p>Shirt aus s\u00fc\u00dfem Panelstoff (Jersey) und dazu passende Pumphose in Gr. 62. 100% handgemacht<\/p>\n","protected":false},"featured_media":1080,"template":"","meta":{"_acf_changed":false},"product_brand":[],"product_cat":[38,49],"product_tag":[],"class_list":{"0":"post-1079","1":"product","2":"type-product","3":"status-publish","4":"has-post-thumbnail","6":"product_cat-baby-kinder","7":"product_cat-kinderkleidung","9":"first","10":"instock","11":"purchasable","12":"product-type-simple"},"acf":[],"_links":{"self":[{"href":"https:\/\/www.regionalis.shop\/handmade-by-andrea\/wp-json\/wp\/v2\/product\/1079","targetHints":{"allow":["GET"]}}],"collection":[{"href":"https:\/\/www.regionalis.shop\/handmade-by-andrea\/wp-json\/wp\/v2\/product"}],"about":[{"href":"https:\/\/www.regionalis.shop\/handmade-by-andrea\/wp-json\/wp\/v2\/types\/product"}],"wp:featuredmedia":[{"embeddable":true,"href":"https:\/\/www.regionalis.shop\/handmade-by-andrea\/wp-json\/wp\/v2\/media\/1080"}],"wp:attachment":[{"href":"https:\/\/www.regionalis.shop\/handmade-by-andrea\/wp-json\/wp\/v2\/media?parent=1079"}],"wp:term":[{"taxonomy":"product_brand","embeddable":true,"href":"https:\/\/www.regionalis.shop\/handmade-by-andrea\/wp-json\/wp\/v2\/product_brand?post=1079"},{"taxonomy":"product_cat","embeddable":true,"href":"https:\/\/www.regionalis.shop\/handmade-by-andrea\/wp-json\/wp\/v2\/product_cat?post=1079"},{"taxonomy":"product_tag","embeddable":true,"href":"https:\/\/www.regionalis.shop\/handmade-by-andrea\/wp-json\/wp\/v2\/product_tag?post=1079"}],"curies":[{"name":"wp","href":"https:\/\/api.w.org\/{rel}","templated":true}]}}