{"id":1042,"date":"2025-10-23T16:14:07","date_gmt":"2025-10-23T14:14:07","guid":{"rendered":"https:\/\/www.regionalis.shop\/hartis-holzkunst\/?page_id=1042"},"modified":"2025-10-23T16:16:34","modified_gmt":"2025-10-23T14:16:34","slug":"impressum","status":"publish","type":"page","link":"https:\/\/www.regionalis.shop\/hartis-holzkunst\/impressum\/","title":{"rendered":"Impressum"},"content":{"rendered":"<section>\n            <p>&#8211;Hartis-Holzkunst&#8211;<\/p>\n<p>Holz ist meine Leidenschaft. Jedes St\u00fcck wird von mir liebevoll in Handarbeit hergestellt. Massenware aus Laserschnitt oder CNC-Fr\u00e4sen wird von mir abgelehnt; f\u00fcr mich h\u00e4tte das nichts mehr mit Handarbeit zu tun.<\/p>\n<p>Immer wieder entstehen neue Objekte. So liebe ich es, Kleinserien oder Einzelst\u00fccke mit der Dekupiers\u00e4ge herzustellen. Durch die Einzigartigkeit des Holzes und die Handarbeit, die im Gegensatz zum Laserschnitt Unregelm\u00e4\u00dfigkeiten zul\u00e4sst, ist eigentlich jedes St\u00fcck ein \/\/Unikat\/\/.<\/p>\n<p>Manchmal entstehen auch rustikale Schmuckgegenst\u00e4nde oder Wohndeko-Artikel. Einiges wird aus altem verwittertem Holz aus meinem gro\u00dfen Garten gefertigt, anderes entsteht aus neuem gekauftem Holz.<\/p>\n<p>Einiges wird nach Vorlagen gefertigt, anderes entsteht einfach spontan. Es wird geschliffen, ges\u00e4gt, gefr\u00e4st, ganz wie es die Idee gerade erfordert.<\/p>\n<p>Ein weiteres Thema sind Schriftz\u00fcge, die individuell auf Kundenwunsch gefertigt werden k\u00f6nnen. Die Buchstaben h\u00e4ngen hier, wie bei einem Puzzle mit kleinen Nasen zusammen. <\/p>\n<p>Es gibt viele Ideen, mit denen ich meine Kunden erfreuen m\u00f6chte. Einfach st\u00f6bern! Manches kommt immer wieder, andere Objekte gibt es nur einmal. Anfragen und Kommentare per E-Mail oder Kommentarfunktion sind stets willkommen \u2013 und nat\u00fcrlich freue ich mich sehr \u00fcber jede Bestellung.<\/p>\n\n    <\/section>","protected":false},"excerpt":{"rendered":"","protected":false},"author":1,"featured_media":0,"parent":0,"menu_order":0,"comment_status":"closed","ping_status":"closed","template":"","meta":{"_acf_changed":false,"footnotes":""},"class_list":["post-1042","page","type-page","status-publish","hentry"],"acf":[],"_links":{"self":[{"href":"https:\/\/www.regionalis.shop\/hartis-holzkunst\/wp-json\/wp\/v2\/pages\/1042","targetHints":{"allow":["GET"]}}],"collection":[{"href":"https:\/\/www.regionalis.shop\/hartis-holzkunst\/wp-json\/wp\/v2\/pages"}],"about":[{"href":"https:\/\/www.regionalis.shop\/hartis-holzkunst\/wp-json\/wp\/v2\/types\/page"}],"author":[{"embeddable":true,"href":"https:\/\/www.regionalis.shop\/hartis-holzkunst\/wp-json\/wp\/v2\/users\/1"}],"replies":[{"embeddable":true,"href":"https:\/\/www.regionalis.shop\/hartis-holzkunst\/wp-json\/wp\/v2\/comments?post=1042"}],"version-history":[{"count":2,"href":"https:\/\/www.regionalis.shop\/hartis-holzkunst\/wp-json\/wp\/v2\/pages\/1042\/revisions"}],"predecessor-version":[{"id":1044,"href":"https:\/\/www.regionalis.shop\/hartis-holzkunst\/wp-json\/wp\/v2\/pages\/1042\/revisions\/1044"}],"wp:attachment":[{"href":"https:\/\/www.regionalis.shop\/hartis-holzkunst\/wp-json\/wp\/v2\/media?parent=1042"}],"curies":[{"name":"wp","href":"https:\/\/api.w.org\/{rel}","templated":true}]}}