{"id":1067,"date":"2025-04-17T23:20:32","date_gmt":"2025-04-17T21:20:32","guid":{"rendered":"https:\/\/www.regionalis.shop\/hartis-holzkunst\/product\/tierpuzzle-aus-holz-meerschweinchen\/"},"modified":"2025-04-17T23:20:32","modified_gmt":"2025-04-17T21:20:32","slug":"tierpuzzle-aus-holz-meerschweinchen","status":"publish","type":"product","link":"https:\/\/www.regionalis.shop\/hartis-holzkunst\/shop\/tierpuzzle-aus-holz-meerschweinchen\/","title":{"rendered":"Tierpuzzle aus Holz: Meerschweinchen"},"content":{"rendered":"<p>&#8211;Tierpuzzle aus Holz: Meerschweinchen&#8211;<\/p>\n<p>Lustiges Tierpuzzle. Handgeschnitten auf der Dekupiers\u00e4ge.<br \/>\nMaterial: ca. 1,8 cm starkes Fichtenleimholz.<br \/>\nGr\u00f6\u00dfe: ca. B x H 17,5 cm x 12 cm.<br \/>\nDas Holz des Meerschweinchenpuzzles ist unbehandelt und kann in Bastelprojekten mit Kindern noch gebeizt oder lackiert werden, ganz nach eigenen Vorstellungen. Viele lassen das Holz aber auch ganz nat\u00fcrlich durch den UV-Anteil des Tageslichtes \u201ePatina ansetzen\u201c, also verf\u00e4rben.<br \/>\nDiese dekorative Puzzlefigur ist ein ganz besonderes Geschenk f\u00fcr Gro\u00df und Klein.<br \/>\nDa die Puzzletrennlinien handgezeichnet und handgeschnitten sind, schaut jedes Einzelst\u00fcck geringf\u00fcgig anders aus und wird dadurch zu einem Unikat.<br \/>\nDieses Tierpuzzle ist bereits recht komplex und f\u00f6rdert das r\u00e4umliche Denkverm\u00f6gen und die Fingerfertigkeit bei Kindern, setzt allerdings auch eine gewisse Ruhe und Geduld voraus.<br \/>\nKeinesfalls ist dieses Objekt jedoch f\u00fcr Kleinkinder geeignet, da die Gefahr des Verschluckens besteht.<\/p>\n","protected":false},"excerpt":{"rendered":"<p>&#8211;Tierpuzzle aus Holz: Meerschweinchen&#8211; Lustiges Tierpuzzle. Handgeschnitten auf der Dekupiers\u00e4ge. Material: ca. 1,8 cm starkes Fichtenleimholz. Gr\u00f6\u00dfe: ca. B x H 17,5 cm x 12 cm. Das Holz des Meerschweinchenpuzzles ist unbehandelt und kann in Bastelprojekten mit Kindern noch gebeizt oder lackiert werden, ganz nach eigenen Vorstellungen. Viele lassen das Holz aber auch ganz nat\u00fcrlich &hellip; <a href=\"https:\/\/www.regionalis.shop\/hartis-holzkunst\/shop\/tierpuzzle-aus-holz-meerschweinchen\/\">Continued<\/a><\/p>\n","protected":false},"featured_media":1068,"template":"","meta":{"_acf_changed":false},"product_brand":[],"product_cat":[169,103],"product_tag":[],"class_list":{"0":"post-1067","1":"product","2":"type-product","3":"status-publish","4":"has-post-thumbnail","6":"product_cat-sonstiges-wohnen-deko","7":"product_cat-wohnen-deko","9":"first","10":"instock","11":"purchasable","12":"product-type-simple"},"acf":[],"_links":{"self":[{"href":"https:\/\/www.regionalis.shop\/hartis-holzkunst\/wp-json\/wp\/v2\/product\/1067","targetHints":{"allow":["GET"]}}],"collection":[{"href":"https:\/\/www.regionalis.shop\/hartis-holzkunst\/wp-json\/wp\/v2\/product"}],"about":[{"href":"https:\/\/www.regionalis.shop\/hartis-holzkunst\/wp-json\/wp\/v2\/types\/product"}],"wp:featuredmedia":[{"embeddable":true,"href":"https:\/\/www.regionalis.shop\/hartis-holzkunst\/wp-json\/wp\/v2\/media\/1068"}],"wp:attachment":[{"href":"https:\/\/www.regionalis.shop\/hartis-holzkunst\/wp-json\/wp\/v2\/media?parent=1067"}],"wp:term":[{"taxonomy":"product_brand","embeddable":true,"href":"https:\/\/www.regionalis.shop\/hartis-holzkunst\/wp-json\/wp\/v2\/product_brand?post=1067"},{"taxonomy":"product_cat","embeddable":true,"href":"https:\/\/www.regionalis.shop\/hartis-holzkunst\/wp-json\/wp\/v2\/product_cat?post=1067"},{"taxonomy":"product_tag","embeddable":true,"href":"https:\/\/www.regionalis.shop\/hartis-holzkunst\/wp-json\/wp\/v2\/product_tag?post=1067"}],"curies":[{"name":"wp","href":"https:\/\/api.w.org\/{rel}","templated":true}]}}