{"id":1069,"date":"2025-04-17T23:18:13","date_gmt":"2025-04-17T21:18:13","guid":{"rendered":"https:\/\/www.regionalis.shop\/hartis-holzkunst\/product\/tierfugur-aus-holz-schaeferhund-handarbeit-auf-der-dekupiersaege\/"},"modified":"2025-04-17T23:18:13","modified_gmt":"2025-04-17T21:18:13","slug":"tierfugur-aus-holz-schaeferhund-handarbeit-auf-der-dekupiersaege","status":"publish","type":"product","link":"https:\/\/www.regionalis.shop\/hartis-holzkunst\/shop\/tierfugur-aus-holz-schaeferhund-handarbeit-auf-der-dekupiersaege\/","title":{"rendered":"Tierfugur aus Holz: Sch\u00e4ferhund; Handarbeit auf der Dekupiers\u00e4ge"},"content":{"rendered":"<p>&#8211;Tierfigur: Sch\u00e4ferhund&#8211;<\/p>\n<p>Lustige Tierfigur. Handgeschnitten auf der Dekupiers\u00e4ge.<br \/>\nMaterial: ca. 1,8 cm starkes Fichtenleimholz.<br \/>\nGr\u00f6\u00dfe: ca. B x H 14 cm x 12 cm (inkl. Sockel).<br \/>\nDas Holz der Hundefigur ist unbehandelt und kann in Bastelprojekten mit Kindern noch gebeizt oder lackiert werden, ganz nach eigenen Vorstellungen.<br \/>\nDiese dekorative Tierfigur wird gern als Geschenk f\u00fcr Gro\u00df und Klein genommen und zaubert mehr L\u00e4cheln ins Gesicht als manch teures Geschenk.<\/p>\n","protected":false},"excerpt":{"rendered":"<p>&#8211;Tierfigur: Sch\u00e4ferhund&#8211; Lustige Tierfigur. Handgeschnitten auf der Dekupiers\u00e4ge. Material: ca. 1,8 cm starkes Fichtenleimholz. Gr\u00f6\u00dfe: ca. B x H 14 cm x 12 cm (inkl. Sockel). Das Holz der Hundefigur ist unbehandelt und kann in Bastelprojekten mit Kindern noch gebeizt oder lackiert werden, ganz nach eigenen Vorstellungen. Diese dekorative Tierfigur wird gern als Geschenk f\u00fcr &hellip; <a href=\"https:\/\/www.regionalis.shop\/hartis-holzkunst\/shop\/tierfugur-aus-holz-schaeferhund-handarbeit-auf-der-dekupiersaege\/\">Continued<\/a><\/p>\n","protected":false},"featured_media":1070,"template":"","meta":{"_acf_changed":false},"product_brand":[],"product_cat":[169,103],"product_tag":[],"class_list":{"0":"post-1069","1":"product","2":"type-product","3":"status-publish","4":"has-post-thumbnail","6":"product_cat-sonstiges-wohnen-deko","7":"product_cat-wohnen-deko","9":"first","10":"instock","11":"purchasable","12":"product-type-simple"},"acf":[],"_links":{"self":[{"href":"https:\/\/www.regionalis.shop\/hartis-holzkunst\/wp-json\/wp\/v2\/product\/1069","targetHints":{"allow":["GET"]}}],"collection":[{"href":"https:\/\/www.regionalis.shop\/hartis-holzkunst\/wp-json\/wp\/v2\/product"}],"about":[{"href":"https:\/\/www.regionalis.shop\/hartis-holzkunst\/wp-json\/wp\/v2\/types\/product"}],"wp:featuredmedia":[{"embeddable":true,"href":"https:\/\/www.regionalis.shop\/hartis-holzkunst\/wp-json\/wp\/v2\/media\/1070"}],"wp:attachment":[{"href":"https:\/\/www.regionalis.shop\/hartis-holzkunst\/wp-json\/wp\/v2\/media?parent=1069"}],"wp:term":[{"taxonomy":"product_brand","embeddable":true,"href":"https:\/\/www.regionalis.shop\/hartis-holzkunst\/wp-json\/wp\/v2\/product_brand?post=1069"},{"taxonomy":"product_cat","embeddable":true,"href":"https:\/\/www.regionalis.shop\/hartis-holzkunst\/wp-json\/wp\/v2\/product_cat?post=1069"},{"taxonomy":"product_tag","embeddable":true,"href":"https:\/\/www.regionalis.shop\/hartis-holzkunst\/wp-json\/wp\/v2\/product_tag?post=1069"}],"curies":[{"name":"wp","href":"https:\/\/api.w.org\/{rel}","templated":true}]}}