{"id":1072,"date":"2025-04-17T23:17:26","date_gmt":"2025-04-17T21:17:26","guid":{"rendered":"https:\/\/www.regionalis.shop\/hartis-holzkunst\/product\/tierpuzzle-schaeferhund\/"},"modified":"2025-04-17T23:17:26","modified_gmt":"2025-04-17T21:17:26","slug":"tierpuzzle-schaeferhund","status":"publish","type":"product","link":"https:\/\/www.regionalis.shop\/hartis-holzkunst\/shop\/tierpuzzle-schaeferhund\/","title":{"rendered":"Tierpuzzle: Sch\u00e4ferhund"},"content":{"rendered":"<p>&#8211;Tierpuzzle: Hund \u2013 Sch\u00e4ferhund&#8211;<br \/>\nLustiges Hundepuzzle. Handgeschnitten auf der Dekupiers\u00e4ge.<br \/>\nMaterial: ca. 1,8 cm starkes Fichtenleimholz.<br \/>\nGr\u00f6\u00dfe: ca. B x H 18,5 cm x 15,5 cm (inkl. Sockel).<br \/>\nDas Holz der Hundefigur ist unbehandelt und kann in Bastelprojekten mit Kindern noch gebeizt oder lackiert werden, ganz nach eigenen Vorstellungen. Der Sockel ist f\u00fcr besseren Kontrast schwarz gebeizt und mit mattem Klarlack eingespr\u00fcht.<br \/>\nDiese dekorative Puzzlefigur ist ein ganz besonderes Geschenk f\u00fcr Gro\u00df und Klein.<\/p>\n","protected":false},"excerpt":{"rendered":"<p>&#8211;Tierpuzzle: Hund \u2013 Sch\u00e4ferhund&#8211; Lustiges Hundepuzzle. Handgeschnitten auf der Dekupiers\u00e4ge. Material: ca. 1,8 cm starkes Fichtenleimholz. Gr\u00f6\u00dfe: ca. B x H 18,5 cm x 15,5 cm (inkl. Sockel). Das Holz der Hundefigur ist unbehandelt und kann in Bastelprojekten mit Kindern noch gebeizt oder lackiert werden, ganz nach eigenen Vorstellungen. Der Sockel ist f\u00fcr besseren Kontrast &hellip; <a href=\"https:\/\/www.regionalis.shop\/hartis-holzkunst\/shop\/tierpuzzle-schaeferhund\/\">Continued<\/a><\/p>\n","protected":false},"featured_media":1073,"template":"","meta":{"_acf_changed":false},"product_brand":[],"product_cat":[169,103],"product_tag":[],"class_list":{"0":"post-1072","1":"product","2":"type-product","3":"status-publish","4":"has-post-thumbnail","6":"product_cat-sonstiges-wohnen-deko","7":"product_cat-wohnen-deko","9":"first","10":"instock","11":"purchasable","12":"product-type-simple"},"acf":[],"_links":{"self":[{"href":"https:\/\/www.regionalis.shop\/hartis-holzkunst\/wp-json\/wp\/v2\/product\/1072","targetHints":{"allow":["GET"]}}],"collection":[{"href":"https:\/\/www.regionalis.shop\/hartis-holzkunst\/wp-json\/wp\/v2\/product"}],"about":[{"href":"https:\/\/www.regionalis.shop\/hartis-holzkunst\/wp-json\/wp\/v2\/types\/product"}],"wp:featuredmedia":[{"embeddable":true,"href":"https:\/\/www.regionalis.shop\/hartis-holzkunst\/wp-json\/wp\/v2\/media\/1073"}],"wp:attachment":[{"href":"https:\/\/www.regionalis.shop\/hartis-holzkunst\/wp-json\/wp\/v2\/media?parent=1072"}],"wp:term":[{"taxonomy":"product_brand","embeddable":true,"href":"https:\/\/www.regionalis.shop\/hartis-holzkunst\/wp-json\/wp\/v2\/product_brand?post=1072"},{"taxonomy":"product_cat","embeddable":true,"href":"https:\/\/www.regionalis.shop\/hartis-holzkunst\/wp-json\/wp\/v2\/product_cat?post=1072"},{"taxonomy":"product_tag","embeddable":true,"href":"https:\/\/www.regionalis.shop\/hartis-holzkunst\/wp-json\/wp\/v2\/product_tag?post=1072"}],"curies":[{"name":"wp","href":"https:\/\/api.w.org\/{rel}","templated":true}]}}