{"id":1067,"date":"2025-04-18T04:37:02","date_gmt":"2025-04-18T02:37:02","guid":{"rendered":"https:\/\/www.regionalis.shop\/herzal-at-tanja-bischetsrieder\/product\/taeschchen-m\/"},"modified":"2025-04-18T04:37:02","modified_gmt":"2025-04-18T02:37:02","slug":"taeschchen-m","status":"publish","type":"product","link":"https:\/\/www.regionalis.shop\/herzal-at-tanja-bischetsrieder\/shop\/taeschchen-m\/","title":{"rendered":"T\u00e4schchen M"},"content":{"rendered":"<p>Farben: dunkelblau, wei\u00df, natur, schwarz, pink, hellgrau<\/p>\n<p>Material: 100% Baumwolle<\/p>\n<p>Gr\u00f6\u00dfe: 19 x 18 x 9 cm<\/p>\n<p>Preis: 15,00\u20ac<\/p>\n","protected":false},"excerpt":{"rendered":"<p>Farben: dunkelblau, wei\u00df, natur, schwarz, pink, hellgrau Material: 100% Baumwolle Gr\u00f6\u00dfe: 19 x 18 x 9 cm Preis: 15,00\u20ac<\/p>\n","protected":false},"featured_media":1068,"template":"","meta":{"_acf_changed":false},"product_brand":[],"product_cat":[155,95],"product_tag":[],"class_list":{"0":"post-1067","1":"product","2":"type-product","3":"status-publish","4":"has-post-thumbnail","6":"product_cat-kosmetiktaschen","7":"product_cat-taschen","9":"first","10":"instock","11":"purchasable","12":"product-type-simple"},"acf":[],"_links":{"self":[{"href":"https:\/\/www.regionalis.shop\/herzal-at-tanja-bischetsrieder\/wp-json\/wp\/v2\/product\/1067","targetHints":{"allow":["GET"]}}],"collection":[{"href":"https:\/\/www.regionalis.shop\/herzal-at-tanja-bischetsrieder\/wp-json\/wp\/v2\/product"}],"about":[{"href":"https:\/\/www.regionalis.shop\/herzal-at-tanja-bischetsrieder\/wp-json\/wp\/v2\/types\/product"}],"wp:featuredmedia":[{"embeddable":true,"href":"https:\/\/www.regionalis.shop\/herzal-at-tanja-bischetsrieder\/wp-json\/wp\/v2\/media\/1068"}],"wp:attachment":[{"href":"https:\/\/www.regionalis.shop\/herzal-at-tanja-bischetsrieder\/wp-json\/wp\/v2\/media?parent=1067"}],"wp:term":[{"taxonomy":"product_brand","embeddable":true,"href":"https:\/\/www.regionalis.shop\/herzal-at-tanja-bischetsrieder\/wp-json\/wp\/v2\/product_brand?post=1067"},{"taxonomy":"product_cat","embeddable":true,"href":"https:\/\/www.regionalis.shop\/herzal-at-tanja-bischetsrieder\/wp-json\/wp\/v2\/product_cat?post=1067"},{"taxonomy":"product_tag","embeddable":true,"href":"https:\/\/www.regionalis.shop\/herzal-at-tanja-bischetsrieder\/wp-json\/wp\/v2\/product_tag?post=1067"}],"curies":[{"name":"wp","href":"https:\/\/api.w.org\/{rel}","templated":true}]}}