{"id":1107,"date":"2025-04-28T04:12:41","date_gmt":"2025-04-28T02:12:41","guid":{"rendered":"https:\/\/www.regionalis.shop\/huizbirn\/product\/holz-wanduhr-32x25-cm-holzuhr-walnuss-holzdeko-baumscheibenuhr-handmade\/"},"modified":"2025-04-28T04:12:41","modified_gmt":"2025-04-28T02:12:41","slug":"holz-wanduhr-32x25-cm-holzuhr-walnuss-holzdeko-baumscheibenuhr-handmade","status":"publish","type":"product","link":"https:\/\/www.regionalis.shop\/huizbirn\/shop\/holz-wanduhr-32x25-cm-holzuhr-walnuss-holzdeko-baumscheibenuhr-handmade\/","title":{"rendered":"Holz Wanduhr 32&#215;25 cm Holzuhr Walnuss Holzdeko Baumscheibenuhr handmade"},"content":{"rendered":"<p>Wundersch\u00f6n gemaserte Wand Holzuhr aus Walnussholz.<\/p>\n<p>Durchmesser: 32&#215;25\u00a0cm<br \/>\nOberfl\u00e4che: fein geschliffen &#038; lebensmittelecht ge\u00f6lt<br \/>\nUhrwerk: batteriebetrieben, Quartz<br \/>\nLieferumfang: Wanduhr, Uhrwerk, Zeiger, Zubeh\u00f6r zur Montage<\/p>\n<p>Es handelt sich um ein handgefertigtes Unikat. Gefertigt in \u00d6sterreich mit Holz aus \u00d6sterreich. Das Holz stammt von einer steirischen Walnuss<\/p>\n<p>Wissenswertes:<br \/>\nWalnussb\u00e4ume k\u00f6nnen zwischen 100 und 150 Jahre alt werden. Durch die charakteristischen Bl\u00e4tter und die glatte Rinde sind sie normalerweise leicht von anderen B\u00e4umen zu unterscheiden. Oft werden die wohlschmeckenden N\u00fcsse von Tieren &#8222;verschleppt&#8220; und dadurch wachsen Walnussb\u00e4ume oft &#8222;wild&#8220; an B\u00f6schungen oder Waldr\u00e4ndern.<\/p>\n<p>Walnuss-Holz ist vielseitig einsetzbar und findet unter anderem Verwendung bei M\u00f6beln, dekorativen Furnieren oder Parkett.<\/p>\n<p>PS: Holz ist ein Naturprodukt, leichte Abweichungen in Form, Farbe oder Maserung oder Risse vorbehalten und kein Reklamationsgrund!<\/p>\n<p>Hol dir ein St\u00fcck Natur ins Haus!<\/p>\n","protected":false},"excerpt":{"rendered":"<p>Wundersch\u00f6n gemaserte Wand Holzuhr aus Walnussholz. Durchmesser: 32&#215;25\u00a0cm Oberfl\u00e4che: fein geschliffen &#038; lebensmittelecht ge\u00f6lt Uhrwerk: batteriebetrieben, Quartz Lieferumfang: Wanduhr, Uhrwerk, Zeiger, Zubeh\u00f6r zur Montage Es handelt sich um ein handgefertigtes Unikat. Gefertigt in \u00d6sterreich mit Holz aus \u00d6sterreich. Das Holz stammt von einer steirischen Walnuss Wissenswertes: Walnussb\u00e4ume k\u00f6nnen zwischen 100 und 150 Jahre alt werden. &hellip; <a href=\"https:\/\/www.regionalis.shop\/huizbirn\/shop\/holz-wanduhr-32x25-cm-holzuhr-walnuss-holzdeko-baumscheibenuhr-handmade\/\">Continued<\/a><\/p>\n","protected":false},"featured_media":1108,"template":"","meta":{"_acf_changed":false},"product_brand":[],"product_cat":[174,103],"product_tag":[],"class_list":{"0":"post-1107","1":"product","2":"type-product","3":"status-publish","4":"has-post-thumbnail","6":"product_cat-wohndekoration","7":"product_cat-wohnen-deko","9":"first","10":"instock","11":"purchasable","12":"product-type-simple"},"acf":[],"_links":{"self":[{"href":"https:\/\/www.regionalis.shop\/huizbirn\/wp-json\/wp\/v2\/product\/1107","targetHints":{"allow":["GET"]}}],"collection":[{"href":"https:\/\/www.regionalis.shop\/huizbirn\/wp-json\/wp\/v2\/product"}],"about":[{"href":"https:\/\/www.regionalis.shop\/huizbirn\/wp-json\/wp\/v2\/types\/product"}],"wp:featuredmedia":[{"embeddable":true,"href":"https:\/\/www.regionalis.shop\/huizbirn\/wp-json\/wp\/v2\/media\/1108"}],"wp:attachment":[{"href":"https:\/\/www.regionalis.shop\/huizbirn\/wp-json\/wp\/v2\/media?parent=1107"}],"wp:term":[{"taxonomy":"product_brand","embeddable":true,"href":"https:\/\/www.regionalis.shop\/huizbirn\/wp-json\/wp\/v2\/product_brand?post=1107"},{"taxonomy":"product_cat","embeddable":true,"href":"https:\/\/www.regionalis.shop\/huizbirn\/wp-json\/wp\/v2\/product_cat?post=1107"},{"taxonomy":"product_tag","embeddable":true,"href":"https:\/\/www.regionalis.shop\/huizbirn\/wp-json\/wp\/v2\/product_tag?post=1107"}],"curies":[{"name":"wp","href":"https:\/\/api.w.org\/{rel}","templated":true}]}}