{"id":1201,"date":"2025-04-28T04:06:52","date_gmt":"2025-04-28T02:06:52","guid":{"rendered":"https:\/\/www.regionalis.shop\/huizbirn\/product\/holz-shakepen-kugelschreiber-goldregen-handmade\/"},"modified":"2025-04-28T04:06:52","modified_gmt":"2025-04-28T02:06:52","slug":"holz-shakepen-kugelschreiber-goldregen-handmade","status":"publish","type":"product","link":"https:\/\/www.regionalis.shop\/huizbirn\/shop\/holz-shakepen-kugelschreiber-goldregen-handmade\/","title":{"rendered":"Holz Shakepen Kugelschreiber Goldregen handmade"},"content":{"rendered":"<p>Handgearbeiteter Holzkugelschreiber, handgefertigt aus \u00f6sterreichischem Goldregen-Holz.<br \/>\nEin absolutes Unikat!<\/p>\n<p>Shakepen &#8211; nicht einfach irgendein Kugelschreiber.<\/p>\n<p>Auspacken &#8211; sch\u00fctteln &#8211; schreiben.<br \/>\nWieder sch\u00fctteln um die Mine verschwinden zu lassen. Keine Dreh- oder Klickmechanik. Sondern eine Sch\u00fcttelmechanik. so einfach k\u00f6nnen Schreibger\u00e4te sein =)<\/p>\n<p>Tintenfarbe: schwarz<br \/>\nOberfl\u00e4che: fein geschliffen und ge\u00f6lt, dadurch ist dauerhafter Schutz gew\u00e4hrleistet.<br \/>\nMine problemlos austauschbar<br \/>\nLieferung erfolgt im handgefertigtem Stoff-T\u00e4schchen<br \/>\nL\u00e4nge ca. 13.5 cm, Bausatz Farbe gun metal<\/p>\n<p>Jedes Schreibger\u00e4t ist ein absolutes Unikat und ein ideales Geschenk.<\/p>\n<p>Eine tolle Geschenksidee zum Geburtstag, Weihnachten oder anderen Anlass.<\/p>\n","protected":false},"excerpt":{"rendered":"<p>Handgearbeiteter Holzkugelschreiber, handgefertigt aus \u00f6sterreichischem Goldregen-Holz. Ein absolutes Unikat! Shakepen &#8211; nicht einfach irgendein Kugelschreiber. Auspacken &#8211; sch\u00fctteln &#8211; schreiben. Wieder sch\u00fctteln um die Mine verschwinden zu lassen. Keine Dreh- oder Klickmechanik. Sondern eine Sch\u00fcttelmechanik. so einfach k\u00f6nnen Schreibger\u00e4te sein =) Tintenfarbe: schwarz Oberfl\u00e4che: fein geschliffen und ge\u00f6lt, dadurch ist dauerhafter Schutz gew\u00e4hrleistet. Mine problemlos &hellip; <a href=\"https:\/\/www.regionalis.shop\/huizbirn\/shop\/holz-shakepen-kugelschreiber-goldregen-handmade\/\">Continued<\/a><\/p>\n","protected":false},"featured_media":1202,"template":"","meta":{"_acf_changed":false},"product_brand":[],"product_cat":[62,72],"product_tag":[],"class_list":{"0":"post-1201","1":"product","2":"type-product","3":"status-publish","4":"has-post-thumbnail","6":"product_cat-papeterie-schreibwaren","7":"product_cat-schreibwaren","9":"first","10":"instock","11":"purchasable","12":"product-type-simple"},"acf":[],"_links":{"self":[{"href":"https:\/\/www.regionalis.shop\/huizbirn\/wp-json\/wp\/v2\/product\/1201","targetHints":{"allow":["GET"]}}],"collection":[{"href":"https:\/\/www.regionalis.shop\/huizbirn\/wp-json\/wp\/v2\/product"}],"about":[{"href":"https:\/\/www.regionalis.shop\/huizbirn\/wp-json\/wp\/v2\/types\/product"}],"wp:featuredmedia":[{"embeddable":true,"href":"https:\/\/www.regionalis.shop\/huizbirn\/wp-json\/wp\/v2\/media\/1202"}],"wp:attachment":[{"href":"https:\/\/www.regionalis.shop\/huizbirn\/wp-json\/wp\/v2\/media?parent=1201"}],"wp:term":[{"taxonomy":"product_brand","embeddable":true,"href":"https:\/\/www.regionalis.shop\/huizbirn\/wp-json\/wp\/v2\/product_brand?post=1201"},{"taxonomy":"product_cat","embeddable":true,"href":"https:\/\/www.regionalis.shop\/huizbirn\/wp-json\/wp\/v2\/product_cat?post=1201"},{"taxonomy":"product_tag","embeddable":true,"href":"https:\/\/www.regionalis.shop\/huizbirn\/wp-json\/wp\/v2\/product_tag?post=1201"}],"curies":[{"name":"wp","href":"https:\/\/api.w.org\/{rel}","templated":true}]}}