{"id":1234,"date":"2025-04-28T04:01:44","date_gmt":"2025-04-28T02:01:44","guid":{"rendered":"https:\/\/www.regionalis.shop\/huizbirn\/product\/holzuhr-wanduhr-uhr-25x24-cm-birke-baumscheibe-handmade\/"},"modified":"2025-04-28T04:01:44","modified_gmt":"2025-04-28T02:01:44","slug":"holzuhr-wanduhr-uhr-25x24-cm-birke-baumscheibe-handmade","status":"publish","type":"product","link":"https:\/\/www.regionalis.shop\/huizbirn\/shop\/holzuhr-wanduhr-uhr-25x24-cm-birke-baumscheibe-handmade\/","title":{"rendered":"Holzuhr Wanduhr Uhr 25&#215;24 cm Birke Baumscheibe handmade"},"content":{"rendered":"<p>Eine Wanduhr aus wundersch\u00f6nem steirischen Birken-Holz. Die Maserung, Rinde und Farbe ist sind einzigartig und dennoch typisch f\u00fcr die Birke. Dekorativ nat\u00fcrlich die Rinde in schwarz-wei\u00df, so wie sie jeder kennt. Nat\u00fcrlich gewachsen, aus 1 St\u00fcck.<\/p>\n<p>Diese Uhr passt in jeden Raum und bringt leben ins Eigenheim!<\/p>\n<p>Birken-Holz wird beispielsweise f\u00fcr hochpreisige Edelfurniere verarbeitet (Maserbirke). Birken-Holz wird ansonsten oft f\u00fcr Sperrholz, sch\u00f6n helle Parkettb\u00f6den oder zum Schnitzen oder Drechseln verwendet. Birkenholz ist mittelhart und l\u00e4sst sich gut einf\u00e4rben.<\/p>\n<p>Es handelt sich hier um ein handgefertigtes Unikat, Made in Austria. Das Holz selbst stammt von einer echten, steirischen Birke.<\/p>\n<p>Ma\u00dfe: ca. 25 x 24 cm, St\u00e4rke: ca. 5 cm<br \/>\nOberfl\u00e4che: geschliffen &#038; lebensmittelecht ge\u00f6lt<br \/>\nUhrwerk: hochwertiges Quartz-Uhrwerk, an der R\u00fcckseite eingefr\u00e4st<\/p>\n<p>Lieferumfang: 1 x Wanduhr, Uhrwerk inkl. Zubeh\u00f6r und Zeiger (ohne Batterien), Befestigungshaken inkl. 2 Schrauben zur Montage des Hakens an der Uhr.<\/p>\n<p>Hol dir ein St\u00fcck Natur ins Haus!<\/p>\n<p>Eine tolle Geschenksidee zum Geburtstag, Weihnachten oder anderen Anlass.<\/p>\n<p>PS: Holz ist ein Naturprodukt, leichte Abweichungen in Form, Farbe oder Maserung oder Risse vorbehalten und kein Reklamationsgrund!<\/p>\n","protected":false},"excerpt":{"rendered":"<p>Eine Wanduhr aus wundersch\u00f6nem steirischen Birken-Holz. Die Maserung, Rinde und Farbe ist sind einzigartig und dennoch typisch f\u00fcr die Birke. Dekorativ nat\u00fcrlich die Rinde in schwarz-wei\u00df, so wie sie jeder kennt. Nat\u00fcrlich gewachsen, aus 1 St\u00fcck. Diese Uhr passt in jeden Raum und bringt leben ins Eigenheim! Birken-Holz wird beispielsweise f\u00fcr hochpreisige Edelfurniere verarbeitet (Maserbirke). &hellip; <a href=\"https:\/\/www.regionalis.shop\/huizbirn\/shop\/holzuhr-wanduhr-uhr-25x24-cm-birke-baumscheibe-handmade\/\">Continued<\/a><\/p>\n","protected":false},"featured_media":1235,"template":"","meta":{"_acf_changed":false},"product_brand":[],"product_cat":[174,103],"product_tag":[],"class_list":{"0":"post-1234","1":"product","2":"type-product","3":"status-publish","4":"has-post-thumbnail","6":"product_cat-wohndekoration","7":"product_cat-wohnen-deko","9":"first","10":"instock","11":"purchasable","12":"product-type-simple"},"acf":[],"_links":{"self":[{"href":"https:\/\/www.regionalis.shop\/huizbirn\/wp-json\/wp\/v2\/product\/1234","targetHints":{"allow":["GET"]}}],"collection":[{"href":"https:\/\/www.regionalis.shop\/huizbirn\/wp-json\/wp\/v2\/product"}],"about":[{"href":"https:\/\/www.regionalis.shop\/huizbirn\/wp-json\/wp\/v2\/types\/product"}],"wp:featuredmedia":[{"embeddable":true,"href":"https:\/\/www.regionalis.shop\/huizbirn\/wp-json\/wp\/v2\/media\/1235"}],"wp:attachment":[{"href":"https:\/\/www.regionalis.shop\/huizbirn\/wp-json\/wp\/v2\/media?parent=1234"}],"wp:term":[{"taxonomy":"product_brand","embeddable":true,"href":"https:\/\/www.regionalis.shop\/huizbirn\/wp-json\/wp\/v2\/product_brand?post=1234"},{"taxonomy":"product_cat","embeddable":true,"href":"https:\/\/www.regionalis.shop\/huizbirn\/wp-json\/wp\/v2\/product_cat?post=1234"},{"taxonomy":"product_tag","embeddable":true,"href":"https:\/\/www.regionalis.shop\/huizbirn\/wp-json\/wp\/v2\/product_tag?post=1234"}],"curies":[{"name":"wp","href":"https:\/\/api.w.org\/{rel}","templated":true}]}}