{"id":1247,"date":"2025-04-28T04:01:44","date_gmt":"2025-04-28T02:01:44","guid":{"rendered":"https:\/\/www.regionalis.shop\/huizbirn\/product\/holz-baeumchen-christbaum-15-cm-weihnachtsbaum\/"},"modified":"2025-04-28T04:01:44","modified_gmt":"2025-04-28T02:01:44","slug":"holz-baeumchen-christbaum-15-cm-weihnachtsbaum","status":"publish","type":"product","link":"https:\/\/www.regionalis.shop\/huizbirn\/shop\/holz-baeumchen-christbaum-15-cm-weihnachtsbaum\/","title":{"rendered":"Holz B\u00e4umchen Christbaum 15 cm Weihnachtsbaum"},"content":{"rendered":"<p>Kleines Weihnachtsb\u00e4umchen aus echtem Holz.<\/p>\n<p>Wundersch\u00f6n unbehandeltes echtes Holz aus \u00d6sterreich.<\/p>\n<p>Ein netter Eyecatcher f\u00fcr die Weihnachtszeit.<\/p>\n<p>H\u00f6he: 15 cm, 100 % Handarbeit<\/p>\n","protected":false},"excerpt":{"rendered":"<p>Kleines Weihnachtsb\u00e4umchen aus echtem Holz. Wundersch\u00f6n unbehandeltes echtes Holz aus \u00d6sterreich. Ein netter Eyecatcher f\u00fcr die Weihnachtszeit. H\u00f6he: 15 cm, 100 % Handarbeit<\/p>\n","protected":false},"featured_media":1248,"template":"","meta":{"_acf_changed":false},"product_brand":[],"product_cat":[173,103],"product_tag":[],"class_list":{"0":"post-1247","1":"product","2":"type-product","3":"status-publish","4":"has-post-thumbnail","6":"product_cat-weihnachten","7":"product_cat-wohnen-deko","9":"first","10":"instock","11":"purchasable","12":"product-type-simple"},"acf":[],"_links":{"self":[{"href":"https:\/\/www.regionalis.shop\/huizbirn\/wp-json\/wp\/v2\/product\/1247","targetHints":{"allow":["GET"]}}],"collection":[{"href":"https:\/\/www.regionalis.shop\/huizbirn\/wp-json\/wp\/v2\/product"}],"about":[{"href":"https:\/\/www.regionalis.shop\/huizbirn\/wp-json\/wp\/v2\/types\/product"}],"wp:featuredmedia":[{"embeddable":true,"href":"https:\/\/www.regionalis.shop\/huizbirn\/wp-json\/wp\/v2\/media\/1248"}],"wp:attachment":[{"href":"https:\/\/www.regionalis.shop\/huizbirn\/wp-json\/wp\/v2\/media?parent=1247"}],"wp:term":[{"taxonomy":"product_brand","embeddable":true,"href":"https:\/\/www.regionalis.shop\/huizbirn\/wp-json\/wp\/v2\/product_brand?post=1247"},{"taxonomy":"product_cat","embeddable":true,"href":"https:\/\/www.regionalis.shop\/huizbirn\/wp-json\/wp\/v2\/product_cat?post=1247"},{"taxonomy":"product_tag","embeddable":true,"href":"https:\/\/www.regionalis.shop\/huizbirn\/wp-json\/wp\/v2\/product_tag?post=1247"}],"curies":[{"name":"wp","href":"https:\/\/api.w.org\/{rel}","templated":true}]}}