{"id":1290,"date":"2025-04-28T03:56:41","date_gmt":"2025-04-28T01:56:41","guid":{"rendered":"https:\/\/www.regionalis.shop\/huizbirn\/product\/holz-wanduhr-26x22-5-cm-birne-baumscheibenuhr-unikat-geschenk\/"},"modified":"2025-04-28T03:56:41","modified_gmt":"2025-04-28T01:56:41","slug":"holz-wanduhr-26x22-5-cm-birne-baumscheibenuhr-unikat-geschenk","status":"publish","type":"product","link":"https:\/\/www.regionalis.shop\/huizbirn\/shop\/holz-wanduhr-26x22-5-cm-birne-baumscheibenuhr-unikat-geschenk\/","title":{"rendered":"Holz Wanduhr 26&#215;22.5 cm Birne Baumscheibenuhr Unikat Geschenk"},"content":{"rendered":"<p>Eine Wanduhr aus angenehm warmen orange\/beige\/braunen Farbt\u00f6nen, gefertigt aus einem steirischen Birnbaum. <\/p>\n<p>Mit Ihrem freundlichen Erscheinen der Ruhepol in Ihrem Eigenheim &#8211; Birnen sind wie andere Obstgeh\u00f6lze eher kurzlebig, was aber nicht bedeutet, dass sie eine beeindruckende Gestalt und durchaus mehrere hundert Jahre alt werden k\u00f6nnen. Au\u00dferdem z\u00e4hlt der Birnbaum zu den \u00e4ltesten europ\u00e4ischen Kulturpflanzen \u00fcberhaupt.<\/p>\n<p>Sie passt mit ihrem wundersch\u00f6nem Design in jeden Raum, egal wie dieser eingerichtet ist &#8211; zeitlos und einzigartig.<\/p>\n<p>Birnen-Holz wird haupts\u00e4chlich im Innenausbau bzw. f\u00fcr M\u00f6bel oder Fl\u00f6ten eingesetzt. Das Holz ist hart, aber gut drechsel- oder schnitzbar.<br \/>\nEs handelt sich hier um ein handgefertigtes Unikat, Made in Austria.<\/p>\n<p>Ma\u00dfe: 26 x 22,5 cm<br \/>\nOberfl\u00e4che: fein geschliffen &#038; lebensmittelecht ge\u00f6lt<br \/>\nUhrwerk: hochwertiges Quartzuhrwerk<br \/>\nLieferumfang: Baumscheibe, Quartzuhrwerk mit Zeiger, Wandhaken<\/p>\n<p>PS: Holz ist ein Naturprodukt, leichte Abweichungen in Form, Farbe oder Maserung oder Risse vorbehalten und kein Reklamationsgrund!<\/p>\n<p>Eine tolle Geschenksidee zum Geburtstag, Weihnachten oder anderen Anlass.<\/p>\n","protected":false},"excerpt":{"rendered":"<p>Eine Wanduhr aus angenehm warmen orange\/beige\/braunen Farbt\u00f6nen, gefertigt aus einem steirischen Birnbaum. Mit Ihrem freundlichen Erscheinen der Ruhepol in Ihrem Eigenheim &#8211; Birnen sind wie andere Obstgeh\u00f6lze eher kurzlebig, was aber nicht bedeutet, dass sie eine beeindruckende Gestalt und durchaus mehrere hundert Jahre alt werden k\u00f6nnen. Au\u00dferdem z\u00e4hlt der Birnbaum zu den \u00e4ltesten europ\u00e4ischen Kulturpflanzen &hellip; <a href=\"https:\/\/www.regionalis.shop\/huizbirn\/shop\/holz-wanduhr-26x22-5-cm-birne-baumscheibenuhr-unikat-geschenk\/\">Continued<\/a><\/p>\n","protected":false},"featured_media":1291,"template":"","meta":{"_acf_changed":false},"product_brand":[],"product_cat":[174,103],"product_tag":[],"class_list":{"0":"post-1290","1":"product","2":"type-product","3":"status-publish","4":"has-post-thumbnail","6":"product_cat-wohndekoration","7":"product_cat-wohnen-deko","9":"first","10":"instock","11":"purchasable","12":"product-type-simple"},"acf":[],"_links":{"self":[{"href":"https:\/\/www.regionalis.shop\/huizbirn\/wp-json\/wp\/v2\/product\/1290","targetHints":{"allow":["GET"]}}],"collection":[{"href":"https:\/\/www.regionalis.shop\/huizbirn\/wp-json\/wp\/v2\/product"}],"about":[{"href":"https:\/\/www.regionalis.shop\/huizbirn\/wp-json\/wp\/v2\/types\/product"}],"wp:featuredmedia":[{"embeddable":true,"href":"https:\/\/www.regionalis.shop\/huizbirn\/wp-json\/wp\/v2\/media\/1291"}],"wp:attachment":[{"href":"https:\/\/www.regionalis.shop\/huizbirn\/wp-json\/wp\/v2\/media?parent=1290"}],"wp:term":[{"taxonomy":"product_brand","embeddable":true,"href":"https:\/\/www.regionalis.shop\/huizbirn\/wp-json\/wp\/v2\/product_brand?post=1290"},{"taxonomy":"product_cat","embeddable":true,"href":"https:\/\/www.regionalis.shop\/huizbirn\/wp-json\/wp\/v2\/product_cat?post=1290"},{"taxonomy":"product_tag","embeddable":true,"href":"https:\/\/www.regionalis.shop\/huizbirn\/wp-json\/wp\/v2\/product_tag?post=1290"}],"curies":[{"name":"wp","href":"https:\/\/api.w.org\/{rel}","templated":true}]}}