{"id":1396,"date":"2025-04-28T03:50:17","date_gmt":"2025-04-28T01:50:17","guid":{"rendered":"https:\/\/www.regionalis.shop\/huizbirn\/product\/holz-kugelschreiber-zwetschke-drehkugelschreiber-stift-geschenk-unikat-handmade\/"},"modified":"2025-04-28T03:50:17","modified_gmt":"2025-04-28T01:50:17","slug":"holz-kugelschreiber-zwetschke-drehkugelschreiber-stift-geschenk-unikat-handmade","status":"publish","type":"product","link":"https:\/\/www.regionalis.shop\/huizbirn\/shop\/holz-kugelschreiber-zwetschke-drehkugelschreiber-stift-geschenk-unikat-handmade\/","title":{"rendered":"Holz Kugelschreiber Zwetschke Drehkugelschreiber Stift Geschenk Unikat handmade"},"content":{"rendered":"<p>&#8211;Einzigartiges Schreibger\u00e4t&#8211; oder Geschenk gesucht?<\/p>\n<p>Dann sind Sie mit diesem perfekten &#8211;Kugelschreiber&#8211;  gut beraten. F\u00fcr alle, die Wert auf Qualit\u00e4t und Nachhaltigkeit legen! Dieser handgefertigter Drehkugelschreiber aus Zwetschkenholz ist ein einzigartiger Schreibger\u00e4t, das jeden begeistert.<\/p>\n<p>Dank seiner &#8211;erstklassigen Verarbeitung aus nat\u00fcrlichem Zwetschkenholz&#8211; f\u00fchlt sich der Stift angenehm in der Hand an und verleiht Ihren Notizen und Ideen eine besondere Note. <\/p>\n<p>Ob im B\u00fcro oder unterwegs, der Kugelschreiber ist der ideale Begleiter f\u00fcr alle, die Wert auf eine &#8211;nachhaltige Alternative&#8211; zu herk\u00f6mmlichen Schreibger\u00e4ten legen. <\/p>\n<p>Der Kugelschreiber wurde von Hand aus \u00f6sterreichischem Walnuss Holz gefertigt.<\/p>\n<p>Ein absolutes Unikat und mit traumhafter Maserung! <\/p>\n<p>&#8211; hochwertiger Bausatz mit &#8211;kinderleichter Dreh-Mechanik&#8211;<br \/>\n&#8211; &#8211;wechselbare Mine&#8211;<br \/>\n&#8211; Schriftfarbe schwarz<br \/>\n&#8211; L\u00e4nge ca. 13.5 cm, Bausatz Farbe chrom<br \/>\n&#8211; Lieferung erfolgt im handgefertigtem Stoff-T\u00e4schchen<\/p>\n<p>Die Oberfl\u00e4che des Holzes wurde fein geschliffen, ge\u00f6lt &#038; versiegelt sowie poliert. Dadurch ist &#8211;dauerhafter Schutz&#8211; gew\u00e4hrleistet.<\/p>\n<p>Jedes Schreibger\u00e4t ist ein absolutes Unikat und ein ideales Geschenk.<\/p>\n<p>Eine tolle Geschenksidee zum Geburtstag, Weihnachten oder anderen Anlass.<\/p>\n","protected":false},"excerpt":{"rendered":"<p>&#8211;Einzigartiges Schreibger\u00e4t&#8211; oder Geschenk gesucht? Dann sind Sie mit diesem perfekten &#8211;Kugelschreiber&#8211; gut beraten. F\u00fcr alle, die Wert auf Qualit\u00e4t und Nachhaltigkeit legen! Dieser handgefertigter Drehkugelschreiber aus Zwetschkenholz ist ein einzigartiger Schreibger\u00e4t, das jeden begeistert. Dank seiner &#8211;erstklassigen Verarbeitung aus nat\u00fcrlichem Zwetschkenholz&#8211; f\u00fchlt sich der Stift angenehm in der Hand an und verleiht Ihren Notizen &hellip; <a href=\"https:\/\/www.regionalis.shop\/huizbirn\/shop\/holz-kugelschreiber-zwetschke-drehkugelschreiber-stift-geschenk-unikat-handmade\/\">Continued<\/a><\/p>\n","protected":false},"featured_media":1397,"template":"","meta":{"_acf_changed":false},"product_brand":[],"product_cat":[161,62],"product_tag":[],"class_list":{"0":"post-1396","1":"product","2":"type-product","3":"status-publish","4":"has-post-thumbnail","6":"product_cat-notizhefte-skizzenbuecher","7":"product_cat-papeterie-schreibwaren","9":"first","10":"instock","11":"purchasable","12":"product-type-simple"},"acf":[],"_links":{"self":[{"href":"https:\/\/www.regionalis.shop\/huizbirn\/wp-json\/wp\/v2\/product\/1396","targetHints":{"allow":["GET"]}}],"collection":[{"href":"https:\/\/www.regionalis.shop\/huizbirn\/wp-json\/wp\/v2\/product"}],"about":[{"href":"https:\/\/www.regionalis.shop\/huizbirn\/wp-json\/wp\/v2\/types\/product"}],"wp:featuredmedia":[{"embeddable":true,"href":"https:\/\/www.regionalis.shop\/huizbirn\/wp-json\/wp\/v2\/media\/1397"}],"wp:attachment":[{"href":"https:\/\/www.regionalis.shop\/huizbirn\/wp-json\/wp\/v2\/media?parent=1396"}],"wp:term":[{"taxonomy":"product_brand","embeddable":true,"href":"https:\/\/www.regionalis.shop\/huizbirn\/wp-json\/wp\/v2\/product_brand?post=1396"},{"taxonomy":"product_cat","embeddable":true,"href":"https:\/\/www.regionalis.shop\/huizbirn\/wp-json\/wp\/v2\/product_cat?post=1396"},{"taxonomy":"product_tag","embeddable":true,"href":"https:\/\/www.regionalis.shop\/huizbirn\/wp-json\/wp\/v2\/product_tag?post=1396"}],"curies":[{"name":"wp","href":"https:\/\/api.w.org\/{rel}","templated":true}]}}