{"id":1604,"date":"2025-04-28T03:36:25","date_gmt":"2025-04-28T01:36:25","guid":{"rendered":"https:\/\/www.regionalis.shop\/huizbirn\/product\/holz-fuellfeder-fueller-aus-holz-schraubkappe-handarbeit-geschenk-unikat\/"},"modified":"2025-04-28T03:36:25","modified_gmt":"2025-04-28T01:36:25","slug":"holz-fuellfeder-fueller-aus-holz-schraubkappe-handarbeit-geschenk-unikat","status":"publish","type":"product","link":"https:\/\/www.regionalis.shop\/huizbirn\/shop\/holz-fuellfeder-fueller-aus-holz-schraubkappe-handarbeit-geschenk-unikat\/","title":{"rendered":"Holz F\u00fcllfeder F\u00fcller aus Holz Schraubkappe Handarbeit Geschenk Unikat"},"content":{"rendered":"<p>Handgearbeitete F\u00fcllfeder mit Schraubkappe, handgefertigt aus \u00f6sterreichischem Zwetschken-Holz.<\/p>\n<p>Ein absolutes Unikat!<\/p>\n<p>Holzart: traumhaft gemasertes Zwetschkenholz aus dem steirischen Wechselland<br \/>\nVerschluss: Schraubkappe<br \/>\nBausatzfarbe: silber antik metallic<br \/>\nOberfl\u00e4che: fein geschliffen, ge\u00f6lt und lebensmittelecht dauerhaft versiegelt<br \/>\nLieferung erfolgt im handgefertigtem Stoff-T\u00e4schchen<\/p>\n<p>Jedes Schreibger\u00e4t ist ein absolutes Unikat und ein ideales Geschenk.<\/p>\n<p>Eine tolle Geschenksidee zum Geburtstag, Weihnachten oder anderen Anlass.<\/p>\n","protected":false},"excerpt":{"rendered":"<p>Handgearbeitete F\u00fcllfeder mit Schraubkappe, handgefertigt aus \u00f6sterreichischem Zwetschken-Holz. Ein absolutes Unikat! Holzart: traumhaft gemasertes Zwetschkenholz aus dem steirischen Wechselland Verschluss: Schraubkappe Bausatzfarbe: silber antik metallic Oberfl\u00e4che: fein geschliffen, ge\u00f6lt und lebensmittelecht dauerhaft versiegelt Lieferung erfolgt im handgefertigtem Stoff-T\u00e4schchen Jedes Schreibger\u00e4t ist ein absolutes Unikat und ein ideales Geschenk. Eine tolle Geschenksidee zum Geburtstag, Weihnachten oder &hellip; <a href=\"https:\/\/www.regionalis.shop\/huizbirn\/shop\/holz-fuellfeder-fueller-aus-holz-schraubkappe-handarbeit-geschenk-unikat\/\">Continued<\/a><\/p>\n","protected":false},"featured_media":1605,"template":"","meta":{"_acf_changed":false},"product_brand":[],"product_cat":[62,72],"product_tag":[],"class_list":{"0":"post-1604","1":"product","2":"type-product","3":"status-publish","4":"has-post-thumbnail","6":"product_cat-papeterie-schreibwaren","7":"product_cat-schreibwaren","9":"first","10":"instock","11":"purchasable","12":"product-type-simple"},"acf":[],"_links":{"self":[{"href":"https:\/\/www.regionalis.shop\/huizbirn\/wp-json\/wp\/v2\/product\/1604","targetHints":{"allow":["GET"]}}],"collection":[{"href":"https:\/\/www.regionalis.shop\/huizbirn\/wp-json\/wp\/v2\/product"}],"about":[{"href":"https:\/\/www.regionalis.shop\/huizbirn\/wp-json\/wp\/v2\/types\/product"}],"wp:featuredmedia":[{"embeddable":true,"href":"https:\/\/www.regionalis.shop\/huizbirn\/wp-json\/wp\/v2\/media\/1605"}],"wp:attachment":[{"href":"https:\/\/www.regionalis.shop\/huizbirn\/wp-json\/wp\/v2\/media?parent=1604"}],"wp:term":[{"taxonomy":"product_brand","embeddable":true,"href":"https:\/\/www.regionalis.shop\/huizbirn\/wp-json\/wp\/v2\/product_brand?post=1604"},{"taxonomy":"product_cat","embeddable":true,"href":"https:\/\/www.regionalis.shop\/huizbirn\/wp-json\/wp\/v2\/product_cat?post=1604"},{"taxonomy":"product_tag","embeddable":true,"href":"https:\/\/www.regionalis.shop\/huizbirn\/wp-json\/wp\/v2\/product_tag?post=1604"}],"curies":[{"name":"wp","href":"https:\/\/api.w.org\/{rel}","templated":true}]}}